{"id":1687,"date":"2014-07-01T16:01:05","date_gmt":"2014-07-01T16:01:05","guid":{"rendered":"https:\/\/atmintiesvietos.azuolynobiblioteka.lt\/projets\/the-bohemia-of-laisves-aleja-young-researchers-in-urban-studies-of-memory\/"},"modified":"2026-08-21T06:28:08","modified_gmt":"2026-08-21T06:28:08","slug":"the-bohemia-of-laisves-aleja-young-researchers-in-urban-studies-of-memory","status":"publish","type":"projets","link":"https:\/\/atmintiesvietos.azuolynobiblioteka.lt\/en\/projets\/the-bohemia-of-laisves-aleja-young-researchers-in-urban-studies-of-memory\/","title":{"rendered":"The Bohemia of Laisv\u0117s Al\u0117ja: Young Researchers in Urban Studies of Memory"},"content":{"rendered":"<p>It is a cooperative project between young (students from different areas) and experienced researchers initiated by the Gallery \u201c101\u201d and dedicated to the research of urban memory. The project took place from October to December of 2013 and analyzed memory places related to the bohemian lifestyle in Laisv\u0117s Al\u0117ja (Laisv\u0117s Ave). The following dimensions were important for the project: collaboration (of students, researchers and experts), development of practical skills of young researchers, application of theoretical knowledge and dissemination of research.<\/p>\n<p>This project is a scientific extension of an artistic memory project carried out in 2011 (organized by VMU Art Gallery \u201c101\u201d, curator Dr. Daiva Citvarien\u0117) in the spaces of Laisv\u0117s Al\u0117ja called \u201cAtminties sparnai\u201d (The Wings of Memory), during which VMU students of new media arts collaborated with professional artists and created art projects about the historic memory of Laisv\u0117s Al\u0117ja.<\/p>\n<p>The aim of the project is to encourage scientific engagement of young researchers and set conditions for a creative application of scientific knowledge in practical research.<\/p>\n<p>Projects by young researchers:<\/p>\n<p><em>Memory Archive<\/em><\/p>\n<p>It includes collection and publication of memories, accounts, archival, photographic and other historical material and artifacts in the <a href=\"https:\/\/projectaleja.wordpress.com\/\" target=\"_blank\" rel=\"noopener\">blog<\/a> of the project. The young researchers collected stories of city residents (bohemians, historians, etc.) about the artist communities in Kaunas, bohemians and caf\u00e9 culture in the past and today.<\/p>\n<p><em>A Tour around the Bohemian Laisv\u0117s Al\u0117ja<\/em><\/p>\n<p><a href=\"https:\/\/issuu.com\/anaci3\/docs\/bohemos-gidas?utm_source=conversion_success&amp;utm_campaign=Transactional&amp;utm_medium=email\" target=\"_blank\" rel=\"noopener\">The catalogue<\/a> \/ tour guide features material collected about the most important bohemian memory places in Laisv\u0117s Al\u0117ja. The publication here includes not only a historical survey, but also personal memories and stories collected during the research study.<\/p>\n<p><em>The tour \u201cThe Bohemia of Laisv\u0117s Al\u0117ja\u201d<\/em><\/p>\n<p>A public tour around the bohemian places of Laisv\u0117s Al\u0117ja was organised and based on the data collected for this catalogue. The tour allowed reconstructing the cultural processes of the past, describe the change of city&#8217;s identity throughout different stages of its life and reflect on the relevant connection with current features of city&#8217;s cultural identity.<\/p>\n","protected":false},"excerpt":{"rendered":"<p>It is a cooperative project between young (students from different areas) and experienced researchers initiated by the Gallery \u201c101\u201d and dedicated to the research of urban memory. The project took place from October to December of 2013 and analyzed memory places related to the bohemian lifestyle in Laisv\u0117s Al\u0117ja (Laisv\u0117s Ave). The following dimensions were [&hellip;]<\/p>\n","protected":false},"featured_media":2444,"template":"","meta":{"_acf_changed":false,"footnotes":""},"global_cat":[],"projets_cat":[92,90],"class_list":["post-1687","projets","type-projets","status-publish","has-post-thumbnail","hentry","projets_cat-research-projects","projets_cat-tiriamieji-projektai"],"acf":[],"yoast_head":"<!-- This site is optimized with the Yoast SEO plugin v28.4 - https:\/\/yoast.com\/product\/yoast-seo-wordpress\/ -->\n<title>The Bohemia of Laisv\u0117s Al\u0117ja: Young Researchers in Urban Studies of Memory - atmintiesvietos<\/title>\n<meta name=\"robots\" content=\"noindex, follow, max-snippet:-1, max-image-preview:large, max-video-preview:-1\" \/>\n<meta property=\"og:locale\" content=\"en_US\" \/>\n<meta property=\"og:type\" content=\"article\" \/>\n<meta property=\"og:title\" content=\"The Bohemia of Laisv\u0117s Al\u0117ja: Young Researchers in Urban Studies of Memory - atmintiesvietos\" \/>\n<meta property=\"og:description\" content=\"It is a cooperative project between young (students from different areas) and experienced researchers initiated by the Gallery \u201c101\u201d and dedicated to the research of urban memory. The project took place from October to December of 2013 and analyzed memory places related to the bohemian lifestyle in Laisv\u0117s Al\u0117ja (Laisv\u0117s Ave). The following dimensions were [&hellip;]\" \/>\n<meta property=\"og:url\" content=\"https:\/\/atmintiesvietos.azuolynobiblioteka.lt\/en\/projets\/the-bohemia-of-laisves-aleja-young-researchers-in-urban-studies-of-memory\/\" \/>\n<meta property=\"og:site_name\" content=\"atmintiesvietos\" \/>\n<meta property=\"article:modified_time\" content=\"2026-08-21T06:28:08+00:00\" \/>\n<meta property=\"og:image\" content=\"https:\/\/atmintiesvietos.azuolynobiblioteka.lt\/wp-content\/uploads\/2014\/07\/AV-pristatymas.jpg\" \/>\n\t<meta property=\"og:image:width\" content=\"1200\" \/>\n\t<meta property=\"og:image:height\" content=\"800\" \/>\n\t<meta property=\"og:image:type\" content=\"image\/jpeg\" \/>\n<meta name=\"twitter:card\" content=\"summary_large_image\" \/>\n<meta name=\"twitter:label1\" content=\"Est. reading time\" \/>\n\t<meta name=\"twitter:data1\" content=\"2 minutes\" \/>\n<script type=\"application\/ld+json\" class=\"yoast-schema-graph\">{\"@context\":\"https:\\\/\\\/schema.org\",\"@graph\":[{\"@type\":\"WebPage\",\"@id\":\"https:\\\/\\\/atmintiesvietos.azuolynobiblioteka.lt\\\/en\\\/projets\\\/the-bohemia-of-laisves-aleja-young-researchers-in-urban-studies-of-memory\\\/\",\"url\":\"https:\\\/\\\/atmintiesvietos.azuolynobiblioteka.lt\\\/en\\\/projets\\\/the-bohemia-of-laisves-aleja-young-researchers-in-urban-studies-of-memory\\\/\",\"name\":\"The Bohemia of Laisv\u0117s Al\u0117ja: Young Researchers in Urban Studies of Memory - atmintiesvietos\",\"isPartOf\":{\"@id\":\"https:\\\/\\\/atmintiesvietos.azuolynobiblioteka.lt\\\/en\\\/#website\"},\"primaryImageOfPage\":{\"@id\":\"https:\\\/\\\/atmintiesvietos.azuolynobiblioteka.lt\\\/en\\\/projets\\\/the-bohemia-of-laisves-aleja-young-researchers-in-urban-studies-of-memory\\\/#primaryimage\"},\"image\":{\"@id\":\"https:\\\/\\\/atmintiesvietos.azuolynobiblioteka.lt\\\/en\\\/projets\\\/the-bohemia-of-laisves-aleja-young-researchers-in-urban-studies-of-memory\\\/#primaryimage\"},\"thumbnailUrl\":\"https:\\\/\\\/atmintiesvietos.azuolynobiblioteka.lt\\\/wp-content\\\/uploads\\\/2014\\\/07\\\/AV-pristatymas.jpg\",\"datePublished\":\"2014-07-01T16:01:05+00:00\",\"dateModified\":\"2026-08-21T06:28:08+00:00\",\"breadcrumb\":{\"@id\":\"https:\\\/\\\/atmintiesvietos.azuolynobiblioteka.lt\\\/en\\\/projets\\\/the-bohemia-of-laisves-aleja-young-researchers-in-urban-studies-of-memory\\\/#breadcrumb\"},\"inLanguage\":\"en-US\",\"potentialAction\":[{\"@type\":\"ReadAction\",\"target\":[\"https:\\\/\\\/atmintiesvietos.azuolynobiblioteka.lt\\\/en\\\/projets\\\/the-bohemia-of-laisves-aleja-young-researchers-in-urban-studies-of-memory\\\/\"]}]},{\"@type\":\"ImageObject\",\"inLanguage\":\"en-US\",\"@id\":\"https:\\\/\\\/atmintiesvietos.azuolynobiblioteka.lt\\\/en\\\/projets\\\/the-bohemia-of-laisves-aleja-young-researchers-in-urban-studies-of-memory\\\/#primaryimage\",\"url\":\"https:\\\/\\\/atmintiesvietos.azuolynobiblioteka.lt\\\/wp-content\\\/uploads\\\/2014\\\/07\\\/AV-pristatymas.jpg\",\"contentUrl\":\"https:\\\/\\\/atmintiesvietos.azuolynobiblioteka.lt\\\/wp-content\\\/uploads\\\/2014\\\/07\\\/AV-pristatymas.jpg\",\"width\":1200,\"height\":800,\"caption\":\"Second tour of the bohemian Laisv\u0117s Alley, September 19, 2014. Photo by Remio \u0160\u010derbauskas.\"},{\"@type\":\"BreadcrumbList\",\"@id\":\"https:\\\/\\\/atmintiesvietos.azuolynobiblioteka.lt\\\/en\\\/projets\\\/the-bohemia-of-laisves-aleja-young-researchers-in-urban-studies-of-memory\\\/#breadcrumb\",\"itemListElement\":[{\"@type\":\"ListItem\",\"position\":1,\"name\":\"Prad\u017eia\",\"item\":\"https:\\\/\\\/atmintiesvietos.azuolynobiblioteka.lt\\\/en\\\/\"},{\"@type\":\"ListItem\",\"position\":2,\"name\":\"The Bohemia of Laisv\u0117s Al\u0117ja: Young Researchers in Urban Studies of Memory\"}]},{\"@type\":\"WebSite\",\"@id\":\"https:\\\/\\\/atmintiesvietos.azuolynobiblioteka.lt\\\/en\\\/#website\",\"url\":\"https:\\\/\\\/atmintiesvietos.azuolynobiblioteka.lt\\\/en\\\/\",\"name\":\"atmintiesvietos.azuolynobiblioteka\",\"description\":\"\",\"potentialAction\":[{\"@type\":\"SearchAction\",\"target\":{\"@type\":\"EntryPoint\",\"urlTemplate\":\"https:\\\/\\\/atmintiesvietos.azuolynobiblioteka.lt\\\/en\\\/?s={search_term_string}\"},\"query-input\":{\"@type\":\"PropertyValueSpecification\",\"valueRequired\":true,\"valueName\":\"search_term_string\"}}],\"inLanguage\":\"en-US\"}]}<\/script>\n<!-- \/ Yoast SEO plugin. -->","yoast_head_json":{"title":"The Bohemia of Laisv\u0117s Al\u0117ja: Young Researchers in Urban Studies of Memory - atmintiesvietos","robots":{"index":"noindex","follow":"follow","max-snippet":"max-snippet:-1","max-image-preview":"max-image-preview:large","max-video-preview":"max-video-preview:-1"},"og_locale":"en_US","og_type":"article","og_title":"The Bohemia of Laisv\u0117s Al\u0117ja: Young Researchers in Urban Studies of Memory - atmintiesvietos","og_description":"It is a cooperative project between young (students from different areas) and experienced researchers initiated by the Gallery \u201c101\u201d and dedicated to the research of urban memory. The project took place from October to December of 2013 and analyzed memory places related to the bohemian lifestyle in Laisv\u0117s Al\u0117ja (Laisv\u0117s Ave). The following dimensions were [&hellip;]","og_url":"https:\/\/atmintiesvietos.azuolynobiblioteka.lt\/en\/projets\/the-bohemia-of-laisves-aleja-young-researchers-in-urban-studies-of-memory\/","og_site_name":"atmintiesvietos","article_modified_time":"2026-08-21T06:28:08+00:00","og_image":[{"width":1200,"height":800,"url":"https:\/\/atmintiesvietos.azuolynobiblioteka.lt\/wp-content\/uploads\/2014\/07\/AV-pristatymas.jpg","type":"image\/jpeg"}],"twitter_card":"summary_large_image","twitter_misc":{"Est. reading time":"2 minutes"},"schema":{"@context":"https:\/\/schema.org","@graph":[{"@type":"WebPage","@id":"https:\/\/atmintiesvietos.azuolynobiblioteka.lt\/en\/projets\/the-bohemia-of-laisves-aleja-young-researchers-in-urban-studies-of-memory\/","url":"https:\/\/atmintiesvietos.azuolynobiblioteka.lt\/en\/projets\/the-bohemia-of-laisves-aleja-young-researchers-in-urban-studies-of-memory\/","name":"The Bohemia of Laisv\u0117s Al\u0117ja: Young Researchers in Urban Studies of Memory - atmintiesvietos","isPartOf":{"@id":"https:\/\/atmintiesvietos.azuolynobiblioteka.lt\/en\/#website"},"primaryImageOfPage":{"@id":"https:\/\/atmintiesvietos.azuolynobiblioteka.lt\/en\/projets\/the-bohemia-of-laisves-aleja-young-researchers-in-urban-studies-of-memory\/#primaryimage"},"image":{"@id":"https:\/\/atmintiesvietos.azuolynobiblioteka.lt\/en\/projets\/the-bohemia-of-laisves-aleja-young-researchers-in-urban-studies-of-memory\/#primaryimage"},"thumbnailUrl":"https:\/\/atmintiesvietos.azuolynobiblioteka.lt\/wp-content\/uploads\/2014\/07\/AV-pristatymas.jpg","datePublished":"2014-07-01T16:01:05+00:00","dateModified":"2026-08-21T06:28:08+00:00","breadcrumb":{"@id":"https:\/\/atmintiesvietos.azuolynobiblioteka.lt\/en\/projets\/the-bohemia-of-laisves-aleja-young-researchers-in-urban-studies-of-memory\/#breadcrumb"},"inLanguage":"en-US","potentialAction":[{"@type":"ReadAction","target":["https:\/\/atmintiesvietos.azuolynobiblioteka.lt\/en\/projets\/the-bohemia-of-laisves-aleja-young-researchers-in-urban-studies-of-memory\/"]}]},{"@type":"ImageObject","inLanguage":"en-US","@id":"https:\/\/atmintiesvietos.azuolynobiblioteka.lt\/en\/projets\/the-bohemia-of-laisves-aleja-young-researchers-in-urban-studies-of-memory\/#primaryimage","url":"https:\/\/atmintiesvietos.azuolynobiblioteka.lt\/wp-content\/uploads\/2014\/07\/AV-pristatymas.jpg","contentUrl":"https:\/\/atmintiesvietos.azuolynobiblioteka.lt\/wp-content\/uploads\/2014\/07\/AV-pristatymas.jpg","width":1200,"height":800,"caption":"Second tour of the bohemian Laisv\u0117s Alley, September 19, 2014. Photo by Remio \u0160\u010derbauskas."},{"@type":"BreadcrumbList","@id":"https:\/\/atmintiesvietos.azuolynobiblioteka.lt\/en\/projets\/the-bohemia-of-laisves-aleja-young-researchers-in-urban-studies-of-memory\/#breadcrumb","itemListElement":[{"@type":"ListItem","position":1,"name":"Prad\u017eia","item":"https:\/\/atmintiesvietos.azuolynobiblioteka.lt\/en\/"},{"@type":"ListItem","position":2,"name":"The Bohemia of Laisv\u0117s Al\u0117ja: Young Researchers in Urban Studies of Memory"}]},{"@type":"WebSite","@id":"https:\/\/atmintiesvietos.azuolynobiblioteka.lt\/en\/#website","url":"https:\/\/atmintiesvietos.azuolynobiblioteka.lt\/en\/","name":"atmintiesvietos.azuolynobiblioteka","description":"","potentialAction":[{"@type":"SearchAction","target":{"@type":"EntryPoint","urlTemplate":"https:\/\/atmintiesvietos.azuolynobiblioteka.lt\/en\/?s={search_term_string}"},"query-input":{"@type":"PropertyValueSpecification","valueRequired":true,"valueName":"search_term_string"}}],"inLanguage":"en-US"}]}},"_links":{"self":[{"href":"https:\/\/atmintiesvietos.azuolynobiblioteka.lt\/en\/wp-json\/wp\/v2\/projets\/1687","targetHints":{"allow":["GET"]}}],"collection":[{"href":"https:\/\/atmintiesvietos.azuolynobiblioteka.lt\/en\/wp-json\/wp\/v2\/projets"}],"about":[{"href":"https:\/\/atmintiesvietos.azuolynobiblioteka.lt\/en\/wp-json\/wp\/v2\/types\/projets"}],"version-history":[{"count":1,"href":"https:\/\/atmintiesvietos.azuolynobiblioteka.lt\/en\/wp-json\/wp\/v2\/projets\/1687\/revisions"}],"predecessor-version":[{"id":4798,"href":"https:\/\/atmintiesvietos.azuolynobiblioteka.lt\/en\/wp-json\/wp\/v2\/projets\/1687\/revisions\/4798"}],"wp:featuredmedia":[{"embeddable":true,"href":"https:\/\/atmintiesvietos.azuolynobiblioteka.lt\/en\/wp-json\/wp\/v2\/media\/2444"}],"wp:attachment":[{"href":"https:\/\/atmintiesvietos.azuolynobiblioteka.lt\/en\/wp-json\/wp\/v2\/media?parent=1687"}],"wp:term":[{"taxonomy":"global_cat","embeddable":true,"href":"https:\/\/atmintiesvietos.azuolynobiblioteka.lt\/en\/wp-json\/wp\/v2\/global_cat?post=1687"},{"taxonomy":"projets_cat","embeddable":true,"href":"https:\/\/atmintiesvietos.azuolynobiblioteka.lt\/en\/wp-json\/wp\/v2\/projets_cat?post=1687"}],"curies":[{"name":"wp","href":"https:\/\/api.w.org\/{rel}","templated":true}]}}

The Bohemia of Laisvės Alėja: Young Researchers in Urban Studies of Memory

<p>It is a cooperative project between young (students from different areas) and experienced researchers initiated by the Gallery “101” and dedicated to the research of urban memory. The project took place from October to December of 2013 and analyzed memory places related to the bohemian lifestyle in Laisvės Alėja (Laisvės Ave). The following dimensions were important for the project: collaboration (of students, researchers and experts), development of practical skills of young researchers, application of theoretical knowledge and dissemination of research.</p>
<p>This project is a scientific extension of an artistic memory project carried out in 2011 (organized by VMU Art Gallery “101”, curator Dr. Daiva Citvarienė) in the spaces of Laisvės Alėja called “Atminties sparnai” (The Wings of Memory), during which VMU students of new media arts collaborated with professional artists and created art projects about the historic memory of Laisvės Alėja.</p>
<p>The aim of the project is to encourage scientific engagement of young researchers and set conditions for a creative application of scientific knowledge in practical research.</p>
<p>Projects by young researchers:</p>
<p><em>Memory Archive</em></p>
<p>It includes collection and publication of memories, accounts, archival, photographic and other historical material and artifacts in the <a href="https://projectaleja.wordpress.com/" target="_blank" rel="noopener">blog</a> of the project. The young researchers collected stories of city residents (bohemians, historians, etc.) about the artist communities in Kaunas, bohemians and café culture in the past and today.</p>
<p><em>A Tour around the Bohemian Laisvės Alėja</em></p>
<p><a href="https://issuu.com/anaci3/docs/bohemos-gidas?utm_source=conversion_success&amp;utm_campaign=Transactional&amp;utm_medium=email" target="_blank" rel="noopener">The catalogue</a> / tour guide features material collected about the most important bohemian memory places in Laisvės Alėja. The publication here includes not only a historical survey, but also personal memories and stories collected during the research study.</p>
<p><em>The tour “The Bohemia of Laisvės Alėja”</em></p>
<p>A public tour around the bohemian places of Laisvės Alėja was organised and based on the data collected for this catalogue. The tour allowed reconstructing the cultural processes of the past, describe the change of city&#8217;s identity throughout different stages of its life and reflect on the relevant connection with current features of city&#8217;s cultural identity.</p>

<p>It is a cooperative project between young (students from different areas) and experienced researchers initiated by the Gallery “101” and dedicated to the research of urban memory. The project took place from October to December of 2013 and analyzed memory places related to the bohemian lifestyle in Laisvės Alėja (Laisvės Ave). The following dimensions were [&hellip;]</p>

<!-- This site is optimized with the Yoast SEO plugin v28.4 - https://yoast.com/product/yoast-seo-wordpress/ -->
<title>The Bohemia of Laisvės Alėja: Young Researchers in Urban Studies of Memory - atmintiesvietos</title>
<meta name="robots" content="noindex, follow, max-snippet:-1, max-image-preview:large, max-video-preview:-1" />
<meta property="og:locale" content="en_US" />
<meta property="og:type" content="article" />
<meta property="og:title" content="The Bohemia of Laisvės Alėja: Young Researchers in Urban Studies of Memory - atmintiesvietos" />
<meta property="og:description" content="It is a cooperative project between young (students from different areas) and experienced researchers initiated by the Gallery “101” and dedicated to the research of urban memory. The project took place from October to December of 2013 and analyzed memory places related to the bohemian lifestyle in Laisvės Alėja (Laisvės Ave). The following dimensions were [&hellip;]" />
<meta property="og:url" content="https://atmintiesvietos.azuolynobiblioteka.lt/en/projets/the-bohemia-of-laisves-aleja-young-researchers-in-urban-studies-of-memory/" />
<meta property="og:site_name" content="atmintiesvietos" />
<meta property="article:modified_time" content="2026-08-21T06:28:08+00:00" />
<meta property="og:image" content="https://atmintiesvietos.azuolynobiblioteka.lt/wp-content/uploads/2014/07/AV-pristatymas.jpg" />
	<meta property="og:image:width" content="1200" />
	<meta property="og:image:height" content="800" />
	<meta property="og:image:type" content="image/jpeg" />
<meta name="twitter:card" content="summary_large_image" />
<meta name="twitter:label1" content="Est. reading time" />
	<meta name="twitter:data1" content="2 minutes" />
<script type="application/ld+json" class="yoast-schema-graph">{"@context":"https:\/\/schema.org","@graph":[{"@type":"WebPage","@id":"https:\/\/atmintiesvietos.azuolynobiblioteka.lt\/en\/projets\/the-bohemia-of-laisves-aleja-young-researchers-in-urban-studies-of-memory\/","url":"https:\/\/atmintiesvietos.azuolynobiblioteka.lt\/en\/projets\/the-bohemia-of-laisves-aleja-young-researchers-in-urban-studies-of-memory\/","name":"The Bohemia of Laisvės Alėja: Young Researchers in Urban Studies of Memory - atmintiesvietos","isPartOf":{"@id":"https:\/\/atmintiesvietos.azuolynobiblioteka.lt\/en\/#website"},"primaryImageOfPage":{"@id":"https:\/\/atmintiesvietos.azuolynobiblioteka.lt\/en\/projets\/the-bohemia-of-laisves-aleja-young-researchers-in-urban-studies-of-memory\/#primaryimage"},"image":{"@id":"https:\/\/atmintiesvietos.azuolynobiblioteka.lt\/en\/projets\/the-bohemia-of-laisves-aleja-young-researchers-in-urban-studies-of-memory\/#primaryimage"},"thumbnailUrl":"https:\/\/atmintiesvietos.azuolynobiblioteka.lt\/wp-content\/uploads\/2014\/07\/AV-pristatymas.jpg","datePublished":"2014-07-01T16:01:05+00:00","dateModified":"2026-08-21T06:28:08+00:00","breadcrumb":{"@id":"https:\/\/atmintiesvietos.azuolynobiblioteka.lt\/en\/projets\/the-bohemia-of-laisves-aleja-young-researchers-in-urban-studies-of-memory\/#breadcrumb"},"inLanguage":"en-US","potentialAction":[{"@type":"ReadAction","target":["https:\/\/atmintiesvietos.azuolynobiblioteka.lt\/en\/projets\/the-bohemia-of-laisves-aleja-young-researchers-in-urban-studies-of-memory\/"]}]},{"@type":"ImageObject","inLanguage":"en-US","@id":"https:\/\/atmintiesvietos.azuolynobiblioteka.lt\/en\/projets\/the-bohemia-of-laisves-aleja-young-researchers-in-urban-studies-of-memory\/#primaryimage","url":"https:\/\/atmintiesvietos.azuolynobiblioteka.lt\/wp-content\/uploads\/2014\/07\/AV-pristatymas.jpg","contentUrl":"https:\/\/atmintiesvietos.azuolynobiblioteka.lt\/wp-content\/uploads\/2014\/07\/AV-pristatymas.jpg","width":1200,"height":800,"caption":"Second tour of the bohemian Laisvės Alley, September 19, 2014. Photo by Remio Ščerbauskas."},{"@type":"BreadcrumbList","@id":"https:\/\/atmintiesvietos.azuolynobiblioteka.lt\/en\/projets\/the-bohemia-of-laisves-aleja-young-researchers-in-urban-studies-of-memory\/#breadcrumb","itemListElement":[{"@type":"ListItem","position":1,"name":"Pradžia","item":"https:\/\/atmintiesvietos.azuolynobiblioteka.lt\/en\/"},{"@type":"ListItem","position":2,"name":"The Bohemia of Laisvės Alėja: Young Researchers in Urban Studies of Memory"}]},{"@type":"WebSite","@id":"https:\/\/atmintiesvietos.azuolynobiblioteka.lt\/en\/#website","url":"https:\/\/atmintiesvietos.azuolynobiblioteka.lt\/en\/","name":"atmintiesvietos.azuolynobiblioteka","description":"","potentialAction":[{"@type":"SearchAction","target":{"@type":"EntryPoint","urlTemplate":"https:\/\/atmintiesvietos.azuolynobiblioteka.lt\/en\/?s={search_term_string}"},"query-input":{"@type":"PropertyValueSpecification","valueRequired":true,"valueName":"search_term_string"}}],"inLanguage":"en-US"}]}</script>
<!-- / Yoast SEO plugin. -->

The Bohemia of Laisvės Alėja: Young Researchers in Urban Studies of Memory - atmintiesvietos

It is a cooperative project between young (students from different areas) and experienced researchers initiated by the Gallery “101” and dedicated to the research of urban memory. The project took place from October to December of 2013 and analyzed memory places related to the bohemian lifestyle in Laisvės Alėja (Laisvės Ave). The following dimensions were [&hellip;]

Second tour of the bohemian Laisvės Alley, September 19, 2014. Photo by Remio Ščerbauskas.

Pradžia
