{"id":1641,"date":"2018-02-15T08:56:40","date_gmt":"2018-02-15T08:56:40","guid":{"rendered":"https:\/\/atmintiesvietos.azuolynobiblioteka.lt\/palces\/laisves-aleja-freedom-avenue-2\/"},"modified":"2026-08-24T12:19:39","modified_gmt":"2026-08-24T12:19:39","slug":"laisves-aleja-freedom-avenue-2","status":"publish","type":"palces","link":"https:\/\/atmintiesvietos.azuolynobiblioteka.lt\/en\/palces\/laisves-aleja-freedom-avenue-2\/","title":{"rendered":"Laisv\u0117s Al\u0117ja (Freedom Avenue)"},"content":{"rendered":"<p><strong>Memories of (the mother of) Laima Jara\u0161\u016bnien\u0117 about Kaunas:\u00a0<\/strong><em>The brightest memory about Kaunas from the childhood. It was a day, when I came to Kaunas with my friend. I remember like it has happened today. It was the last day of summer in 1991. My friend Inga and I, we came from our little town V\u0117ri\u0161kiai to spend some time in Kaunas. We spent that day in Laisv\u0117s Al\u0117ja. It has probably remained as a popular place in Kaunas as it was in those times. So, we were walking in Laisv\u0117s Al\u0117ja eating ice cream and two guys followed us all this time. Only at the end of the avenue they plucked up the courage to approach us. They were soldiers living in some barracks that back then still existed in Kaunas. They were allowed to spend some time in Kaunas and they were of course dressed as civilians. We talked to them. We did not exchange numbers, because at that time there were only numbers for landlines people had at home available, and you could not distribute it to everyone in Laisv\u0117s Al\u0117ja. It seemed different from what it does today. There was also a big convenience store called Merkurijus where we went with my friend to buy some ice cream. I don&#8217;t even know what is currently standing in that place: maybe nothing remains, just a construction site surrounded by a fence. Of course, back in those times, there were no MAXIMAs and IKIs, just small stores. Well, I could not say that Kaunas would be very different from what it was when I was sixteen. By the way, in Kaunas of that time, I remember Laisv\u0117s Al\u0117ja very well. I think that everything is the same. And the fountain is in the same place. I have a picture, where I stand in front of it. Of course, we would go to Kaunas often with friends. There were no shops in the village, so going to Kaunas was very entertaining. I would always wait until I can go there. There were other cities not so far away: Panev\u0117\u017eys or \u0160iauliai but I wanted to go to Kaunas the most. So, it\u2019s really good not to live so far away. You can go there any time you want. When I arrived at Kaunas, I would always go to Laisv\u0117s Al\u0117ja. We would also go to the Zoo, if I arrived there with my nephews. Most of often, with your cousins, Julius and Marius. They loved the zoo very <\/em><em>much. And now I go to Kaunas to do some shopping or watch some movie<\/em>.\u00a0(Akvil\u0117, 2018)<\/p>\n","protected":false},"excerpt":{"rendered":"<p>Memories of (the mother of) Laima Jara\u0161\u016bnien\u0117 about Kaunas:\u00a0The brightest memory about Kaunas from the childhood. It was a day, when I came to Kaunas with my friend. I remember like it has happened today. It was the last day of summer in 1991. My friend Inga and I, we came from our little town [&hellip;]<\/p>\n","protected":false},"featured_media":2403,"menu_order":0,"template":"","meta":{"_acf_changed":false,"footnotes":""},"global_cat":[41,153,119,79],"palces_cat":[],"class_list":["post-1641","palces","type-palces","status-publish","has-post-thumbnail","hentry","global_cat-kita","global_cat-1991-en-119","global_cat-119","global_cat-other"],"acf":[],"yoast_head":"<!-- This site is optimized with the Yoast SEO plugin v28.4 - https:\/\/yoast.com\/product\/yoast-seo-wordpress\/ -->\n<title>Laisv\u0117s Al\u0117ja (Freedom Avenue) - atmintiesvietos<\/title>\n<meta name=\"robots\" content=\"noindex, follow, max-snippet:-1, max-image-preview:large, max-video-preview:-1\" \/>\n<meta property=\"og:locale\" content=\"en_US\" \/>\n<meta property=\"og:type\" content=\"article\" \/>\n<meta property=\"og:title\" content=\"Laisv\u0117s Al\u0117ja (Freedom Avenue) - atmintiesvietos\" \/>\n<meta property=\"og:description\" content=\"Memories of (the mother of) Laima Jara\u0161\u016bnien\u0117 about Kaunas:\u00a0The brightest memory about Kaunas from the childhood. It was a day, when I came to Kaunas with my friend. I remember like it has happened today. It was the last day of summer in 1991. My friend Inga and I, we came from our little town [&hellip;]\" \/>\n<meta property=\"og:url\" content=\"https:\/\/atmintiesvietos.azuolynobiblioteka.lt\/en\/palces\/laisves-aleja-freedom-avenue-2\/\" \/>\n<meta property=\"og:site_name\" content=\"atmintiesvietos\" \/>\n<meta property=\"article:modified_time\" content=\"2026-08-24T12:19:39+00:00\" \/>\n<meta property=\"og:image\" content=\"https:\/\/atmintiesvietos.azuolynobiblioteka.lt\/wp-content\/uploads\/2018\/02\/27605600-1638653816202256-1789914433-o-scaled.jpg\" \/>\n\t<meta property=\"og:image:width\" content=\"1440\" \/>\n\t<meta property=\"og:image:height\" content=\"2560\" \/>\n\t<meta property=\"og:image:type\" content=\"image\/jpeg\" \/>\n<meta name=\"twitter:card\" content=\"summary_large_image\" \/>\n<meta name=\"twitter:label1\" content=\"Est. reading time\" \/>\n\t<meta name=\"twitter:data1\" content=\"2 minutes\" \/>\n<script type=\"application\/ld+json\" class=\"yoast-schema-graph\">{\"@context\":\"https:\\\/\\\/schema.org\",\"@graph\":[{\"@type\":\"WebPage\",\"@id\":\"https:\\\/\\\/atmintiesvietos.azuolynobiblioteka.lt\\\/en\\\/palces\\\/laisves-aleja-freedom-avenue-2\\\/\",\"url\":\"https:\\\/\\\/atmintiesvietos.azuolynobiblioteka.lt\\\/en\\\/palces\\\/laisves-aleja-freedom-avenue-2\\\/\",\"name\":\"Laisv\u0117s Al\u0117ja (Freedom Avenue) - atmintiesvietos\",\"isPartOf\":{\"@id\":\"https:\\\/\\\/atmintiesvietos.azuolynobiblioteka.lt\\\/en\\\/#website\"},\"primaryImageOfPage\":{\"@id\":\"https:\\\/\\\/atmintiesvietos.azuolynobiblioteka.lt\\\/en\\\/palces\\\/laisves-aleja-freedom-avenue-2\\\/#primaryimage\"},\"image\":{\"@id\":\"https:\\\/\\\/atmintiesvietos.azuolynobiblioteka.lt\\\/en\\\/palces\\\/laisves-aleja-freedom-avenue-2\\\/#primaryimage\"},\"thumbnailUrl\":\"https:\\\/\\\/atmintiesvietos.azuolynobiblioteka.lt\\\/wp-content\\\/uploads\\\/2018\\\/02\\\/27605600-1638653816202256-1789914433-o-scaled.jpg\",\"datePublished\":\"2018-02-15T08:56:40+00:00\",\"dateModified\":\"2026-08-24T12:19:39+00:00\",\"breadcrumb\":{\"@id\":\"https:\\\/\\\/atmintiesvietos.azuolynobiblioteka.lt\\\/en\\\/palces\\\/laisves-aleja-freedom-avenue-2\\\/#breadcrumb\"},\"inLanguage\":\"en-US\",\"potentialAction\":[{\"@type\":\"ReadAction\",\"target\":[\"https:\\\/\\\/atmintiesvietos.azuolynobiblioteka.lt\\\/en\\\/palces\\\/laisves-aleja-freedom-avenue-2\\\/\"]}]},{\"@type\":\"ImageObject\",\"inLanguage\":\"en-US\",\"@id\":\"https:\\\/\\\/atmintiesvietos.azuolynobiblioteka.lt\\\/en\\\/palces\\\/laisves-aleja-freedom-avenue-2\\\/#primaryimage\",\"url\":\"https:\\\/\\\/atmintiesvietos.azuolynobiblioteka.lt\\\/wp-content\\\/uploads\\\/2018\\\/02\\\/27605600-1638653816202256-1789914433-o-scaled.jpg\",\"contentUrl\":\"https:\\\/\\\/atmintiesvietos.azuolynobiblioteka.lt\\\/wp-content\\\/uploads\\\/2018\\\/02\\\/27605600-1638653816202256-1789914433-o-scaled.jpg\",\"width\":1440,\"height\":2560,\"caption\":\"Photo: From the author's personal archive, 1991.\"},{\"@type\":\"BreadcrumbList\",\"@id\":\"https:\\\/\\\/atmintiesvietos.azuolynobiblioteka.lt\\\/en\\\/palces\\\/laisves-aleja-freedom-avenue-2\\\/#breadcrumb\",\"itemListElement\":[{\"@type\":\"ListItem\",\"position\":1,\"name\":\"Prad\u017eia\",\"item\":\"https:\\\/\\\/atmintiesvietos.azuolynobiblioteka.lt\\\/en\\\/\"},{\"@type\":\"ListItem\",\"position\":2,\"name\":\"Laisv\u0117s Al\u0117ja (Freedom Avenue)\"}]},{\"@type\":\"WebSite\",\"@id\":\"https:\\\/\\\/atmintiesvietos.azuolynobiblioteka.lt\\\/en\\\/#website\",\"url\":\"https:\\\/\\\/atmintiesvietos.azuolynobiblioteka.lt\\\/en\\\/\",\"name\":\"atmintiesvietos.azuolynobiblioteka\",\"description\":\"\",\"potentialAction\":[{\"@type\":\"SearchAction\",\"target\":{\"@type\":\"EntryPoint\",\"urlTemplate\":\"https:\\\/\\\/atmintiesvietos.azuolynobiblioteka.lt\\\/en\\\/?s={search_term_string}\"},\"query-input\":{\"@type\":\"PropertyValueSpecification\",\"valueRequired\":true,\"valueName\":\"search_term_string\"}}],\"inLanguage\":\"en-US\"}]}<\/script>\n<!-- \/ Yoast SEO plugin. -->","yoast_head_json":{"title":"Laisv\u0117s Al\u0117ja (Freedom Avenue) - atmintiesvietos","robots":{"index":"noindex","follow":"follow","max-snippet":"max-snippet:-1","max-image-preview":"max-image-preview:large","max-video-preview":"max-video-preview:-1"},"og_locale":"en_US","og_type":"article","og_title":"Laisv\u0117s Al\u0117ja (Freedom Avenue) - atmintiesvietos","og_description":"Memories of (the mother of) Laima Jara\u0161\u016bnien\u0117 about Kaunas:\u00a0The brightest memory about Kaunas from the childhood. It was a day, when I came to Kaunas with my friend. I remember like it has happened today. It was the last day of summer in 1991. My friend Inga and I, we came from our little town [&hellip;]","og_url":"https:\/\/atmintiesvietos.azuolynobiblioteka.lt\/en\/palces\/laisves-aleja-freedom-avenue-2\/","og_site_name":"atmintiesvietos","article_modified_time":"2026-08-24T12:19:39+00:00","og_image":[{"width":1440,"height":2560,"url":"https:\/\/atmintiesvietos.azuolynobiblioteka.lt\/wp-content\/uploads\/2018\/02\/27605600-1638653816202256-1789914433-o-scaled.jpg","type":"image\/jpeg"}],"twitter_card":"summary_large_image","twitter_misc":{"Est. reading time":"2 minutes"},"schema":{"@context":"https:\/\/schema.org","@graph":[{"@type":"WebPage","@id":"https:\/\/atmintiesvietos.azuolynobiblioteka.lt\/en\/palces\/laisves-aleja-freedom-avenue-2\/","url":"https:\/\/atmintiesvietos.azuolynobiblioteka.lt\/en\/palces\/laisves-aleja-freedom-avenue-2\/","name":"Laisv\u0117s Al\u0117ja (Freedom Avenue) - atmintiesvietos","isPartOf":{"@id":"https:\/\/atmintiesvietos.azuolynobiblioteka.lt\/en\/#website"},"primaryImageOfPage":{"@id":"https:\/\/atmintiesvietos.azuolynobiblioteka.lt\/en\/palces\/laisves-aleja-freedom-avenue-2\/#primaryimage"},"image":{"@id":"https:\/\/atmintiesvietos.azuolynobiblioteka.lt\/en\/palces\/laisves-aleja-freedom-avenue-2\/#primaryimage"},"thumbnailUrl":"https:\/\/atmintiesvietos.azuolynobiblioteka.lt\/wp-content\/uploads\/2018\/02\/27605600-1638653816202256-1789914433-o-scaled.jpg","datePublished":"2018-02-15T08:56:40+00:00","dateModified":"2026-08-24T12:19:39+00:00","breadcrumb":{"@id":"https:\/\/atmintiesvietos.azuolynobiblioteka.lt\/en\/palces\/laisves-aleja-freedom-avenue-2\/#breadcrumb"},"inLanguage":"en-US","potentialAction":[{"@type":"ReadAction","target":["https:\/\/atmintiesvietos.azuolynobiblioteka.lt\/en\/palces\/laisves-aleja-freedom-avenue-2\/"]}]},{"@type":"ImageObject","inLanguage":"en-US","@id":"https:\/\/atmintiesvietos.azuolynobiblioteka.lt\/en\/palces\/laisves-aleja-freedom-avenue-2\/#primaryimage","url":"https:\/\/atmintiesvietos.azuolynobiblioteka.lt\/wp-content\/uploads\/2018\/02\/27605600-1638653816202256-1789914433-o-scaled.jpg","contentUrl":"https:\/\/atmintiesvietos.azuolynobiblioteka.lt\/wp-content\/uploads\/2018\/02\/27605600-1638653816202256-1789914433-o-scaled.jpg","width":1440,"height":2560,"caption":"Photo: From the author's personal archive, 1991."},{"@type":"BreadcrumbList","@id":"https:\/\/atmintiesvietos.azuolynobiblioteka.lt\/en\/palces\/laisves-aleja-freedom-avenue-2\/#breadcrumb","itemListElement":[{"@type":"ListItem","position":1,"name":"Prad\u017eia","item":"https:\/\/atmintiesvietos.azuolynobiblioteka.lt\/en\/"},{"@type":"ListItem","position":2,"name":"Laisv\u0117s Al\u0117ja (Freedom Avenue)"}]},{"@type":"WebSite","@id":"https:\/\/atmintiesvietos.azuolynobiblioteka.lt\/en\/#website","url":"https:\/\/atmintiesvietos.azuolynobiblioteka.lt\/en\/","name":"atmintiesvietos.azuolynobiblioteka","description":"","potentialAction":[{"@type":"SearchAction","target":{"@type":"EntryPoint","urlTemplate":"https:\/\/atmintiesvietos.azuolynobiblioteka.lt\/en\/?s={search_term_string}"},"query-input":{"@type":"PropertyValueSpecification","valueRequired":true,"valueName":"search_term_string"}}],"inLanguage":"en-US"}]}},"_links":{"self":[{"href":"https:\/\/atmintiesvietos.azuolynobiblioteka.lt\/en\/wp-json\/wp\/v2\/palces\/1641","targetHints":{"allow":["GET"]}}],"collection":[{"href":"https:\/\/atmintiesvietos.azuolynobiblioteka.lt\/en\/wp-json\/wp\/v2\/palces"}],"about":[{"href":"https:\/\/atmintiesvietos.azuolynobiblioteka.lt\/en\/wp-json\/wp\/v2\/types\/palces"}],"version-history":[{"count":1,"href":"https:\/\/atmintiesvietos.azuolynobiblioteka.lt\/en\/wp-json\/wp\/v2\/palces\/1641\/revisions"}],"predecessor-version":[{"id":4619,"href":"https:\/\/atmintiesvietos.azuolynobiblioteka.lt\/en\/wp-json\/wp\/v2\/palces\/1641\/revisions\/4619"}],"wp:featuredmedia":[{"embeddable":true,"href":"https:\/\/atmintiesvietos.azuolynobiblioteka.lt\/en\/wp-json\/wp\/v2\/media\/2403"}],"wp:attachment":[{"href":"https:\/\/atmintiesvietos.azuolynobiblioteka.lt\/en\/wp-json\/wp\/v2\/media?parent=1641"}],"wp:term":[{"taxonomy":"global_cat","embeddable":true,"href":"https:\/\/atmintiesvietos.azuolynobiblioteka.lt\/en\/wp-json\/wp\/v2\/global_cat?post=1641"},{"taxonomy":"palces_cat","embeddable":true,"href":"https:\/\/atmintiesvietos.azuolynobiblioteka.lt\/en\/wp-json\/wp\/v2\/palces_cat?post=1641"}],"curies":[{"name":"wp","href":"https:\/\/api.w.org\/{rel}","templated":true}]}}

Laisvės Alėja (Freedom Avenue)

<p><strong>Memories of (the mother of) Laima Jarašūnienė about Kaunas: </strong><em>The brightest memory about Kaunas from the childhood. It was a day, when I came to Kaunas with my friend. I remember like it has happened today. It was the last day of summer in 1991. My friend Inga and I, we came from our little town Vėriškiai to spend some time in Kaunas. We spent that day in Laisvės Alėja. It has probably remained as a popular place in Kaunas as it was in those times. So, we were walking in Laisvės Alėja eating ice cream and two guys followed us all this time. Only at the end of the avenue they plucked up the courage to approach us. They were soldiers living in some barracks that back then still existed in Kaunas. They were allowed to spend some time in Kaunas and they were of course dressed as civilians. We talked to them. We did not exchange numbers, because at that time there were only numbers for landlines people had at home available, and you could not distribute it to everyone in Laisvės Alėja. It seemed different from what it does today. There was also a big convenience store called Merkurijus where we went with my friend to buy some ice cream. I don&#8217;t even know what is currently standing in that place: maybe nothing remains, just a construction site surrounded by a fence. Of course, back in those times, there were no MAXIMAs and IKIs, just small stores. Well, I could not say that Kaunas would be very different from what it was when I was sixteen. By the way, in Kaunas of that time, I remember Laisvės Alėja very well. I think that everything is the same. And the fountain is in the same place. I have a picture, where I stand in front of it. Of course, we would go to Kaunas often with friends. There were no shops in the village, so going to Kaunas was very entertaining. I would always wait until I can go there. There were other cities not so far away: Panevėžys or Šiauliai but I wanted to go to Kaunas the most. So, it’s really good not to live so far away. You can go there any time you want. When I arrived at Kaunas, I would always go to Laisvės Alėja. We would also go to the Zoo, if I arrived there with my nephews. Most of often, with your cousins, Julius and Marius. They loved the zoo very </em><em>much. And now I go to Kaunas to do some shopping or watch some movie</em>. (Akvilė, 2018)</p>

<p>Memories of (the mother of) Laima Jarašūnienė about Kaunas: The brightest memory about Kaunas from the childhood. It was a day, when I came to Kaunas with my friend. I remember like it has happened today. It was the last day of summer in 1991. My friend Inga and I, we came from our little town [&hellip;]</p>

<!-- This site is optimized with the Yoast SEO plugin v28.4 - https://yoast.com/product/yoast-seo-wordpress/ -->
<title>Laisvės Alėja (Freedom Avenue) - atmintiesvietos</title>
<meta name="robots" content="noindex, follow, max-snippet:-1, max-image-preview:large, max-video-preview:-1" />
<meta property="og:locale" content="en_US" />
<meta property="og:type" content="article" />
<meta property="og:title" content="Laisvės Alėja (Freedom Avenue) - atmintiesvietos" />
<meta property="og:description" content="Memories of (the mother of) Laima Jarašūnienė about Kaunas: The brightest memory about Kaunas from the childhood. It was a day, when I came to Kaunas with my friend. I remember like it has happened today. It was the last day of summer in 1991. My friend Inga and I, we came from our little town [&hellip;]" />
<meta property="og:url" content="https://atmintiesvietos.azuolynobiblioteka.lt/en/palces/laisves-aleja-freedom-avenue-2/" />
<meta property="og:site_name" content="atmintiesvietos" />
<meta property="article:modified_time" content="2026-08-24T12:19:39+00:00" />
<meta property="og:image" content="https://atmintiesvietos.azuolynobiblioteka.lt/wp-content/uploads/2018/02/27605600-1638653816202256-1789914433-o-scaled.jpg" />
	<meta property="og:image:width" content="1440" />
	<meta property="og:image:height" content="2560" />
	<meta property="og:image:type" content="image/jpeg" />
<meta name="twitter:card" content="summary_large_image" />
<meta name="twitter:label1" content="Est. reading time" />
	<meta name="twitter:data1" content="2 minutes" />
<script type="application/ld+json" class="yoast-schema-graph">{"@context":"https:\/\/schema.org","@graph":[{"@type":"WebPage","@id":"https:\/\/atmintiesvietos.azuolynobiblioteka.lt\/en\/palces\/laisves-aleja-freedom-avenue-2\/","url":"https:\/\/atmintiesvietos.azuolynobiblioteka.lt\/en\/palces\/laisves-aleja-freedom-avenue-2\/","name":"Laisvės Alėja (Freedom Avenue) - atmintiesvietos","isPartOf":{"@id":"https:\/\/atmintiesvietos.azuolynobiblioteka.lt\/en\/#website"},"primaryImageOfPage":{"@id":"https:\/\/atmintiesvietos.azuolynobiblioteka.lt\/en\/palces\/laisves-aleja-freedom-avenue-2\/#primaryimage"},"image":{"@id":"https:\/\/atmintiesvietos.azuolynobiblioteka.lt\/en\/palces\/laisves-aleja-freedom-avenue-2\/#primaryimage"},"thumbnailUrl":"https:\/\/atmintiesvietos.azuolynobiblioteka.lt\/wp-content\/uploads\/2018\/02\/27605600-1638653816202256-1789914433-o-scaled.jpg","datePublished":"2018-02-15T08:56:40+00:00","dateModified":"2026-08-24T12:19:39+00:00","breadcrumb":{"@id":"https:\/\/atmintiesvietos.azuolynobiblioteka.lt\/en\/palces\/laisves-aleja-freedom-avenue-2\/#breadcrumb"},"inLanguage":"en-US","potentialAction":[{"@type":"ReadAction","target":["https:\/\/atmintiesvietos.azuolynobiblioteka.lt\/en\/palces\/laisves-aleja-freedom-avenue-2\/"]}]},{"@type":"ImageObject","inLanguage":"en-US","@id":"https:\/\/atmintiesvietos.azuolynobiblioteka.lt\/en\/palces\/laisves-aleja-freedom-avenue-2\/#primaryimage","url":"https:\/\/atmintiesvietos.azuolynobiblioteka.lt\/wp-content\/uploads\/2018\/02\/27605600-1638653816202256-1789914433-o-scaled.jpg","contentUrl":"https:\/\/atmintiesvietos.azuolynobiblioteka.lt\/wp-content\/uploads\/2018\/02\/27605600-1638653816202256-1789914433-o-scaled.jpg","width":1440,"height":2560,"caption":"Photo: From the author's personal archive, 1991."},{"@type":"BreadcrumbList","@id":"https:\/\/atmintiesvietos.azuolynobiblioteka.lt\/en\/palces\/laisves-aleja-freedom-avenue-2\/#breadcrumb","itemListElement":[{"@type":"ListItem","position":1,"name":"Pradžia","item":"https:\/\/atmintiesvietos.azuolynobiblioteka.lt\/en\/"},{"@type":"ListItem","position":2,"name":"Laisvės Alėja (Freedom Avenue)"}]},{"@type":"WebSite","@id":"https:\/\/atmintiesvietos.azuolynobiblioteka.lt\/en\/#website","url":"https:\/\/atmintiesvietos.azuolynobiblioteka.lt\/en\/","name":"atmintiesvietos.azuolynobiblioteka","description":"","potentialAction":[{"@type":"SearchAction","target":{"@type":"EntryPoint","urlTemplate":"https:\/\/atmintiesvietos.azuolynobiblioteka.lt\/en\/?s={search_term_string}"},"query-input":{"@type":"PropertyValueSpecification","valueRequired":true,"valueName":"search_term_string"}}],"inLanguage":"en-US"}]}</script>
<!-- / Yoast SEO plugin. -->

Laisvės Alėja (Freedom Avenue) - atmintiesvietos

Memories of (the mother of) Laima Jarašūnienė about Kaunas: The brightest memory about Kaunas from the childhood. It was a day, when I came to Kaunas with my friend. I remember like it has happened today. It was the last day of summer in 1991. My friend Inga and I, we came from our little town [&hellip;]

Pradžia
