{"id":1640,"date":"2018-02-03T14:34:40","date_gmt":"2018-02-03T14:34:40","guid":{"rendered":"https:\/\/atmintiesvietos.azuolynobiblioteka.lt\/palces\/sanciai-during-the-interwar-period\/"},"modified":"2026-08-24T12:20:36","modified_gmt":"2026-08-24T12:20:36","slug":"sanciai-during-the-interwar-period","status":"publish","type":"palces","link":"https:\/\/atmintiesvietos.azuolynobiblioteka.lt\/en\/palces\/sanciai-during-the-interwar-period\/","title":{"rendered":"\u0160an\u010diai during the Interwar Period"},"content":{"rendered":"<p><strong>Marius:\u00a0<\/strong><em>During the Interwar period, my great-grandparents and grandparents were living in \u0160an\u010diai, an industrial district unique in the entire Lithuania. There is a lot of information about \u0160an\u010diai in a book by Jurgis Vanagas called <\/em><em>\u201c<\/em><em>\u0160an\u010di\u0173 praeities takais<\/em><em>\u201d<\/em><em>. My great-grandfather Augustinas Kneipferavi\u010dius was born in 1881, Raseiniai county, \u0160idlava district, Naukaimis. In 1937, he moved from Kybartai to \u0160an\u010diai, Drob\u0117s g. 36 with wife Morta Vanagait\u0117 and their children. From 1940 to 1950, great-grandparents Morta and Augustinas Kneipferavi\u010dius were deported and imprisoned in Vologda Cherepovets lagers. Morta Vanagait\u0117 came back to Lithuania in 1950. She was buried in Kaunas, \u0160an\u010diai Cemetery in 1951. Augustinas spent 10 years imprisoned and was killed before his sentence was almost over. His burial place is unknown. My grandfather, son of Augustinas, Stasys Kneipferavi\u010dius was a demolitionist in the Lithuanian Military forces. He spent his time in \u0160an\u010diai barracks. He exercised in \u0160an\u010diai gym named Kovas. He was an active musician together with his brothers and brothers of grandmother Viktorija. During the Interwar period, he worked at the cinema mechanic in Lyra (later <\/em><em>\u2013 <\/em><em>Taika) and screened films during the war.\u00a0 My grandparents Stasys Kneipferavi\u010dius and Viktorija Dobrovolskyt\u0117 got married in \u0160an\u010diai church on the day it was opened<\/em>. (2018)<\/p>\n","protected":false},"excerpt":{"rendered":"<p>Marius:\u00a0During the Interwar period, my great-grandparents and grandparents were living in \u0160an\u010diai, an industrial district unique in the entire Lithuania. There is a lot of information about \u0160an\u010diai in a book by Jurgis Vanagas called \u201c\u0160an\u010di\u0173 praeities takais\u201d. My great-grandfather Augustinas Kneipferavi\u010dius was born in 1881, Raseiniai county, \u0160idlava district, Naukaimis. In 1937, he moved [&hellip;]<\/p>\n","protected":false},"featured_media":2393,"menu_order":0,"template":"","meta":{"_acf_changed":false,"footnotes":""},"global_cat":[79],"palces_cat":[],"class_list":["post-1640","palces","type-palces","status-publish","has-post-thumbnail","hentry","global_cat-other"],"acf":[],"yoast_head":"<!-- This site is optimized with the Yoast SEO plugin v28.4 - https:\/\/yoast.com\/product\/yoast-seo-wordpress\/ -->\n<title>\u0160an\u010diai during the Interwar Period - atmintiesvietos<\/title>\n<meta name=\"robots\" content=\"noindex, follow, max-snippet:-1, max-image-preview:large, max-video-preview:-1\" \/>\n<meta property=\"og:locale\" content=\"en_US\" \/>\n<meta property=\"og:type\" content=\"article\" \/>\n<meta property=\"og:title\" content=\"\u0160an\u010diai during the Interwar Period - atmintiesvietos\" \/>\n<meta property=\"og:description\" content=\"Marius:\u00a0During the Interwar period, my great-grandparents and grandparents were living in \u0160an\u010diai, an industrial district unique in the entire Lithuania. There is a lot of information about \u0160an\u010diai in a book by Jurgis Vanagas called \u201c\u0160an\u010di\u0173 praeities takais\u201d. My great-grandfather Augustinas Kneipferavi\u010dius was born in 1881, Raseiniai county, \u0160idlava district, Naukaimis. In 1937, he moved [&hellip;]\" \/>\n<meta property=\"og:url\" content=\"https:\/\/atmintiesvietos.azuolynobiblioteka.lt\/en\/palces\/sanciai-during-the-interwar-period\/\" \/>\n<meta property=\"og:site_name\" content=\"atmintiesvietos\" \/>\n<meta property=\"article:modified_time\" content=\"2026-08-24T12:20:36+00:00\" \/>\n<meta property=\"og:image\" content=\"https:\/\/atmintiesvietos.azuolynobiblioteka.lt\/wp-content\/uploads\/2018\/02\/mociute-ir-senelis-sanciai.jpg\" \/>\n\t<meta property=\"og:image:width\" content=\"960\" \/>\n\t<meta property=\"og:image:height\" content=\"698\" \/>\n\t<meta property=\"og:image:type\" content=\"image\/jpeg\" \/>\n<meta name=\"twitter:card\" content=\"summary_large_image\" \/>\n<meta name=\"twitter:label1\" content=\"Est. reading time\" \/>\n\t<meta name=\"twitter:data1\" content=\"1 minute\" \/>\n<script type=\"application\/ld+json\" class=\"yoast-schema-graph\">{\"@context\":\"https:\\\/\\\/schema.org\",\"@graph\":[{\"@type\":\"WebPage\",\"@id\":\"https:\\\/\\\/atmintiesvietos.azuolynobiblioteka.lt\\\/en\\\/palces\\\/sanciai-during-the-interwar-period\\\/\",\"url\":\"https:\\\/\\\/atmintiesvietos.azuolynobiblioteka.lt\\\/en\\\/palces\\\/sanciai-during-the-interwar-period\\\/\",\"name\":\"\u0160an\u010diai during the Interwar Period - atmintiesvietos\",\"isPartOf\":{\"@id\":\"https:\\\/\\\/atmintiesvietos.azuolynobiblioteka.lt\\\/en\\\/#website\"},\"primaryImageOfPage\":{\"@id\":\"https:\\\/\\\/atmintiesvietos.azuolynobiblioteka.lt\\\/en\\\/palces\\\/sanciai-during-the-interwar-period\\\/#primaryimage\"},\"image\":{\"@id\":\"https:\\\/\\\/atmintiesvietos.azuolynobiblioteka.lt\\\/en\\\/palces\\\/sanciai-during-the-interwar-period\\\/#primaryimage\"},\"thumbnailUrl\":\"https:\\\/\\\/atmintiesvietos.azuolynobiblioteka.lt\\\/wp-content\\\/uploads\\\/2018\\\/02\\\/mociute-ir-senelis-sanciai.jpg\",\"datePublished\":\"2018-02-03T14:34:40+00:00\",\"dateModified\":\"2026-08-24T12:20:36+00:00\",\"breadcrumb\":{\"@id\":\"https:\\\/\\\/atmintiesvietos.azuolynobiblioteka.lt\\\/en\\\/palces\\\/sanciai-during-the-interwar-period\\\/#breadcrumb\"},\"inLanguage\":\"en-US\",\"potentialAction\":[{\"@type\":\"ReadAction\",\"target\":[\"https:\\\/\\\/atmintiesvietos.azuolynobiblioteka.lt\\\/en\\\/palces\\\/sanciai-during-the-interwar-period\\\/\"]}]},{\"@type\":\"ImageObject\",\"inLanguage\":\"en-US\",\"@id\":\"https:\\\/\\\/atmintiesvietos.azuolynobiblioteka.lt\\\/en\\\/palces\\\/sanciai-during-the-interwar-period\\\/#primaryimage\",\"url\":\"https:\\\/\\\/atmintiesvietos.azuolynobiblioteka.lt\\\/wp-content\\\/uploads\\\/2018\\\/02\\\/mociute-ir-senelis-sanciai.jpg\",\"contentUrl\":\"https:\\\/\\\/atmintiesvietos.azuolynobiblioteka.lt\\\/wp-content\\\/uploads\\\/2018\\\/02\\\/mociute-ir-senelis-sanciai.jpg\",\"width\":960,\"height\":698,\"caption\":\"Photo: from the author's personal archive (grandmother and grandfather, \u0160an\u010diai)\"},{\"@type\":\"BreadcrumbList\",\"@id\":\"https:\\\/\\\/atmintiesvietos.azuolynobiblioteka.lt\\\/en\\\/palces\\\/sanciai-during-the-interwar-period\\\/#breadcrumb\",\"itemListElement\":[{\"@type\":\"ListItem\",\"position\":1,\"name\":\"Prad\u017eia\",\"item\":\"https:\\\/\\\/atmintiesvietos.azuolynobiblioteka.lt\\\/en\\\/\"},{\"@type\":\"ListItem\",\"position\":2,\"name\":\"\u0160an\u010diai during the Interwar Period\"}]},{\"@type\":\"WebSite\",\"@id\":\"https:\\\/\\\/atmintiesvietos.azuolynobiblioteka.lt\\\/en\\\/#website\",\"url\":\"https:\\\/\\\/atmintiesvietos.azuolynobiblioteka.lt\\\/en\\\/\",\"name\":\"atmintiesvietos.azuolynobiblioteka\",\"description\":\"\",\"potentialAction\":[{\"@type\":\"SearchAction\",\"target\":{\"@type\":\"EntryPoint\",\"urlTemplate\":\"https:\\\/\\\/atmintiesvietos.azuolynobiblioteka.lt\\\/en\\\/?s={search_term_string}\"},\"query-input\":{\"@type\":\"PropertyValueSpecification\",\"valueRequired\":true,\"valueName\":\"search_term_string\"}}],\"inLanguage\":\"en-US\"}]}<\/script>\n<!-- \/ Yoast SEO plugin. -->","yoast_head_json":{"title":"\u0160an\u010diai during the Interwar Period - atmintiesvietos","robots":{"index":"noindex","follow":"follow","max-snippet":"max-snippet:-1","max-image-preview":"max-image-preview:large","max-video-preview":"max-video-preview:-1"},"og_locale":"en_US","og_type":"article","og_title":"\u0160an\u010diai during the Interwar Period - atmintiesvietos","og_description":"Marius:\u00a0During the Interwar period, my great-grandparents and grandparents were living in \u0160an\u010diai, an industrial district unique in the entire Lithuania. There is a lot of information about \u0160an\u010diai in a book by Jurgis Vanagas called \u201c\u0160an\u010di\u0173 praeities takais\u201d. My great-grandfather Augustinas Kneipferavi\u010dius was born in 1881, Raseiniai county, \u0160idlava district, Naukaimis. In 1937, he moved [&hellip;]","og_url":"https:\/\/atmintiesvietos.azuolynobiblioteka.lt\/en\/palces\/sanciai-during-the-interwar-period\/","og_site_name":"atmintiesvietos","article_modified_time":"2026-08-24T12:20:36+00:00","og_image":[{"width":960,"height":698,"url":"https:\/\/atmintiesvietos.azuolynobiblioteka.lt\/wp-content\/uploads\/2018\/02\/mociute-ir-senelis-sanciai.jpg","type":"image\/jpeg"}],"twitter_card":"summary_large_image","twitter_misc":{"Est. reading time":"1 minute"},"schema":{"@context":"https:\/\/schema.org","@graph":[{"@type":"WebPage","@id":"https:\/\/atmintiesvietos.azuolynobiblioteka.lt\/en\/palces\/sanciai-during-the-interwar-period\/","url":"https:\/\/atmintiesvietos.azuolynobiblioteka.lt\/en\/palces\/sanciai-during-the-interwar-period\/","name":"\u0160an\u010diai during the Interwar Period - atmintiesvietos","isPartOf":{"@id":"https:\/\/atmintiesvietos.azuolynobiblioteka.lt\/en\/#website"},"primaryImageOfPage":{"@id":"https:\/\/atmintiesvietos.azuolynobiblioteka.lt\/en\/palces\/sanciai-during-the-interwar-period\/#primaryimage"},"image":{"@id":"https:\/\/atmintiesvietos.azuolynobiblioteka.lt\/en\/palces\/sanciai-during-the-interwar-period\/#primaryimage"},"thumbnailUrl":"https:\/\/atmintiesvietos.azuolynobiblioteka.lt\/wp-content\/uploads\/2018\/02\/mociute-ir-senelis-sanciai.jpg","datePublished":"2018-02-03T14:34:40+00:00","dateModified":"2026-08-24T12:20:36+00:00","breadcrumb":{"@id":"https:\/\/atmintiesvietos.azuolynobiblioteka.lt\/en\/palces\/sanciai-during-the-interwar-period\/#breadcrumb"},"inLanguage":"en-US","potentialAction":[{"@type":"ReadAction","target":["https:\/\/atmintiesvietos.azuolynobiblioteka.lt\/en\/palces\/sanciai-during-the-interwar-period\/"]}]},{"@type":"ImageObject","inLanguage":"en-US","@id":"https:\/\/atmintiesvietos.azuolynobiblioteka.lt\/en\/palces\/sanciai-during-the-interwar-period\/#primaryimage","url":"https:\/\/atmintiesvietos.azuolynobiblioteka.lt\/wp-content\/uploads\/2018\/02\/mociute-ir-senelis-sanciai.jpg","contentUrl":"https:\/\/atmintiesvietos.azuolynobiblioteka.lt\/wp-content\/uploads\/2018\/02\/mociute-ir-senelis-sanciai.jpg","width":960,"height":698,"caption":"Photo: from the author's personal archive (grandmother and grandfather, \u0160an\u010diai)"},{"@type":"BreadcrumbList","@id":"https:\/\/atmintiesvietos.azuolynobiblioteka.lt\/en\/palces\/sanciai-during-the-interwar-period\/#breadcrumb","itemListElement":[{"@type":"ListItem","position":1,"name":"Prad\u017eia","item":"https:\/\/atmintiesvietos.azuolynobiblioteka.lt\/en\/"},{"@type":"ListItem","position":2,"name":"\u0160an\u010diai during the Interwar Period"}]},{"@type":"WebSite","@id":"https:\/\/atmintiesvietos.azuolynobiblioteka.lt\/en\/#website","url":"https:\/\/atmintiesvietos.azuolynobiblioteka.lt\/en\/","name":"atmintiesvietos.azuolynobiblioteka","description":"","potentialAction":[{"@type":"SearchAction","target":{"@type":"EntryPoint","urlTemplate":"https:\/\/atmintiesvietos.azuolynobiblioteka.lt\/en\/?s={search_term_string}"},"query-input":{"@type":"PropertyValueSpecification","valueRequired":true,"valueName":"search_term_string"}}],"inLanguage":"en-US"}]}},"_links":{"self":[{"href":"https:\/\/atmintiesvietos.azuolynobiblioteka.lt\/en\/wp-json\/wp\/v2\/palces\/1640","targetHints":{"allow":["GET"]}}],"collection":[{"href":"https:\/\/atmintiesvietos.azuolynobiblioteka.lt\/en\/wp-json\/wp\/v2\/palces"}],"about":[{"href":"https:\/\/atmintiesvietos.azuolynobiblioteka.lt\/en\/wp-json\/wp\/v2\/types\/palces"}],"version-history":[{"count":1,"href":"https:\/\/atmintiesvietos.azuolynobiblioteka.lt\/en\/wp-json\/wp\/v2\/palces\/1640\/revisions"}],"predecessor-version":[{"id":4621,"href":"https:\/\/atmintiesvietos.azuolynobiblioteka.lt\/en\/wp-json\/wp\/v2\/palces\/1640\/revisions\/4621"}],"wp:featuredmedia":[{"embeddable":true,"href":"https:\/\/atmintiesvietos.azuolynobiblioteka.lt\/en\/wp-json\/wp\/v2\/media\/2393"}],"wp:attachment":[{"href":"https:\/\/atmintiesvietos.azuolynobiblioteka.lt\/en\/wp-json\/wp\/v2\/media?parent=1640"}],"wp:term":[{"taxonomy":"global_cat","embeddable":true,"href":"https:\/\/atmintiesvietos.azuolynobiblioteka.lt\/en\/wp-json\/wp\/v2\/global_cat?post=1640"},{"taxonomy":"palces_cat","embeddable":true,"href":"https:\/\/atmintiesvietos.azuolynobiblioteka.lt\/en\/wp-json\/wp\/v2\/palces_cat?post=1640"}],"curies":[{"name":"wp","href":"https:\/\/api.w.org\/{rel}","templated":true}]}}

Šančiai during the Interwar Period

<p><strong>Marius: </strong><em>During the Interwar period, my great-grandparents and grandparents were living in Šančiai, an industrial district unique in the entire Lithuania. There is a lot of information about Šančiai in a book by Jurgis Vanagas called </em><em>“</em><em>Šančių praeities takais</em><em>”</em><em>. My great-grandfather Augustinas Kneipferavičius was born in 1881, Raseiniai county, Šidlava district, Naukaimis. In 1937, he moved from Kybartai to Šančiai, Drobės g. 36 with wife Morta Vanagaitė and their children. From 1940 to 1950, great-grandparents Morta and Augustinas Kneipferavičius were deported and imprisoned in Vologda Cherepovets lagers. Morta Vanagaitė came back to Lithuania in 1950. She was buried in Kaunas, Šančiai Cemetery in 1951. Augustinas spent 10 years imprisoned and was killed before his sentence was almost over. His burial place is unknown. My grandfather, son of Augustinas, Stasys Kneipferavičius was a demolitionist in the Lithuanian Military forces. He spent his time in Šančiai barracks. He exercised in Šančiai gym named Kovas. He was an active musician together with his brothers and brothers of grandmother Viktorija. During the Interwar period, he worked at the cinema mechanic in Lyra (later </em><em>– </em><em>Taika) and screened films during the war.  My grandparents Stasys Kneipferavičius and Viktorija Dobrovolskytė got married in Šančiai church on the day it was opened</em>. (2018)</p>

<p>Marius: During the Interwar period, my great-grandparents and grandparents were living in Šančiai, an industrial district unique in the entire Lithuania. There is a lot of information about Šančiai in a book by Jurgis Vanagas called “Šančių praeities takais”. My great-grandfather Augustinas Kneipferavičius was born in 1881, Raseiniai county, Šidlava district, Naukaimis. In 1937, he moved [&hellip;]</p>

<!-- This site is optimized with the Yoast SEO plugin v28.4 - https://yoast.com/product/yoast-seo-wordpress/ -->
<title>Šančiai during the Interwar Period - atmintiesvietos</title>
<meta name="robots" content="noindex, follow, max-snippet:-1, max-image-preview:large, max-video-preview:-1" />
<meta property="og:locale" content="en_US" />
<meta property="og:type" content="article" />
<meta property="og:title" content="Šančiai during the Interwar Period - atmintiesvietos" />
<meta property="og:description" content="Marius: During the Interwar period, my great-grandparents and grandparents were living in Šančiai, an industrial district unique in the entire Lithuania. There is a lot of information about Šančiai in a book by Jurgis Vanagas called “Šančių praeities takais”. My great-grandfather Augustinas Kneipferavičius was born in 1881, Raseiniai county, Šidlava district, Naukaimis. In 1937, he moved [&hellip;]" />
<meta property="og:url" content="https://atmintiesvietos.azuolynobiblioteka.lt/en/palces/sanciai-during-the-interwar-period/" />
<meta property="og:site_name" content="atmintiesvietos" />
<meta property="article:modified_time" content="2026-08-24T12:20:36+00:00" />
<meta property="og:image" content="https://atmintiesvietos.azuolynobiblioteka.lt/wp-content/uploads/2018/02/mociute-ir-senelis-sanciai.jpg" />
	<meta property="og:image:width" content="960" />
	<meta property="og:image:height" content="698" />
	<meta property="og:image:type" content="image/jpeg" />
<meta name="twitter:card" content="summary_large_image" />
<meta name="twitter:label1" content="Est. reading time" />
	<meta name="twitter:data1" content="1 minute" />
<script type="application/ld+json" class="yoast-schema-graph">{"@context":"https:\/\/schema.org","@graph":[{"@type":"WebPage","@id":"https:\/\/atmintiesvietos.azuolynobiblioteka.lt\/en\/palces\/sanciai-during-the-interwar-period\/","url":"https:\/\/atmintiesvietos.azuolynobiblioteka.lt\/en\/palces\/sanciai-during-the-interwar-period\/","name":"Šančiai during the Interwar Period - atmintiesvietos","isPartOf":{"@id":"https:\/\/atmintiesvietos.azuolynobiblioteka.lt\/en\/#website"},"primaryImageOfPage":{"@id":"https:\/\/atmintiesvietos.azuolynobiblioteka.lt\/en\/palces\/sanciai-during-the-interwar-period\/#primaryimage"},"image":{"@id":"https:\/\/atmintiesvietos.azuolynobiblioteka.lt\/en\/palces\/sanciai-during-the-interwar-period\/#primaryimage"},"thumbnailUrl":"https:\/\/atmintiesvietos.azuolynobiblioteka.lt\/wp-content\/uploads\/2018\/02\/mociute-ir-senelis-sanciai.jpg","datePublished":"2018-02-03T14:34:40+00:00","dateModified":"2026-08-24T12:20:36+00:00","breadcrumb":{"@id":"https:\/\/atmintiesvietos.azuolynobiblioteka.lt\/en\/palces\/sanciai-during-the-interwar-period\/#breadcrumb"},"inLanguage":"en-US","potentialAction":[{"@type":"ReadAction","target":["https:\/\/atmintiesvietos.azuolynobiblioteka.lt\/en\/palces\/sanciai-during-the-interwar-period\/"]}]},{"@type":"ImageObject","inLanguage":"en-US","@id":"https:\/\/atmintiesvietos.azuolynobiblioteka.lt\/en\/palces\/sanciai-during-the-interwar-period\/#primaryimage","url":"https:\/\/atmintiesvietos.azuolynobiblioteka.lt\/wp-content\/uploads\/2018\/02\/mociute-ir-senelis-sanciai.jpg","contentUrl":"https:\/\/atmintiesvietos.azuolynobiblioteka.lt\/wp-content\/uploads\/2018\/02\/mociute-ir-senelis-sanciai.jpg","width":960,"height":698,"caption":"Photo: from the author's personal archive (grandmother and grandfather, Šančiai)"},{"@type":"BreadcrumbList","@id":"https:\/\/atmintiesvietos.azuolynobiblioteka.lt\/en\/palces\/sanciai-during-the-interwar-period\/#breadcrumb","itemListElement":[{"@type":"ListItem","position":1,"name":"Pradžia","item":"https:\/\/atmintiesvietos.azuolynobiblioteka.lt\/en\/"},{"@type":"ListItem","position":2,"name":"Šančiai during the Interwar Period"}]},{"@type":"WebSite","@id":"https:\/\/atmintiesvietos.azuolynobiblioteka.lt\/en\/#website","url":"https:\/\/atmintiesvietos.azuolynobiblioteka.lt\/en\/","name":"atmintiesvietos.azuolynobiblioteka","description":"","potentialAction":[{"@type":"SearchAction","target":{"@type":"EntryPoint","urlTemplate":"https:\/\/atmintiesvietos.azuolynobiblioteka.lt\/en\/?s={search_term_string}"},"query-input":{"@type":"PropertyValueSpecification","valueRequired":true,"valueName":"search_term_string"}}],"inLanguage":"en-US"}]}</script>
<!-- / Yoast SEO plugin. -->

Šančiai during the Interwar Period - atmintiesvietos

Marius: During the Interwar period, my great-grandparents and grandparents were living in Šančiai, an industrial district unique in the entire Lithuania. There is a lot of information about Šančiai in a book by Jurgis Vanagas called “Šančių praeities takais”. My great-grandfather Augustinas Kneipferavičius was born in 1881, Raseiniai county, Šidlava district, Naukaimis. In 1937, he moved [&hellip;]

Photo: from the author's personal archive (grandmother and grandfather, Šančiai)

Pradžia
