{"id":1629,"date":"2016-08-25T10:23:30","date_gmt":"2016-08-25T10:23:30","guid":{"rendered":"https:\/\/atmintiesvietos.azuolynobiblioteka.lt\/palces\/smelynas-the-sands-p-vileisio-square\/"},"modified":"2026-08-24T12:27:11","modified_gmt":"2026-08-24T12:27:11","slug":"smelynas-the-sands-p-vileisio-square","status":"publish","type":"palces","link":"https:\/\/atmintiesvietos.azuolynobiblioteka.lt\/en\/palces\/smelynas-the-sands-p-vileisio-square\/","title":{"rendered":"Sm\u0117lynas (The Sands; P. Vilei\u0161io Square)"},"content":{"rendered":"<p><strong>Rimvydas: <\/strong><em>Youth! Petras Vilei\u0161is Square (or Sm\u0117lyn\u0117, as it was called by the residents of Kaunas) was a place famous for horse racing. Back then, I lived in M. Jankaus Street in front of Petro Vilei\u0161io Square. It was a place in \u017daliakalnis the youth of Kaunas liked very much. It was always full of participants and observers.<\/em><\/p>\n","protected":false},"excerpt":{"rendered":"<p>Rimvydas: Youth! Petras Vilei\u0161is Square (or Sm\u0117lyn\u0117, as it was called by the residents of Kaunas) was a place famous for horse racing. Back then, I lived in M. Jankaus Street in front of Petro Vilei\u0161io Square. It was a place in \u017daliakalnis the youth of Kaunas liked very much. It was always full of [&hellip;]<\/p>\n","protected":false},"featured_media":2369,"menu_order":0,"template":"","meta":{"_acf_changed":false,"footnotes":""},"global_cat":[41,134,176,79],"palces_cat":[],"class_list":["post-1629","palces","type-palces","status-publish","has-post-thumbnail","hentry","global_cat-kita","global_cat-134","global_cat-1955-en-134","global_cat-other"],"acf":[],"yoast_head":"<!-- This site is optimized with the Yoast SEO plugin v28.4 - https:\/\/yoast.com\/product\/yoast-seo-wordpress\/ -->\n<title>Sm\u0117lynas (The Sands; P. Vilei\u0161io Square) - atmintiesvietos<\/title>\n<meta name=\"robots\" content=\"noindex, follow, max-snippet:-1, max-image-preview:large, max-video-preview:-1\" \/>\n<meta property=\"og:locale\" content=\"en_US\" \/>\n<meta property=\"og:type\" content=\"article\" \/>\n<meta property=\"og:title\" content=\"Sm\u0117lynas (The Sands; P. Vilei\u0161io Square) - atmintiesvietos\" \/>\n<meta property=\"og:description\" content=\"Rimvydas: Youth! Petras Vilei\u0161is Square (or Sm\u0117lyn\u0117, as it was called by the residents of Kaunas) was a place famous for horse racing. Back then, I lived in M. Jankaus Street in front of Petro Vilei\u0161io Square. It was a place in \u017daliakalnis the youth of Kaunas liked very much. It was always full of [&hellip;]\" \/>\n<meta property=\"og:url\" content=\"https:\/\/atmintiesvietos.azuolynobiblioteka.lt\/en\/palces\/smelynas-the-sands-p-vileisio-square\/\" \/>\n<meta property=\"og:site_name\" content=\"atmintiesvietos\" \/>\n<meta property=\"article:modified_time\" content=\"2026-08-24T12:27:11+00:00\" \/>\n<meta property=\"og:image\" content=\"https:\/\/atmintiesvietos.azuolynobiblioteka.lt\/wp-content\/uploads\/2016\/08\/DSC2814-scaled.jpg\" \/>\n\t<meta property=\"og:image:width\" content=\"2560\" \/>\n\t<meta property=\"og:image:height\" content=\"1920\" \/>\n\t<meta property=\"og:image:type\" content=\"image\/jpeg\" \/>\n<meta name=\"twitter:card\" content=\"summary_large_image\" \/>\n<script type=\"application\/ld+json\" class=\"yoast-schema-graph\">{\"@context\":\"https:\\\/\\\/schema.org\",\"@graph\":[{\"@type\":\"WebPage\",\"@id\":\"https:\\\/\\\/atmintiesvietos.azuolynobiblioteka.lt\\\/en\\\/palces\\\/smelynas-the-sands-p-vileisio-square\\\/\",\"url\":\"https:\\\/\\\/atmintiesvietos.azuolynobiblioteka.lt\\\/en\\\/palces\\\/smelynas-the-sands-p-vileisio-square\\\/\",\"name\":\"Sm\u0117lynas (The Sands; P. Vilei\u0161io Square) - atmintiesvietos\",\"isPartOf\":{\"@id\":\"https:\\\/\\\/atmintiesvietos.azuolynobiblioteka.lt\\\/en\\\/#website\"},\"primaryImageOfPage\":{\"@id\":\"https:\\\/\\\/atmintiesvietos.azuolynobiblioteka.lt\\\/en\\\/palces\\\/smelynas-the-sands-p-vileisio-square\\\/#primaryimage\"},\"image\":{\"@id\":\"https:\\\/\\\/atmintiesvietos.azuolynobiblioteka.lt\\\/en\\\/palces\\\/smelynas-the-sands-p-vileisio-square\\\/#primaryimage\"},\"thumbnailUrl\":\"https:\\\/\\\/atmintiesvietos.azuolynobiblioteka.lt\\\/wp-content\\\/uploads\\\/2016\\\/08\\\/DSC2814-scaled.jpg\",\"datePublished\":\"2016-08-25T10:23:30+00:00\",\"dateModified\":\"2026-08-24T12:27:11+00:00\",\"breadcrumb\":{\"@id\":\"https:\\\/\\\/atmintiesvietos.azuolynobiblioteka.lt\\\/en\\\/palces\\\/smelynas-the-sands-p-vileisio-square\\\/#breadcrumb\"},\"inLanguage\":\"en-US\",\"potentialAction\":[{\"@type\":\"ReadAction\",\"target\":[\"https:\\\/\\\/atmintiesvietos.azuolynobiblioteka.lt\\\/en\\\/palces\\\/smelynas-the-sands-p-vileisio-square\\\/\"]}]},{\"@type\":\"ImageObject\",\"inLanguage\":\"en-US\",\"@id\":\"https:\\\/\\\/atmintiesvietos.azuolynobiblioteka.lt\\\/en\\\/palces\\\/smelynas-the-sands-p-vileisio-square\\\/#primaryimage\",\"url\":\"https:\\\/\\\/atmintiesvietos.azuolynobiblioteka.lt\\\/wp-content\\\/uploads\\\/2016\\\/08\\\/DSC2814-scaled.jpg\",\"contentUrl\":\"https:\\\/\\\/atmintiesvietos.azuolynobiblioteka.lt\\\/wp-content\\\/uploads\\\/2016\\\/08\\\/DSC2814-scaled.jpg\",\"width\":2560,\"height\":1920,\"caption\":\"Photo: From the author's personal archive, 1957\u20131958.\"},{\"@type\":\"BreadcrumbList\",\"@id\":\"https:\\\/\\\/atmintiesvietos.azuolynobiblioteka.lt\\\/en\\\/palces\\\/smelynas-the-sands-p-vileisio-square\\\/#breadcrumb\",\"itemListElement\":[{\"@type\":\"ListItem\",\"position\":1,\"name\":\"Prad\u017eia\",\"item\":\"https:\\\/\\\/atmintiesvietos.azuolynobiblioteka.lt\\\/en\\\/\"},{\"@type\":\"ListItem\",\"position\":2,\"name\":\"Sm\u0117lynas (The Sands; P. Vilei\u0161io Square)\"}]},{\"@type\":\"WebSite\",\"@id\":\"https:\\\/\\\/atmintiesvietos.azuolynobiblioteka.lt\\\/en\\\/#website\",\"url\":\"https:\\\/\\\/atmintiesvietos.azuolynobiblioteka.lt\\\/en\\\/\",\"name\":\"atmintiesvietos.azuolynobiblioteka\",\"description\":\"\",\"potentialAction\":[{\"@type\":\"SearchAction\",\"target\":{\"@type\":\"EntryPoint\",\"urlTemplate\":\"https:\\\/\\\/atmintiesvietos.azuolynobiblioteka.lt\\\/en\\\/?s={search_term_string}\"},\"query-input\":{\"@type\":\"PropertyValueSpecification\",\"valueRequired\":true,\"valueName\":\"search_term_string\"}}],\"inLanguage\":\"en-US\"}]}<\/script>\n<!-- \/ Yoast SEO plugin. -->","yoast_head_json":{"title":"Sm\u0117lynas (The Sands; P. Vilei\u0161io Square) - atmintiesvietos","robots":{"index":"noindex","follow":"follow","max-snippet":"max-snippet:-1","max-image-preview":"max-image-preview:large","max-video-preview":"max-video-preview:-1"},"og_locale":"en_US","og_type":"article","og_title":"Sm\u0117lynas (The Sands; P. Vilei\u0161io Square) - atmintiesvietos","og_description":"Rimvydas: Youth! Petras Vilei\u0161is Square (or Sm\u0117lyn\u0117, as it was called by the residents of Kaunas) was a place famous for horse racing. Back then, I lived in M. Jankaus Street in front of Petro Vilei\u0161io Square. It was a place in \u017daliakalnis the youth of Kaunas liked very much. It was always full of [&hellip;]","og_url":"https:\/\/atmintiesvietos.azuolynobiblioteka.lt\/en\/palces\/smelynas-the-sands-p-vileisio-square\/","og_site_name":"atmintiesvietos","article_modified_time":"2026-08-24T12:27:11+00:00","og_image":[{"width":2560,"height":1920,"url":"https:\/\/atmintiesvietos.azuolynobiblioteka.lt\/wp-content\/uploads\/2016\/08\/DSC2814-scaled.jpg","type":"image\/jpeg"}],"twitter_card":"summary_large_image","schema":{"@context":"https:\/\/schema.org","@graph":[{"@type":"WebPage","@id":"https:\/\/atmintiesvietos.azuolynobiblioteka.lt\/en\/palces\/smelynas-the-sands-p-vileisio-square\/","url":"https:\/\/atmintiesvietos.azuolynobiblioteka.lt\/en\/palces\/smelynas-the-sands-p-vileisio-square\/","name":"Sm\u0117lynas (The Sands; P. Vilei\u0161io Square) - atmintiesvietos","isPartOf":{"@id":"https:\/\/atmintiesvietos.azuolynobiblioteka.lt\/en\/#website"},"primaryImageOfPage":{"@id":"https:\/\/atmintiesvietos.azuolynobiblioteka.lt\/en\/palces\/smelynas-the-sands-p-vileisio-square\/#primaryimage"},"image":{"@id":"https:\/\/atmintiesvietos.azuolynobiblioteka.lt\/en\/palces\/smelynas-the-sands-p-vileisio-square\/#primaryimage"},"thumbnailUrl":"https:\/\/atmintiesvietos.azuolynobiblioteka.lt\/wp-content\/uploads\/2016\/08\/DSC2814-scaled.jpg","datePublished":"2016-08-25T10:23:30+00:00","dateModified":"2026-08-24T12:27:11+00:00","breadcrumb":{"@id":"https:\/\/atmintiesvietos.azuolynobiblioteka.lt\/en\/palces\/smelynas-the-sands-p-vileisio-square\/#breadcrumb"},"inLanguage":"en-US","potentialAction":[{"@type":"ReadAction","target":["https:\/\/atmintiesvietos.azuolynobiblioteka.lt\/en\/palces\/smelynas-the-sands-p-vileisio-square\/"]}]},{"@type":"ImageObject","inLanguage":"en-US","@id":"https:\/\/atmintiesvietos.azuolynobiblioteka.lt\/en\/palces\/smelynas-the-sands-p-vileisio-square\/#primaryimage","url":"https:\/\/atmintiesvietos.azuolynobiblioteka.lt\/wp-content\/uploads\/2016\/08\/DSC2814-scaled.jpg","contentUrl":"https:\/\/atmintiesvietos.azuolynobiblioteka.lt\/wp-content\/uploads\/2016\/08\/DSC2814-scaled.jpg","width":2560,"height":1920,"caption":"Photo: From the author's personal archive, 1957\u20131958."},{"@type":"BreadcrumbList","@id":"https:\/\/atmintiesvietos.azuolynobiblioteka.lt\/en\/palces\/smelynas-the-sands-p-vileisio-square\/#breadcrumb","itemListElement":[{"@type":"ListItem","position":1,"name":"Prad\u017eia","item":"https:\/\/atmintiesvietos.azuolynobiblioteka.lt\/en\/"},{"@type":"ListItem","position":2,"name":"Sm\u0117lynas (The Sands; P. Vilei\u0161io Square)"}]},{"@type":"WebSite","@id":"https:\/\/atmintiesvietos.azuolynobiblioteka.lt\/en\/#website","url":"https:\/\/atmintiesvietos.azuolynobiblioteka.lt\/en\/","name":"atmintiesvietos.azuolynobiblioteka","description":"","potentialAction":[{"@type":"SearchAction","target":{"@type":"EntryPoint","urlTemplate":"https:\/\/atmintiesvietos.azuolynobiblioteka.lt\/en\/?s={search_term_string}"},"query-input":{"@type":"PropertyValueSpecification","valueRequired":true,"valueName":"search_term_string"}}],"inLanguage":"en-US"}]}},"_links":{"self":[{"href":"https:\/\/atmintiesvietos.azuolynobiblioteka.lt\/en\/wp-json\/wp\/v2\/palces\/1629","targetHints":{"allow":["GET"]}}],"collection":[{"href":"https:\/\/atmintiesvietos.azuolynobiblioteka.lt\/en\/wp-json\/wp\/v2\/palces"}],"about":[{"href":"https:\/\/atmintiesvietos.azuolynobiblioteka.lt\/en\/wp-json\/wp\/v2\/types\/palces"}],"version-history":[{"count":1,"href":"https:\/\/atmintiesvietos.azuolynobiblioteka.lt\/en\/wp-json\/wp\/v2\/palces\/1629\/revisions"}],"predecessor-version":[{"id":4630,"href":"https:\/\/atmintiesvietos.azuolynobiblioteka.lt\/en\/wp-json\/wp\/v2\/palces\/1629\/revisions\/4630"}],"wp:featuredmedia":[{"embeddable":true,"href":"https:\/\/atmintiesvietos.azuolynobiblioteka.lt\/en\/wp-json\/wp\/v2\/media\/2369"}],"wp:attachment":[{"href":"https:\/\/atmintiesvietos.azuolynobiblioteka.lt\/en\/wp-json\/wp\/v2\/media?parent=1629"}],"wp:term":[{"taxonomy":"global_cat","embeddable":true,"href":"https:\/\/atmintiesvietos.azuolynobiblioteka.lt\/en\/wp-json\/wp\/v2\/global_cat?post=1629"},{"taxonomy":"palces_cat","embeddable":true,"href":"https:\/\/atmintiesvietos.azuolynobiblioteka.lt\/en\/wp-json\/wp\/v2\/palces_cat?post=1629"}],"curies":[{"name":"wp","href":"https:\/\/api.w.org\/{rel}","templated":true}]}}

Smėlynas (The Sands; P. Vileišio Square)

<p><strong>Rimvydas: </strong><em>Youth! Petras Vileišis Square (or Smėlynė, as it was called by the residents of Kaunas) was a place famous for horse racing. Back then, I lived in M. Jankaus Street in front of Petro Vileišio Square. It was a place in Žaliakalnis the youth of Kaunas liked very much. It was always full of participants and observers.</em></p>

<p>Rimvydas: Youth! Petras Vileišis Square (or Smėlynė, as it was called by the residents of Kaunas) was a place famous for horse racing. Back then, I lived in M. Jankaus Street in front of Petro Vileišio Square. It was a place in Žaliakalnis the youth of Kaunas liked very much. It was always full of [&hellip;]</p>

<!-- This site is optimized with the Yoast SEO plugin v28.4 - https://yoast.com/product/yoast-seo-wordpress/ -->
<title>Smėlynas (The Sands; P. Vileišio Square) - atmintiesvietos</title>
<meta name="robots" content="noindex, follow, max-snippet:-1, max-image-preview:large, max-video-preview:-1" />
<meta property="og:locale" content="en_US" />
<meta property="og:type" content="article" />
<meta property="og:title" content="Smėlynas (The Sands; P. Vileišio Square) - atmintiesvietos" />
<meta property="og:description" content="Rimvydas: Youth! Petras Vileišis Square (or Smėlynė, as it was called by the residents of Kaunas) was a place famous for horse racing. Back then, I lived in M. Jankaus Street in front of Petro Vileišio Square. It was a place in Žaliakalnis the youth of Kaunas liked very much. It was always full of [&hellip;]" />
<meta property="og:url" content="https://atmintiesvietos.azuolynobiblioteka.lt/en/palces/smelynas-the-sands-p-vileisio-square/" />
<meta property="og:site_name" content="atmintiesvietos" />
<meta property="article:modified_time" content="2026-08-24T12:27:11+00:00" />
<meta property="og:image" content="https://atmintiesvietos.azuolynobiblioteka.lt/wp-content/uploads/2016/08/DSC2814-scaled.jpg" />
	<meta property="og:image:width" content="2560" />
	<meta property="og:image:height" content="1920" />
	<meta property="og:image:type" content="image/jpeg" />
<meta name="twitter:card" content="summary_large_image" />
<script type="application/ld+json" class="yoast-schema-graph">{"@context":"https:\/\/schema.org","@graph":[{"@type":"WebPage","@id":"https:\/\/atmintiesvietos.azuolynobiblioteka.lt\/en\/palces\/smelynas-the-sands-p-vileisio-square\/","url":"https:\/\/atmintiesvietos.azuolynobiblioteka.lt\/en\/palces\/smelynas-the-sands-p-vileisio-square\/","name":"Smėlynas (The Sands; P. Vileišio Square) - atmintiesvietos","isPartOf":{"@id":"https:\/\/atmintiesvietos.azuolynobiblioteka.lt\/en\/#website"},"primaryImageOfPage":{"@id":"https:\/\/atmintiesvietos.azuolynobiblioteka.lt\/en\/palces\/smelynas-the-sands-p-vileisio-square\/#primaryimage"},"image":{"@id":"https:\/\/atmintiesvietos.azuolynobiblioteka.lt\/en\/palces\/smelynas-the-sands-p-vileisio-square\/#primaryimage"},"thumbnailUrl":"https:\/\/atmintiesvietos.azuolynobiblioteka.lt\/wp-content\/uploads\/2016\/08\/DSC2814-scaled.jpg","datePublished":"2016-08-25T10:23:30+00:00","dateModified":"2026-08-24T12:27:11+00:00","breadcrumb":{"@id":"https:\/\/atmintiesvietos.azuolynobiblioteka.lt\/en\/palces\/smelynas-the-sands-p-vileisio-square\/#breadcrumb"},"inLanguage":"en-US","potentialAction":[{"@type":"ReadAction","target":["https:\/\/atmintiesvietos.azuolynobiblioteka.lt\/en\/palces\/smelynas-the-sands-p-vileisio-square\/"]}]},{"@type":"ImageObject","inLanguage":"en-US","@id":"https:\/\/atmintiesvietos.azuolynobiblioteka.lt\/en\/palces\/smelynas-the-sands-p-vileisio-square\/#primaryimage","url":"https:\/\/atmintiesvietos.azuolynobiblioteka.lt\/wp-content\/uploads\/2016\/08\/DSC2814-scaled.jpg","contentUrl":"https:\/\/atmintiesvietos.azuolynobiblioteka.lt\/wp-content\/uploads\/2016\/08\/DSC2814-scaled.jpg","width":2560,"height":1920,"caption":"Photo: From the author's personal archive, 1957–1958."},{"@type":"BreadcrumbList","@id":"https:\/\/atmintiesvietos.azuolynobiblioteka.lt\/en\/palces\/smelynas-the-sands-p-vileisio-square\/#breadcrumb","itemListElement":[{"@type":"ListItem","position":1,"name":"Pradžia","item":"https:\/\/atmintiesvietos.azuolynobiblioteka.lt\/en\/"},{"@type":"ListItem","position":2,"name":"Smėlynas (The Sands; P. Vileišio Square)"}]},{"@type":"WebSite","@id":"https:\/\/atmintiesvietos.azuolynobiblioteka.lt\/en\/#website","url":"https:\/\/atmintiesvietos.azuolynobiblioteka.lt\/en\/","name":"atmintiesvietos.azuolynobiblioteka","description":"","potentialAction":[{"@type":"SearchAction","target":{"@type":"EntryPoint","urlTemplate":"https:\/\/atmintiesvietos.azuolynobiblioteka.lt\/en\/?s={search_term_string}"},"query-input":{"@type":"PropertyValueSpecification","valueRequired":true,"valueName":"search_term_string"}}],"inLanguage":"en-US"}]}</script>
<!-- / Yoast SEO plugin. -->

Smėlynas (The Sands; P. Vileišio Square) - atmintiesvietos

Rimvydas: Youth! Petras Vileišis Square (or Smėlynė, as it was called by the residents of Kaunas) was a place famous for horse racing. Back then, I lived in M. Jankaus Street in front of Petro Vileišio Square. It was a place in Žaliakalnis the youth of Kaunas liked very much. It was always full of [&hellip;]

Pradžia
