{"id":1606,"date":"2014-12-11T11:32:16","date_gmt":"2014-12-11T11:32:16","guid":{"rendered":"https:\/\/atmintiesvietos.azuolynobiblioteka.lt\/palces\/dainu-slenis-the-song-valley-of-kaunas\/"},"modified":"2026-08-24T12:45:44","modified_gmt":"2026-08-24T12:45:44","slug":"dainu-slenis-the-song-valley-of-kaunas","status":"publish","type":"palces","link":"https:\/\/atmintiesvietos.azuolynobiblioteka.lt\/en\/palces\/dainu-slenis-the-song-valley-of-kaunas\/","title":{"rendered":"Dain\u0173 Sl\u0117nis (The Song Valley) of Kaunas"},"content":{"rendered":"<p><strong>K. Laurinaityt\u0117: <\/strong><em>I remember Dain\u0173 Sl\u0117nis since I was six, because this was when I started singing in the choir and participating in the Song Festivals. I have been spending time here since childhood, so this place seems so natural and maybe even commonplace, yet pleasant.<\/em><\/p>\n<p><strong>Elvyra: <\/strong><em>It is so good to remember events that took place in Dain\u0173 Sl\u0117nis. All places were occupied, there was no place to sit. All sorts of operettas were performed there. I used to participate in the events, play the violin. (2014)<\/em><\/p>\n<p><strong>\u00a0<\/strong><\/p>\n","protected":false},"excerpt":{"rendered":"<p>K. Laurinaityt\u0117: I remember Dain\u0173 Sl\u0117nis since I was six, because this was when I started singing in the choir and participating in the Song Festivals. I have been spending time here since childhood, so this place seems so natural and maybe even commonplace, yet pleasant. Elvyra: It is so good to remember events that [&hellip;]<\/p>\n","protected":false},"featured_media":2299,"menu_order":0,"template":"","meta":{"_acf_changed":false,"footnotes":""},"global_cat":[41,79,154,104],"palces_cat":[],"class_list":["post-1606","palces","type-palces","status-publish","has-post-thumbnail","hentry","global_cat-kita","global_cat-other","global_cat-zaliakalnis-en-104","global_cat-zaliakalnis"],"acf":[],"yoast_head":"<!-- This site is optimized with the Yoast SEO plugin v28.4 - https:\/\/yoast.com\/product\/yoast-seo-wordpress\/ -->\n<title>Dain\u0173 Sl\u0117nis (The Song Valley) of Kaunas - atmintiesvietos<\/title>\n<meta name=\"robots\" content=\"noindex, follow, max-snippet:-1, max-image-preview:large, max-video-preview:-1\" \/>\n<meta property=\"og:locale\" content=\"en_US\" \/>\n<meta property=\"og:type\" content=\"article\" \/>\n<meta property=\"og:title\" content=\"Dain\u0173 Sl\u0117nis (The Song Valley) of Kaunas - atmintiesvietos\" \/>\n<meta property=\"og:description\" content=\"K. Laurinaityt\u0117: I remember Dain\u0173 Sl\u0117nis since I was six, because this was when I started singing in the choir and participating in the Song Festivals. I have been spending time here since childhood, so this place seems so natural and maybe even commonplace, yet pleasant. Elvyra: It is so good to remember events that [&hellip;]\" \/>\n<meta property=\"og:url\" content=\"https:\/\/atmintiesvietos.azuolynobiblioteka.lt\/en\/palces\/dainu-slenis-the-song-valley-of-kaunas\/\" \/>\n<meta property=\"og:site_name\" content=\"atmintiesvietos\" \/>\n<meta property=\"article:modified_time\" content=\"2026-08-24T12:45:44+00:00\" \/>\n<meta property=\"og:image\" content=\"https:\/\/atmintiesvietos.azuolynobiblioteka.lt\/wp-content\/uploads\/2014\/12\/dainuslenis-rimante1-scaled.jpg\" \/>\n\t<meta property=\"og:image:width\" content=\"2560\" \/>\n\t<meta property=\"og:image:height\" content=\"1707\" \/>\n\t<meta property=\"og:image:type\" content=\"image\/jpeg\" \/>\n<meta name=\"twitter:card\" content=\"summary_large_image\" \/>\n<script type=\"application\/ld+json\" class=\"yoast-schema-graph\">{\"@context\":\"https:\\\/\\\/schema.org\",\"@graph\":[{\"@type\":\"WebPage\",\"@id\":\"https:\\\/\\\/atmintiesvietos.azuolynobiblioteka.lt\\\/en\\\/palces\\\/dainu-slenis-the-song-valley-of-kaunas\\\/\",\"url\":\"https:\\\/\\\/atmintiesvietos.azuolynobiblioteka.lt\\\/en\\\/palces\\\/dainu-slenis-the-song-valley-of-kaunas\\\/\",\"name\":\"Dain\u0173 Sl\u0117nis (The Song Valley) of Kaunas - atmintiesvietos\",\"isPartOf\":{\"@id\":\"https:\\\/\\\/atmintiesvietos.azuolynobiblioteka.lt\\\/en\\\/#website\"},\"primaryImageOfPage\":{\"@id\":\"https:\\\/\\\/atmintiesvietos.azuolynobiblioteka.lt\\\/en\\\/palces\\\/dainu-slenis-the-song-valley-of-kaunas\\\/#primaryimage\"},\"image\":{\"@id\":\"https:\\\/\\\/atmintiesvietos.azuolynobiblioteka.lt\\\/en\\\/palces\\\/dainu-slenis-the-song-valley-of-kaunas\\\/#primaryimage\"},\"thumbnailUrl\":\"https:\\\/\\\/atmintiesvietos.azuolynobiblioteka.lt\\\/wp-content\\\/uploads\\\/2014\\\/12\\\/dainuslenis-rimante1-scaled.jpg\",\"datePublished\":\"2014-12-11T11:32:16+00:00\",\"dateModified\":\"2026-08-24T12:45:44+00:00\",\"breadcrumb\":{\"@id\":\"https:\\\/\\\/atmintiesvietos.azuolynobiblioteka.lt\\\/en\\\/palces\\\/dainu-slenis-the-song-valley-of-kaunas\\\/#breadcrumb\"},\"inLanguage\":\"en-US\",\"potentialAction\":[{\"@type\":\"ReadAction\",\"target\":[\"https:\\\/\\\/atmintiesvietos.azuolynobiblioteka.lt\\\/en\\\/palces\\\/dainu-slenis-the-song-valley-of-kaunas\\\/\"]}]},{\"@type\":\"ImageObject\",\"inLanguage\":\"en-US\",\"@id\":\"https:\\\/\\\/atmintiesvietos.azuolynobiblioteka.lt\\\/en\\\/palces\\\/dainu-slenis-the-song-valley-of-kaunas\\\/#primaryimage\",\"url\":\"https:\\\/\\\/atmintiesvietos.azuolynobiblioteka.lt\\\/wp-content\\\/uploads\\\/2014\\\/12\\\/dainuslenis-rimante1-scaled.jpg\",\"contentUrl\":\"https:\\\/\\\/atmintiesvietos.azuolynobiblioteka.lt\\\/wp-content\\\/uploads\\\/2014\\\/12\\\/dainuslenis-rimante1-scaled.jpg\",\"width\":2560,\"height\":1707,\"caption\":\"Photo: Rimant\u0117s Stank\u016bnait\u0117s, 2014.\"},{\"@type\":\"BreadcrumbList\",\"@id\":\"https:\\\/\\\/atmintiesvietos.azuolynobiblioteka.lt\\\/en\\\/palces\\\/dainu-slenis-the-song-valley-of-kaunas\\\/#breadcrumb\",\"itemListElement\":[{\"@type\":\"ListItem\",\"position\":1,\"name\":\"Prad\u017eia\",\"item\":\"https:\\\/\\\/atmintiesvietos.azuolynobiblioteka.lt\\\/en\\\/\"},{\"@type\":\"ListItem\",\"position\":2,\"name\":\"Dain\u0173 Sl\u0117nis (The Song Valley) of Kaunas\"}]},{\"@type\":\"WebSite\",\"@id\":\"https:\\\/\\\/atmintiesvietos.azuolynobiblioteka.lt\\\/en\\\/#website\",\"url\":\"https:\\\/\\\/atmintiesvietos.azuolynobiblioteka.lt\\\/en\\\/\",\"name\":\"atmintiesvietos.azuolynobiblioteka\",\"description\":\"\",\"potentialAction\":[{\"@type\":\"SearchAction\",\"target\":{\"@type\":\"EntryPoint\",\"urlTemplate\":\"https:\\\/\\\/atmintiesvietos.azuolynobiblioteka.lt\\\/en\\\/?s={search_term_string}\"},\"query-input\":{\"@type\":\"PropertyValueSpecification\",\"valueRequired\":true,\"valueName\":\"search_term_string\"}}],\"inLanguage\":\"en-US\"}]}<\/script>\n<!-- \/ Yoast SEO plugin. -->","yoast_head_json":{"title":"Dain\u0173 Sl\u0117nis (The Song Valley) of Kaunas - atmintiesvietos","robots":{"index":"noindex","follow":"follow","max-snippet":"max-snippet:-1","max-image-preview":"max-image-preview:large","max-video-preview":"max-video-preview:-1"},"og_locale":"en_US","og_type":"article","og_title":"Dain\u0173 Sl\u0117nis (The Song Valley) of Kaunas - atmintiesvietos","og_description":"K. Laurinaityt\u0117: I remember Dain\u0173 Sl\u0117nis since I was six, because this was when I started singing in the choir and participating in the Song Festivals. I have been spending time here since childhood, so this place seems so natural and maybe even commonplace, yet pleasant. Elvyra: It is so good to remember events that [&hellip;]","og_url":"https:\/\/atmintiesvietos.azuolynobiblioteka.lt\/en\/palces\/dainu-slenis-the-song-valley-of-kaunas\/","og_site_name":"atmintiesvietos","article_modified_time":"2026-08-24T12:45:44+00:00","og_image":[{"width":2560,"height":1707,"url":"https:\/\/atmintiesvietos.azuolynobiblioteka.lt\/wp-content\/uploads\/2014\/12\/dainuslenis-rimante1-scaled.jpg","type":"image\/jpeg"}],"twitter_card":"summary_large_image","schema":{"@context":"https:\/\/schema.org","@graph":[{"@type":"WebPage","@id":"https:\/\/atmintiesvietos.azuolynobiblioteka.lt\/en\/palces\/dainu-slenis-the-song-valley-of-kaunas\/","url":"https:\/\/atmintiesvietos.azuolynobiblioteka.lt\/en\/palces\/dainu-slenis-the-song-valley-of-kaunas\/","name":"Dain\u0173 Sl\u0117nis (The Song Valley) of Kaunas - atmintiesvietos","isPartOf":{"@id":"https:\/\/atmintiesvietos.azuolynobiblioteka.lt\/en\/#website"},"primaryImageOfPage":{"@id":"https:\/\/atmintiesvietos.azuolynobiblioteka.lt\/en\/palces\/dainu-slenis-the-song-valley-of-kaunas\/#primaryimage"},"image":{"@id":"https:\/\/atmintiesvietos.azuolynobiblioteka.lt\/en\/palces\/dainu-slenis-the-song-valley-of-kaunas\/#primaryimage"},"thumbnailUrl":"https:\/\/atmintiesvietos.azuolynobiblioteka.lt\/wp-content\/uploads\/2014\/12\/dainuslenis-rimante1-scaled.jpg","datePublished":"2014-12-11T11:32:16+00:00","dateModified":"2026-08-24T12:45:44+00:00","breadcrumb":{"@id":"https:\/\/atmintiesvietos.azuolynobiblioteka.lt\/en\/palces\/dainu-slenis-the-song-valley-of-kaunas\/#breadcrumb"},"inLanguage":"en-US","potentialAction":[{"@type":"ReadAction","target":["https:\/\/atmintiesvietos.azuolynobiblioteka.lt\/en\/palces\/dainu-slenis-the-song-valley-of-kaunas\/"]}]},{"@type":"ImageObject","inLanguage":"en-US","@id":"https:\/\/atmintiesvietos.azuolynobiblioteka.lt\/en\/palces\/dainu-slenis-the-song-valley-of-kaunas\/#primaryimage","url":"https:\/\/atmintiesvietos.azuolynobiblioteka.lt\/wp-content\/uploads\/2014\/12\/dainuslenis-rimante1-scaled.jpg","contentUrl":"https:\/\/atmintiesvietos.azuolynobiblioteka.lt\/wp-content\/uploads\/2014\/12\/dainuslenis-rimante1-scaled.jpg","width":2560,"height":1707,"caption":"Photo: Rimant\u0117s Stank\u016bnait\u0117s, 2014."},{"@type":"BreadcrumbList","@id":"https:\/\/atmintiesvietos.azuolynobiblioteka.lt\/en\/palces\/dainu-slenis-the-song-valley-of-kaunas\/#breadcrumb","itemListElement":[{"@type":"ListItem","position":1,"name":"Prad\u017eia","item":"https:\/\/atmintiesvietos.azuolynobiblioteka.lt\/en\/"},{"@type":"ListItem","position":2,"name":"Dain\u0173 Sl\u0117nis (The Song Valley) of Kaunas"}]},{"@type":"WebSite","@id":"https:\/\/atmintiesvietos.azuolynobiblioteka.lt\/en\/#website","url":"https:\/\/atmintiesvietos.azuolynobiblioteka.lt\/en\/","name":"atmintiesvietos.azuolynobiblioteka","description":"","potentialAction":[{"@type":"SearchAction","target":{"@type":"EntryPoint","urlTemplate":"https:\/\/atmintiesvietos.azuolynobiblioteka.lt\/en\/?s={search_term_string}"},"query-input":{"@type":"PropertyValueSpecification","valueRequired":true,"valueName":"search_term_string"}}],"inLanguage":"en-US"}]}},"_links":{"self":[{"href":"https:\/\/atmintiesvietos.azuolynobiblioteka.lt\/en\/wp-json\/wp\/v2\/palces\/1606","targetHints":{"allow":["GET"]}}],"collection":[{"href":"https:\/\/atmintiesvietos.azuolynobiblioteka.lt\/en\/wp-json\/wp\/v2\/palces"}],"about":[{"href":"https:\/\/atmintiesvietos.azuolynobiblioteka.lt\/en\/wp-json\/wp\/v2\/types\/palces"}],"version-history":[{"count":2,"href":"https:\/\/atmintiesvietos.azuolynobiblioteka.lt\/en\/wp-json\/wp\/v2\/palces\/1606\/revisions"}],"predecessor-version":[{"id":4653,"href":"https:\/\/atmintiesvietos.azuolynobiblioteka.lt\/en\/wp-json\/wp\/v2\/palces\/1606\/revisions\/4653"}],"wp:featuredmedia":[{"embeddable":true,"href":"https:\/\/atmintiesvietos.azuolynobiblioteka.lt\/en\/wp-json\/wp\/v2\/media\/2299"}],"wp:attachment":[{"href":"https:\/\/atmintiesvietos.azuolynobiblioteka.lt\/en\/wp-json\/wp\/v2\/media?parent=1606"}],"wp:term":[{"taxonomy":"global_cat","embeddable":true,"href":"https:\/\/atmintiesvietos.azuolynobiblioteka.lt\/en\/wp-json\/wp\/v2\/global_cat?post=1606"},{"taxonomy":"palces_cat","embeddable":true,"href":"https:\/\/atmintiesvietos.azuolynobiblioteka.lt\/en\/wp-json\/wp\/v2\/palces_cat?post=1606"}],"curies":[{"name":"wp","href":"https:\/\/api.w.org\/{rel}","templated":true}]}}

Dainų Slėnis (The Song Valley) of Kaunas

<p><strong>K. Laurinaitytė: </strong><em>I remember Dainų Slėnis since I was six, because this was when I started singing in the choir and participating in the Song Festivals. I have been spending time here since childhood, so this place seems so natural and maybe even commonplace, yet pleasant.</em></p>
<p><strong>Elvyra: </strong><em>It is so good to remember events that took place in Dainų Slėnis. All places were occupied, there was no place to sit. All sorts of operettas were performed there. I used to participate in the events, play the violin. (2014)</em></p>
<p><strong> </strong></p>

<p>K. Laurinaitytė: I remember Dainų Slėnis since I was six, because this was when I started singing in the choir and participating in the Song Festivals. I have been spending time here since childhood, so this place seems so natural and maybe even commonplace, yet pleasant. Elvyra: It is so good to remember events that [&hellip;]</p>

<!-- This site is optimized with the Yoast SEO plugin v28.4 - https://yoast.com/product/yoast-seo-wordpress/ -->
<title>Dainų Slėnis (The Song Valley) of Kaunas - atmintiesvietos</title>
<meta name="robots" content="noindex, follow, max-snippet:-1, max-image-preview:large, max-video-preview:-1" />
<meta property="og:locale" content="en_US" />
<meta property="og:type" content="article" />
<meta property="og:title" content="Dainų Slėnis (The Song Valley) of Kaunas - atmintiesvietos" />
<meta property="og:description" content="K. Laurinaitytė: I remember Dainų Slėnis since I was six, because this was when I started singing in the choir and participating in the Song Festivals. I have been spending time here since childhood, so this place seems so natural and maybe even commonplace, yet pleasant. Elvyra: It is so good to remember events that [&hellip;]" />
<meta property="og:url" content="https://atmintiesvietos.azuolynobiblioteka.lt/en/palces/dainu-slenis-the-song-valley-of-kaunas/" />
<meta property="og:site_name" content="atmintiesvietos" />
<meta property="article:modified_time" content="2026-08-24T12:45:44+00:00" />
<meta property="og:image" content="https://atmintiesvietos.azuolynobiblioteka.lt/wp-content/uploads/2014/12/dainuslenis-rimante1-scaled.jpg" />
	<meta property="og:image:width" content="2560" />
	<meta property="og:image:height" content="1707" />
	<meta property="og:image:type" content="image/jpeg" />
<meta name="twitter:card" content="summary_large_image" />
<script type="application/ld+json" class="yoast-schema-graph">{"@context":"https:\/\/schema.org","@graph":[{"@type":"WebPage","@id":"https:\/\/atmintiesvietos.azuolynobiblioteka.lt\/en\/palces\/dainu-slenis-the-song-valley-of-kaunas\/","url":"https:\/\/atmintiesvietos.azuolynobiblioteka.lt\/en\/palces\/dainu-slenis-the-song-valley-of-kaunas\/","name":"Dainų Slėnis (The Song Valley) of Kaunas - atmintiesvietos","isPartOf":{"@id":"https:\/\/atmintiesvietos.azuolynobiblioteka.lt\/en\/#website"},"primaryImageOfPage":{"@id":"https:\/\/atmintiesvietos.azuolynobiblioteka.lt\/en\/palces\/dainu-slenis-the-song-valley-of-kaunas\/#primaryimage"},"image":{"@id":"https:\/\/atmintiesvietos.azuolynobiblioteka.lt\/en\/palces\/dainu-slenis-the-song-valley-of-kaunas\/#primaryimage"},"thumbnailUrl":"https:\/\/atmintiesvietos.azuolynobiblioteka.lt\/wp-content\/uploads\/2014\/12\/dainuslenis-rimante1-scaled.jpg","datePublished":"2014-12-11T11:32:16+00:00","dateModified":"2026-08-24T12:45:44+00:00","breadcrumb":{"@id":"https:\/\/atmintiesvietos.azuolynobiblioteka.lt\/en\/palces\/dainu-slenis-the-song-valley-of-kaunas\/#breadcrumb"},"inLanguage":"en-US","potentialAction":[{"@type":"ReadAction","target":["https:\/\/atmintiesvietos.azuolynobiblioteka.lt\/en\/palces\/dainu-slenis-the-song-valley-of-kaunas\/"]}]},{"@type":"ImageObject","inLanguage":"en-US","@id":"https:\/\/atmintiesvietos.azuolynobiblioteka.lt\/en\/palces\/dainu-slenis-the-song-valley-of-kaunas\/#primaryimage","url":"https:\/\/atmintiesvietos.azuolynobiblioteka.lt\/wp-content\/uploads\/2014\/12\/dainuslenis-rimante1-scaled.jpg","contentUrl":"https:\/\/atmintiesvietos.azuolynobiblioteka.lt\/wp-content\/uploads\/2014\/12\/dainuslenis-rimante1-scaled.jpg","width":2560,"height":1707,"caption":"Photo: Rimantės Stankūnaitės, 2014."},{"@type":"BreadcrumbList","@id":"https:\/\/atmintiesvietos.azuolynobiblioteka.lt\/en\/palces\/dainu-slenis-the-song-valley-of-kaunas\/#breadcrumb","itemListElement":[{"@type":"ListItem","position":1,"name":"Pradžia","item":"https:\/\/atmintiesvietos.azuolynobiblioteka.lt\/en\/"},{"@type":"ListItem","position":2,"name":"Dainų Slėnis (The Song Valley) of Kaunas"}]},{"@type":"WebSite","@id":"https:\/\/atmintiesvietos.azuolynobiblioteka.lt\/en\/#website","url":"https:\/\/atmintiesvietos.azuolynobiblioteka.lt\/en\/","name":"atmintiesvietos.azuolynobiblioteka","description":"","potentialAction":[{"@type":"SearchAction","target":{"@type":"EntryPoint","urlTemplate":"https:\/\/atmintiesvietos.azuolynobiblioteka.lt\/en\/?s={search_term_string}"},"query-input":{"@type":"PropertyValueSpecification","valueRequired":true,"valueName":"search_term_string"}}],"inLanguage":"en-US"}]}</script>
<!-- / Yoast SEO plugin. -->

Dainų Slėnis (The Song Valley) of Kaunas - atmintiesvietos

K. Laurinaitytė: I remember Dainų Slėnis since I was six, because this was when I started singing in the choir and participating in the Song Festivals. I have been spending time here since childhood, so this place seems so natural and maybe even commonplace, yet pleasant. Elvyra: It is so good to remember events that [&hellip;]

Photo: Rimantės Stankūnaitės, 2014.

Pradžia
