{"id":4827,"date":"2026-08-21T08:04:37","date_gmt":"2026-08-21T08:04:37","guid":{"rendered":"https:\/\/atmintiesvietos.azuolynobiblioteka.lt\/memory-office\/janina-mazeikaite\/"},"modified":"2026-08-21T08:04:37","modified_gmt":"2026-08-21T08:04:37","slug":"janina-mazeikaite","status":"publish","type":"memory-office","link":"https:\/\/atmintiesvietos.azuolynobiblioteka.lt\/en\/memory-office\/janina-mazeikaite\/","title":{"rendered":"Janina Ma\u017eeikait\u0117"},"content":{"rendered":"<p>Janina, who comes from Panev\u0117\u017eys but has lived in Kaunas for more than sixty years, remembers participating in the partisan movement, forging identity documents, her first visits to Kaunas to see her brother imprisoned by the NKVD, the fate of her relatives who were deported to Siberia, and the formation of her young family in Vilijampol\u0117 and \u017daliakalnis&#8230; &#8220;I didn&#8217;t have any documents. My uncle found out that students were coming from Kaunas to forge passports. He taught me how to do it, and I stole a passport from the seamstress who was teaching me to sew. We went to the forest at night. We handed over the passport. They asked me what year I wanted to be born and what my surname was. I wrote down the surname of the seamstress&#8217;s family. Then they told us to leave. We sat in a circle with my uncle and waited, dozing. At dawn, they called us and gave us back the passport.\u201c&#8212;\u201dMy brother was arrested and imprisoned in Kaunas, but I already had a passport and was able to take him a parcel. I would travel to Kaunas in a truck that had been stopped on the highway. I would stay in \u0160an\u010diai, on Ma\u017eeiki\u0173 Street, with our neighbors&#8217; neighbors. They were struggling and were afraid to go with me to the prison. I would go alone\u2014I was brave and already had a different last name.&#8221;&#8212;&#8220;I used to tie a scarf around my head\u2014someone told me that no one would recognize me that way. Once, with the scarf on, I was sitting at the bus station in Kaunas. A young man in baggy pants and long boots came up to me. He said, &#8216;I want your passport. I said, \u2018Here you go.\u2019 He took my passport, and I got scared: I didn&#8217;t know how the passport had been made, or if anything was missing. I thought, \u2018Whatever will be, will be. If they arrest me, they arrest me.\u2019 He looked at it, gave me back my passport and just asked, \u201cWhy are you wearing a scarf?\u201d &#8220;In Vilijampol\u0117, half of our house was behind a pharmacy, on the corner of Paneri\u0173 and Jurbarko streets. We moved from Vilijampol\u0117 to \u017daliakalnis in the fall. The Jew from whom we bought this farmstead didn&#8217;t sell it to anyone else, he kept it for us, even though there were many people returning from Russia who wanted to buy it. It was like heaven here compared to Vilijampol\u0117. There, there was a toilet in the yard, a path to walk through and nothing else, not a single tree, and here \u2013 such a beautiful place, a garden full of apples.\u201c&#8212;\u201dIn the old town, in the square near the Castle, closer to the Vilijampol\u0117 Bridge, he opened a bathhouse and looked for specialists. I started working there. I worked with Jews \u2013 there were many of them, both male and female hairdressers. There were three female hairdressers and two manicurists. My family had just returned from Siberia at that time, my sister with her child and my parents. My sister wanted to work as a male hairdresser. We who worked at the bathhouse were like a family, so I asked them to take her on. I really liked Laisv\u0117s Al\u0117ja, \u0104\u017euolynas, where there were swings. I also liked the Sports Hall, we used to go to concerts. The five of us would go and sit on half a bench, and once we got a warning. My husband brought ice cream and shared it between the five of us, and one of them turned around and said, \u201cWhat a family!\u201d&#8212;&#8220;Finally, a friend who helped me become a hairdresser invited me to work at the Muralio hair salon. It was in the Pieno Centras building, on the second floor. I saw how they built Merk\u016brijus \u2013 I worked in the tenth chair, right by the window. The Muralio hair salon was high-class: white towels, white smocks, disinfectants on the table, we disinfected after every combing, there was no other way&#8230;&#8221;- &#8211; -Janina Ma\u017eeikait\u0117-Ilekien\u0117Janina was born in the summer of 1928 in the Panev\u0117\u017eys district, Krekenava parish, U\u017eliau\u0161i\u0173 village, where her parents had settled after returning from emigration in the US. There were nine children in the family. When Lithuania was occupied by the Soviet Union, Janina&#8217;s brothers refused to obey the general conscription into the Red Army and joined the partisan resistance. Her parents, brother, and sister were deported to Siberia in 1948, but Janina, thanks to a lucky break, stayed in Lithuania and worked with members of the resistance movement. Later, when the thaw began, she had already started a family and traveled to Siberia to visit her relatives.During her first visits to Kaunas, despite her fear and uncertainty, Janina was so enchanted by the city that she convinced her husband to settle there. In 1954, the family settled in Vilijampol\u0117, and in 1960 they bought a farmstead in \u017daliakalnis, where she still lives today.<\/p>\n<p>Interview date: 2019-03-07<\/p>\n","protected":false},"excerpt":{"rendered":"<p>Janina, who comes from Panev\u0117\u017eys but has lived in Kaunas for more than sixty years, remembers participating in the partisan movement, forging identity documents, her first visits to Kaunas to see her brother imprisoned by the NKVD, the fate of her relatives who were deported to Siberia, and the formation of her young family in [&hellip;]<\/p>\n","protected":false},"featured_media":2883,"template":"","meta":{"_acf_changed":false,"footnotes":""},"global_cat":[],"memory_office_cat":[21],"class_list":["post-4827","memory-office","type-memory-office","status-publish","has-post-thumbnail","hentry","memory_office_cat-interviu-su-tautinemis-kauno-bendruomenemis"],"acf":[],"yoast_head":"<!-- This site is optimized with the Yoast SEO plugin v28.4 - https:\/\/yoast.com\/product\/yoast-seo-wordpress\/ -->\n<title>Janina Ma\u017eeikait\u0117 - atmintiesvietos<\/title>\n<meta name=\"robots\" content=\"noindex, follow, max-snippet:-1, max-image-preview:large, max-video-preview:-1\" \/>\n<meta property=\"og:locale\" content=\"en_US\" \/>\n<meta property=\"og:type\" content=\"article\" \/>\n<meta property=\"og:title\" content=\"Janina Ma\u017eeikait\u0117 - atmintiesvietos\" \/>\n<meta property=\"og:description\" content=\"Janina, who comes from Panev\u0117\u017eys but has lived in Kaunas for more than sixty years, remembers participating in the partisan movement, forging identity documents, her first visits to Kaunas to see her brother imprisoned by the NKVD, the fate of her relatives who were deported to Siberia, and the formation of her young family in [&hellip;]\" \/>\n<meta property=\"og:url\" content=\"https:\/\/atmintiesvietos.azuolynobiblioteka.lt\/en\/memory-office\/janina-mazeikaite\/\" \/>\n<meta property=\"og:site_name\" content=\"atmintiesvietos\" \/>\n<meta property=\"og:image\" content=\"https:\/\/atmintiesvietos.azuolynobiblioteka.lt\/wp-content\/uploads\/2026\/06\/Janina-su-modeliu-pries-kirpeju-konkursa.-Kaunas-1975-m-scaled.jpg\" \/>\n\t<meta property=\"og:image:width\" content=\"2560\" \/>\n\t<meta property=\"og:image:height\" content=\"1839\" \/>\n\t<meta property=\"og:image:type\" content=\"image\/jpeg\" \/>\n<meta name=\"twitter:card\" content=\"summary_large_image\" \/>\n<meta name=\"twitter:label1\" content=\"Est. reading time\" \/>\n\t<meta name=\"twitter:data1\" content=\"4 minutes\" \/>\n<script type=\"application\/ld+json\" class=\"yoast-schema-graph\">{\"@context\":\"https:\\\/\\\/schema.org\",\"@graph\":[{\"@type\":\"WebPage\",\"@id\":\"https:\\\/\\\/atmintiesvietos.azuolynobiblioteka.lt\\\/en\\\/memory-office\\\/janina-mazeikaite\\\/\",\"url\":\"https:\\\/\\\/atmintiesvietos.azuolynobiblioteka.lt\\\/en\\\/memory-office\\\/janina-mazeikaite\\\/\",\"name\":\"Janina Ma\u017eeikait\u0117 - atmintiesvietos\",\"isPartOf\":{\"@id\":\"https:\\\/\\\/atmintiesvietos.azuolynobiblioteka.lt\\\/en\\\/#website\"},\"primaryImageOfPage\":{\"@id\":\"https:\\\/\\\/atmintiesvietos.azuolynobiblioteka.lt\\\/en\\\/memory-office\\\/janina-mazeikaite\\\/#primaryimage\"},\"image\":{\"@id\":\"https:\\\/\\\/atmintiesvietos.azuolynobiblioteka.lt\\\/en\\\/memory-office\\\/janina-mazeikaite\\\/#primaryimage\"},\"thumbnailUrl\":\"https:\\\/\\\/atmintiesvietos.azuolynobiblioteka.lt\\\/wp-content\\\/uploads\\\/2026\\\/06\\\/Janina-su-modeliu-pries-kirpeju-konkursa.-Kaunas-1975-m-scaled.jpg\",\"datePublished\":\"2026-08-21T08:04:37+00:00\",\"breadcrumb\":{\"@id\":\"https:\\\/\\\/atmintiesvietos.azuolynobiblioteka.lt\\\/en\\\/memory-office\\\/janina-mazeikaite\\\/#breadcrumb\"},\"inLanguage\":\"en-US\",\"potentialAction\":[{\"@type\":\"ReadAction\",\"target\":[\"https:\\\/\\\/atmintiesvietos.azuolynobiblioteka.lt\\\/en\\\/memory-office\\\/janina-mazeikaite\\\/\"]}]},{\"@type\":\"ImageObject\",\"inLanguage\":\"en-US\",\"@id\":\"https:\\\/\\\/atmintiesvietos.azuolynobiblioteka.lt\\\/en\\\/memory-office\\\/janina-mazeikaite\\\/#primaryimage\",\"url\":\"https:\\\/\\\/atmintiesvietos.azuolynobiblioteka.lt\\\/wp-content\\\/uploads\\\/2026\\\/06\\\/Janina-su-modeliu-pries-kirpeju-konkursa.-Kaunas-1975-m-scaled.jpg\",\"contentUrl\":\"https:\\\/\\\/atmintiesvietos.azuolynobiblioteka.lt\\\/wp-content\\\/uploads\\\/2026\\\/06\\\/Janina-su-modeliu-pries-kirpeju-konkursa.-Kaunas-1975-m-scaled.jpg\",\"width\":2560,\"height\":1839},{\"@type\":\"BreadcrumbList\",\"@id\":\"https:\\\/\\\/atmintiesvietos.azuolynobiblioteka.lt\\\/en\\\/memory-office\\\/janina-mazeikaite\\\/#breadcrumb\",\"itemListElement\":[{\"@type\":\"ListItem\",\"position\":1,\"name\":\"Prad\u017eia\",\"item\":\"https:\\\/\\\/atmintiesvietos.azuolynobiblioteka.lt\\\/en\\\/\"},{\"@type\":\"ListItem\",\"position\":2,\"name\":\"Janina Ma\u017eeikait\u0117\"}]},{\"@type\":\"WebSite\",\"@id\":\"https:\\\/\\\/atmintiesvietos.azuolynobiblioteka.lt\\\/en\\\/#website\",\"url\":\"https:\\\/\\\/atmintiesvietos.azuolynobiblioteka.lt\\\/en\\\/\",\"name\":\"atmintiesvietos.azuolynobiblioteka\",\"description\":\"\",\"potentialAction\":[{\"@type\":\"SearchAction\",\"target\":{\"@type\":\"EntryPoint\",\"urlTemplate\":\"https:\\\/\\\/atmintiesvietos.azuolynobiblioteka.lt\\\/en\\\/?s={search_term_string}\"},\"query-input\":{\"@type\":\"PropertyValueSpecification\",\"valueRequired\":true,\"valueName\":\"search_term_string\"}}],\"inLanguage\":\"en-US\"}]}<\/script>\n<!-- \/ Yoast SEO plugin. -->","yoast_head_json":{"title":"Janina Ma\u017eeikait\u0117 - atmintiesvietos","robots":{"index":"noindex","follow":"follow","max-snippet":"max-snippet:-1","max-image-preview":"max-image-preview:large","max-video-preview":"max-video-preview:-1"},"og_locale":"en_US","og_type":"article","og_title":"Janina Ma\u017eeikait\u0117 - atmintiesvietos","og_description":"Janina, who comes from Panev\u0117\u017eys but has lived in Kaunas for more than sixty years, remembers participating in the partisan movement, forging identity documents, her first visits to Kaunas to see her brother imprisoned by the NKVD, the fate of her relatives who were deported to Siberia, and the formation of her young family in [&hellip;]","og_url":"https:\/\/atmintiesvietos.azuolynobiblioteka.lt\/en\/memory-office\/janina-mazeikaite\/","og_site_name":"atmintiesvietos","og_image":[{"width":2560,"height":1839,"url":"https:\/\/atmintiesvietos.azuolynobiblioteka.lt\/wp-content\/uploads\/2026\/06\/Janina-su-modeliu-pries-kirpeju-konkursa.-Kaunas-1975-m-scaled.jpg","type":"image\/jpeg"}],"twitter_card":"summary_large_image","twitter_misc":{"Est. reading time":"4 minutes"},"schema":{"@context":"https:\/\/schema.org","@graph":[{"@type":"WebPage","@id":"https:\/\/atmintiesvietos.azuolynobiblioteka.lt\/en\/memory-office\/janina-mazeikaite\/","url":"https:\/\/atmintiesvietos.azuolynobiblioteka.lt\/en\/memory-office\/janina-mazeikaite\/","name":"Janina Ma\u017eeikait\u0117 - atmintiesvietos","isPartOf":{"@id":"https:\/\/atmintiesvietos.azuolynobiblioteka.lt\/en\/#website"},"primaryImageOfPage":{"@id":"https:\/\/atmintiesvietos.azuolynobiblioteka.lt\/en\/memory-office\/janina-mazeikaite\/#primaryimage"},"image":{"@id":"https:\/\/atmintiesvietos.azuolynobiblioteka.lt\/en\/memory-office\/janina-mazeikaite\/#primaryimage"},"thumbnailUrl":"https:\/\/atmintiesvietos.azuolynobiblioteka.lt\/wp-content\/uploads\/2026\/06\/Janina-su-modeliu-pries-kirpeju-konkursa.-Kaunas-1975-m-scaled.jpg","datePublished":"2026-08-21T08:04:37+00:00","breadcrumb":{"@id":"https:\/\/atmintiesvietos.azuolynobiblioteka.lt\/en\/memory-office\/janina-mazeikaite\/#breadcrumb"},"inLanguage":"en-US","potentialAction":[{"@type":"ReadAction","target":["https:\/\/atmintiesvietos.azuolynobiblioteka.lt\/en\/memory-office\/janina-mazeikaite\/"]}]},{"@type":"ImageObject","inLanguage":"en-US","@id":"https:\/\/atmintiesvietos.azuolynobiblioteka.lt\/en\/memory-office\/janina-mazeikaite\/#primaryimage","url":"https:\/\/atmintiesvietos.azuolynobiblioteka.lt\/wp-content\/uploads\/2026\/06\/Janina-su-modeliu-pries-kirpeju-konkursa.-Kaunas-1975-m-scaled.jpg","contentUrl":"https:\/\/atmintiesvietos.azuolynobiblioteka.lt\/wp-content\/uploads\/2026\/06\/Janina-su-modeliu-pries-kirpeju-konkursa.-Kaunas-1975-m-scaled.jpg","width":2560,"height":1839},{"@type":"BreadcrumbList","@id":"https:\/\/atmintiesvietos.azuolynobiblioteka.lt\/en\/memory-office\/janina-mazeikaite\/#breadcrumb","itemListElement":[{"@type":"ListItem","position":1,"name":"Prad\u017eia","item":"https:\/\/atmintiesvietos.azuolynobiblioteka.lt\/en\/"},{"@type":"ListItem","position":2,"name":"Janina Ma\u017eeikait\u0117"}]},{"@type":"WebSite","@id":"https:\/\/atmintiesvietos.azuolynobiblioteka.lt\/en\/#website","url":"https:\/\/atmintiesvietos.azuolynobiblioteka.lt\/en\/","name":"atmintiesvietos.azuolynobiblioteka","description":"","potentialAction":[{"@type":"SearchAction","target":{"@type":"EntryPoint","urlTemplate":"https:\/\/atmintiesvietos.azuolynobiblioteka.lt\/en\/?s={search_term_string}"},"query-input":{"@type":"PropertyValueSpecification","valueRequired":true,"valueName":"search_term_string"}}],"inLanguage":"en-US"}]}},"_links":{"self":[{"href":"https:\/\/atmintiesvietos.azuolynobiblioteka.lt\/en\/wp-json\/wp\/v2\/memory-office\/4827","targetHints":{"allow":["GET"]}}],"collection":[{"href":"https:\/\/atmintiesvietos.azuolynobiblioteka.lt\/en\/wp-json\/wp\/v2\/memory-office"}],"about":[{"href":"https:\/\/atmintiesvietos.azuolynobiblioteka.lt\/en\/wp-json\/wp\/v2\/types\/memory-office"}],"version-history":[{"count":0,"href":"https:\/\/atmintiesvietos.azuolynobiblioteka.lt\/en\/wp-json\/wp\/v2\/memory-office\/4827\/revisions"}],"wp:featuredmedia":[{"embeddable":true,"href":"https:\/\/atmintiesvietos.azuolynobiblioteka.lt\/en\/wp-json\/wp\/v2\/media\/2883"}],"wp:attachment":[{"href":"https:\/\/atmintiesvietos.azuolynobiblioteka.lt\/en\/wp-json\/wp\/v2\/media?parent=4827"}],"wp:term":[{"taxonomy":"global_cat","embeddable":true,"href":"https:\/\/atmintiesvietos.azuolynobiblioteka.lt\/en\/wp-json\/wp\/v2\/global_cat?post=4827"},{"taxonomy":"memory_office_cat","embeddable":true,"href":"https:\/\/atmintiesvietos.azuolynobiblioteka.lt\/en\/wp-json\/wp\/v2\/memory_office_cat?post=4827"}],"curies":[{"name":"wp","href":"https:\/\/api.w.org\/{rel}","templated":true}]}}

Janina Mažeikaitė

<p>Janina, who comes from Panevėžys but has lived in Kaunas for more than sixty years, remembers participating in the partisan movement, forging identity documents, her first visits to Kaunas to see her brother imprisoned by the NKVD, the fate of her relatives who were deported to Siberia, and the formation of her young family in Vilijampolė and Žaliakalnis&#8230; &#8220;I didn&#8217;t have any documents. My uncle found out that students were coming from Kaunas to forge passports. He taught me how to do it, and I stole a passport from the seamstress who was teaching me to sew. We went to the forest at night. We handed over the passport. They asked me what year I wanted to be born and what my surname was. I wrote down the surname of the seamstress&#8217;s family. Then they told us to leave. We sat in a circle with my uncle and waited, dozing. At dawn, they called us and gave us back the passport.“&#8212;”My brother was arrested and imprisoned in Kaunas, but I already had a passport and was able to take him a parcel. I would travel to Kaunas in a truck that had been stopped on the highway. I would stay in Šančiai, on Mažeikių Street, with our neighbors&#8217; neighbors. They were struggling and were afraid to go with me to the prison. I would go alone—I was brave and already had a different last name.&#8221;&#8212;&#8220;I used to tie a scarf around my head—someone told me that no one would recognize me that way. Once, with the scarf on, I was sitting at the bus station in Kaunas. A young man in baggy pants and long boots came up to me. He said, &#8216;I want your passport. I said, ‘Here you go.’ He took my passport, and I got scared: I didn&#8217;t know how the passport had been made, or if anything was missing. I thought, ‘Whatever will be, will be. If they arrest me, they arrest me.’ He looked at it, gave me back my passport and just asked, “Why are you wearing a scarf?” &#8220;In Vilijampolė, half of our house was behind a pharmacy, on the corner of Panerių and Jurbarko streets. We moved from Vilijampolė to Žaliakalnis in the fall. The Jew from whom we bought this farmstead didn&#8217;t sell it to anyone else, he kept it for us, even though there were many people returning from Russia who wanted to buy it. It was like heaven here compared to Vilijampolė. There, there was a toilet in the yard, a path to walk through and nothing else, not a single tree, and here – such a beautiful place, a garden full of apples.“&#8212;”In the old town, in the square near the Castle, closer to the Vilijampolė Bridge, he opened a bathhouse and looked for specialists. I started working there. I worked with Jews – there were many of them, both male and female hairdressers. There were three female hairdressers and two manicurists. My family had just returned from Siberia at that time, my sister with her child and my parents. My sister wanted to work as a male hairdresser. We who worked at the bathhouse were like a family, so I asked them to take her on. I really liked Laisvės Alėja, Ąžuolynas, where there were swings. I also liked the Sports Hall, we used to go to concerts. The five of us would go and sit on half a bench, and once we got a warning. My husband brought ice cream and shared it between the five of us, and one of them turned around and said, “What a family!”&#8212;&#8220;Finally, a friend who helped me become a hairdresser invited me to work at the Muralio hair salon. It was in the Pieno Centras building, on the second floor. I saw how they built Merkūrijus – I worked in the tenth chair, right by the window. The Muralio hair salon was high-class: white towels, white smocks, disinfectants on the table, we disinfected after every combing, there was no other way&#8230;&#8221;- &#8211; -Janina Mažeikaitė-IlekienėJanina was born in the summer of 1928 in the Panevėžys district, Krekenava parish, Užliaušių village, where her parents had settled after returning from emigration in the US. There were nine children in the family. When Lithuania was occupied by the Soviet Union, Janina&#8217;s brothers refused to obey the general conscription into the Red Army and joined the partisan resistance. Her parents, brother, and sister were deported to Siberia in 1948, but Janina, thanks to a lucky break, stayed in Lithuania and worked with members of the resistance movement. Later, when the thaw began, she had already started a family and traveled to Siberia to visit her relatives.During her first visits to Kaunas, despite her fear and uncertainty, Janina was so enchanted by the city that she convinced her husband to settle there. In 1954, the family settled in Vilijampolė, and in 1960 they bought a farmstead in Žaliakalnis, where she still lives today.</p>
<p>Interview date: 2019-03-07</p>

<p>Janina, who comes from Panevėžys but has lived in Kaunas for more than sixty years, remembers participating in the partisan movement, forging identity documents, her first visits to Kaunas to see her brother imprisoned by the NKVD, the fate of her relatives who were deported to Siberia, and the formation of her young family in [&hellip;]</p>

<!-- This site is optimized with the Yoast SEO plugin v28.4 - https://yoast.com/product/yoast-seo-wordpress/ -->
<title>Janina Mažeikaitė - atmintiesvietos</title>
<meta name="robots" content="noindex, follow, max-snippet:-1, max-image-preview:large, max-video-preview:-1" />
<meta property="og:locale" content="en_US" />
<meta property="og:type" content="article" />
<meta property="og:title" content="Janina Mažeikaitė - atmintiesvietos" />
<meta property="og:description" content="Janina, who comes from Panevėžys but has lived in Kaunas for more than sixty years, remembers participating in the partisan movement, forging identity documents, her first visits to Kaunas to see her brother imprisoned by the NKVD, the fate of her relatives who were deported to Siberia, and the formation of her young family in [&hellip;]" />
<meta property="og:url" content="https://atmintiesvietos.azuolynobiblioteka.lt/en/memory-office/janina-mazeikaite/" />
<meta property="og:site_name" content="atmintiesvietos" />
<meta property="og:image" content="https://atmintiesvietos.azuolynobiblioteka.lt/wp-content/uploads/2026/06/Janina-su-modeliu-pries-kirpeju-konkursa.-Kaunas-1975-m-scaled.jpg" />
	<meta property="og:image:width" content="2560" />
	<meta property="og:image:height" content="1839" />
	<meta property="og:image:type" content="image/jpeg" />
<meta name="twitter:card" content="summary_large_image" />
<meta name="twitter:label1" content="Est. reading time" />
	<meta name="twitter:data1" content="4 minutes" />
<script type="application/ld+json" class="yoast-schema-graph">{"@context":"https:\/\/schema.org","@graph":[{"@type":"WebPage","@id":"https:\/\/atmintiesvietos.azuolynobiblioteka.lt\/en\/memory-office\/janina-mazeikaite\/","url":"https:\/\/atmintiesvietos.azuolynobiblioteka.lt\/en\/memory-office\/janina-mazeikaite\/","name":"Janina Mažeikaitė - atmintiesvietos","isPartOf":{"@id":"https:\/\/atmintiesvietos.azuolynobiblioteka.lt\/en\/#website"},"primaryImageOfPage":{"@id":"https:\/\/atmintiesvietos.azuolynobiblioteka.lt\/en\/memory-office\/janina-mazeikaite\/#primaryimage"},"image":{"@id":"https:\/\/atmintiesvietos.azuolynobiblioteka.lt\/en\/memory-office\/janina-mazeikaite\/#primaryimage"},"thumbnailUrl":"https:\/\/atmintiesvietos.azuolynobiblioteka.lt\/wp-content\/uploads\/2026\/06\/Janina-su-modeliu-pries-kirpeju-konkursa.-Kaunas-1975-m-scaled.jpg","datePublished":"2026-08-21T08:04:37+00:00","breadcrumb":{"@id":"https:\/\/atmintiesvietos.azuolynobiblioteka.lt\/en\/memory-office\/janina-mazeikaite\/#breadcrumb"},"inLanguage":"en-US","potentialAction":[{"@type":"ReadAction","target":["https:\/\/atmintiesvietos.azuolynobiblioteka.lt\/en\/memory-office\/janina-mazeikaite\/"]}]},{"@type":"ImageObject","inLanguage":"en-US","@id":"https:\/\/atmintiesvietos.azuolynobiblioteka.lt\/en\/memory-office\/janina-mazeikaite\/#primaryimage","url":"https:\/\/atmintiesvietos.azuolynobiblioteka.lt\/wp-content\/uploads\/2026\/06\/Janina-su-modeliu-pries-kirpeju-konkursa.-Kaunas-1975-m-scaled.jpg","contentUrl":"https:\/\/atmintiesvietos.azuolynobiblioteka.lt\/wp-content\/uploads\/2026\/06\/Janina-su-modeliu-pries-kirpeju-konkursa.-Kaunas-1975-m-scaled.jpg","width":2560,"height":1839},{"@type":"BreadcrumbList","@id":"https:\/\/atmintiesvietos.azuolynobiblioteka.lt\/en\/memory-office\/janina-mazeikaite\/#breadcrumb","itemListElement":[{"@type":"ListItem","position":1,"name":"Pradžia","item":"https:\/\/atmintiesvietos.azuolynobiblioteka.lt\/en\/"},{"@type":"ListItem","position":2,"name":"Janina Mažeikaitė"}]},{"@type":"WebSite","@id":"https:\/\/atmintiesvietos.azuolynobiblioteka.lt\/en\/#website","url":"https:\/\/atmintiesvietos.azuolynobiblioteka.lt\/en\/","name":"atmintiesvietos.azuolynobiblioteka","description":"","potentialAction":[{"@type":"SearchAction","target":{"@type":"EntryPoint","urlTemplate":"https:\/\/atmintiesvietos.azuolynobiblioteka.lt\/en\/?s={search_term_string}"},"query-input":{"@type":"PropertyValueSpecification","valueRequired":true,"valueName":"search_term_string"}}],"inLanguage":"en-US"}]}</script>
<!-- / Yoast SEO plugin. -->

Janina Mažeikaitė - atmintiesvietos

Janina, who comes from Panevėžys but has lived in Kaunas for more than sixty years, remembers participating in the partisan movement, forging identity documents, her first visits to Kaunas to see her brother imprisoned by the NKVD, the fate of her relatives who were deported to Siberia, and the formation of her young family in [&hellip;]

Pradžia
