{"id":4804,"date":"2026-08-21T08:04:36","date_gmt":"2026-08-21T08:04:36","guid":{"rendered":"https:\/\/atmintiesvietos.azuolynobiblioteka.lt\/memory-office\/kestutis-z-safranavicius\/"},"modified":"2026-08-21T08:04:36","modified_gmt":"2026-08-21T08:04:36","slug":"kestutis-z-safranavicius","status":"publish","type":"memory-office","link":"https:\/\/atmintiesvietos.azuolynobiblioteka.lt\/en\/memory-office\/kestutis-z-safranavicius\/","title":{"rendered":"K\u0119stutis Z. \u0160afranavi\u010dius"},"content":{"rendered":"<p><em>K\u0119stutis Zenonas \u0160afranavi\u010dius, chairman of the Lithuanian Tartar Community of Kaunas County, tells about his family, where two religions of Islam and Catholicism lived together. K\u0119stutis shares his childhood memories in Kaunas and presents his activity in the community and in the Tartar Military History Club. The interview presents today\u2019s world of history-sensitive Lithuanian Tartar.<\/em><\/p>\n<p>&#8211; &#8211; &#8211;<\/p>\n<p>&#8220;My father came to Kaunas after he returned from prison. He was a political prisoner and in 1942 was deported to Germany by the Nazis. Three times he tried to escape the imprisonment place. However, only on the third attempt was he successful. Father tried to return to Lithuania, but was arrested by the Soviet Union Border Troops and imprisoned for 10 years. This is how he ended up in Arkhangelsk Oblast. There he participated in uprisings and again was sentenced for 25 years in prison of Odessa, but another man went there instead of him. Later, Stalin died and all the people (or at least the majority of them) were released. This is how he came to Kaunas in 1954.&#8221;<\/p>\n<p>&#8211; &#8211; &#8211;<\/p>\n<p>&#8220;There were two religions in our family: Islam and Catholicism. We celebrated all religious holidays. Together with our mother we were driving to Rai\u017eiai in Alytus County, to a mosque, which was operating throughout the Soviet time. During all religious holidays at home there were traditional and Tatar dishes: festive cake and dumplings. They were specific \u2013 prepared without pork. Also, we celebrated Christmas and Easter. Nowadays, even though Tatars are Muslims, they celebrate Catholic holidays because of the respect for their neighbors.&#8221;<\/p>\n<p>&#8211; &#8211; &#8211;<\/p>\n<p>&#8220;We were living at Gri\u010diupio Street, where the current KTU student campus is located. Previously, it was a village on the outskirts of the city, however now it is almost the city centre. It was an international neighbourhood. My best friends were German-born children. Also, there lived many Russians and some Poles. Of course, there were Lithuanians, too. There was a zoo nearby, around 300\u2013400 meters away. It was very interesting to go there through the fence, of course, without a ticket. Once, together with my friends, among whom I was the youngest, we decided to hunt ducks with bows at the zoo. I was waiting on the hill while my friends were at the bottom. They returned very quickly because someone was chasing them. We came back home without our bows. Probably I was very scared because even today I remember that fear.&#8221;<\/p>\n<p>&#8211; &#8211; &#8211;<\/p>\n<p>&#8220;We have been organizing the Romualdas Makaveckas&#8217; chess tournament for 11 years now. This tournament became international, as chess players from Denmark, Israel and Poland are participating.&#8221;<\/p>\n<p>&#8211; &#8211; &#8211;<\/p>\n<p>&#8220;A very important yet forgotten fact is that a 20-year-old Tatar named Aleksandras Tuhan-Baranauskas participated in the June Uprising in 1941. He raised the Lithuanian flag at the Kaunas yacht club and was shot down by a Soviet soldier.&#8221;<\/p>\n<p>&#8211; &#8211; &#8211;<\/p>\n<p>&#8220;If we were to take a look at the statistical data about the Kaunas ethnic composition before the war, we would find very few Lithuanians there. Among those, who established the city of Kaunas, there are almost no Lithuanian names \u2013 all are German or Jewish. I managed to find one Armenian as well&#8230; The city should investigate its historical truth more thoroughly.&#8221;<\/p>\n<p>&#8211; &#8211; &#8211;<\/p>\n<p>&#8220;The Tatar descent is very dear to me. I respected my mother, father and relatives very much. Some of them have passed away already. We have loads of Tatar strength. I do not know how many nations can say that they still respect Vytautas the Great that much. Almost all Tatar families have paintings of Vytautas the Great hanging on the walls of their homes. He is an individual who gave the opportunity to our ancestors to come, to settle and to live here. I get a little bit angry when I hear someone saying that the Tatar nation is an ordinary, maybe an alien nation. The patriotism of Lithuanian Tatars is truly great.&#8221;<\/p>\n<p>&#8211; &#8211; &#8211;<\/p>\n<h2>K\u0118STUTIS ZENONAS \u0160AFRANAVI\u010cIUS<\/h2>\n<p><em>K\u0119stutis was born in Kaunas in 1960. His mother Felicija Bagdonavi\u010di\u016bt\u0117 moved from Bazorai village (Alytus county) to Kaunas in 1949. Maternal grandparents \u2013 Abrahamas Bagdonavi\u010dius and Felicija Makulavi\u010di\u016bt\u0117 Bagdonavi\u010dien\u0117 \u2013 are buried in the Muslim cemetery in Bazoras village. His mother is a professed Islam and read Arabic characters. Her brother Danas Makulavi\u010dius was an Imam of the Rai\u017eiai Mosque (Alytus county). Father Petras \u0160afranavi\u010dius, originating from \u017dasliai (Kai\u0161iadoriai county), was a prisoner of the state. He came to Kaunas from Arkhangelsk Oblast in 1954. Paternal grandparents \u2013 Petras \u0160afranavi\u010dius and Kazimiera Sinkevi\u010di\u016bt\u0117 \u0160afranavi\u010dien\u0117. K\u0119stutis&#8217; father considered himself Lithuanian. Family&#8217;s ancestors were warriors and representatives of clergies.<\/em><br \/><em>K\u0119stutis is the head of General Juzefas Beliakas Lithuanian Tartar Military History Club, the virtual Lithuanian Tartar History and Culture Museum and GK gallery. He became the chairman of the Lithuanian Tartar Community of Kaunas County in 2007. This secular community collects information about their ancestors&#8217; contribution to the history of warfare. According to the lists, it is united by 150 individuals<\/em>.<\/p>\n<p>Date of the interview: 06\/12\/2017<\/p>\n<p>For more details: <a href=\"http:\/\/www.totoriai.lt\/\" target=\"_blank\">Tatars of Kaunas. Lithuanian Tatar Community of Kaunas County<\/a><br \/><a href=\"http:\/\/ltim.lt\/\" target=\"_blank\">Lithuanian Tatar History and Culture Museum<\/a><\/p>\n<p>\u00a0<\/p>\n<p>\u00a0<\/p>\n<p>\u00a0<\/p>\n<p>\u00a0<\/p>\n","protected":false},"excerpt":{"rendered":"<p>K\u0119stutis Zenonas \u0160afranavi\u010dius, chairman of the Lithuanian Tartar Community of Kaunas County, tells about his family, where two religions of Islam and Catholicism lived together. K\u0119stutis shares his childhood memories in Kaunas and presents his activity in the community and in the Tartar Military History Club. The interview presents today\u2019s world of history-sensitive Lithuanian Tartar. [&hellip;]<\/p>\n","protected":false},"featured_media":0,"template":"","meta":{"_acf_changed":false,"footnotes":""},"global_cat":[],"memory_office_cat":[21],"class_list":["post-4804","memory-office","type-memory-office","status-publish","hentry","memory_office_cat-interviu-su-tautinemis-kauno-bendruomenemis"],"acf":[],"yoast_head":"<!-- This site is optimized with the Yoast SEO plugin v28.4 - https:\/\/yoast.com\/product\/yoast-seo-wordpress\/ -->\n<title>K\u0119stutis Z. \u0160afranavi\u010dius - atmintiesvietos<\/title>\n<meta name=\"robots\" content=\"noindex, follow, max-snippet:-1, max-image-preview:large, max-video-preview:-1\" \/>\n<meta property=\"og:locale\" content=\"en_US\" \/>\n<meta property=\"og:type\" content=\"article\" \/>\n<meta property=\"og:title\" content=\"K\u0119stutis Z. \u0160afranavi\u010dius - atmintiesvietos\" \/>\n<meta property=\"og:description\" content=\"K\u0119stutis Zenonas \u0160afranavi\u010dius, chairman of the Lithuanian Tartar Community of Kaunas County, tells about his family, where two religions of Islam and Catholicism lived together. K\u0119stutis shares his childhood memories in Kaunas and presents his activity in the community and in the Tartar Military History Club. The interview presents today\u2019s world of history-sensitive Lithuanian Tartar. [&hellip;]\" \/>\n<meta property=\"og:url\" content=\"https:\/\/atmintiesvietos.azuolynobiblioteka.lt\/en\/memory-office\/kestutis-z-safranavicius\/\" \/>\n<meta property=\"og:site_name\" content=\"atmintiesvietos\" \/>\n<meta name=\"twitter:card\" content=\"summary_large_image\" \/>\n<meta name=\"twitter:label1\" content=\"Est. reading time\" \/>\n\t<meta name=\"twitter:data1\" content=\"4 minutes\" \/>\n<script type=\"application\/ld+json\" class=\"yoast-schema-graph\">{\"@context\":\"https:\\\/\\\/schema.org\",\"@graph\":[{\"@type\":\"WebPage\",\"@id\":\"https:\\\/\\\/atmintiesvietos.azuolynobiblioteka.lt\\\/en\\\/memory-office\\\/kestutis-z-safranavicius\\\/\",\"url\":\"https:\\\/\\\/atmintiesvietos.azuolynobiblioteka.lt\\\/en\\\/memory-office\\\/kestutis-z-safranavicius\\\/\",\"name\":\"K\u0119stutis Z. \u0160afranavi\u010dius - atmintiesvietos\",\"isPartOf\":{\"@id\":\"https:\\\/\\\/atmintiesvietos.azuolynobiblioteka.lt\\\/en\\\/#website\"},\"datePublished\":\"2026-08-21T08:04:36+00:00\",\"breadcrumb\":{\"@id\":\"https:\\\/\\\/atmintiesvietos.azuolynobiblioteka.lt\\\/en\\\/memory-office\\\/kestutis-z-safranavicius\\\/#breadcrumb\"},\"inLanguage\":\"en-US\",\"potentialAction\":[{\"@type\":\"ReadAction\",\"target\":[\"https:\\\/\\\/atmintiesvietos.azuolynobiblioteka.lt\\\/en\\\/memory-office\\\/kestutis-z-safranavicius\\\/\"]}]},{\"@type\":\"BreadcrumbList\",\"@id\":\"https:\\\/\\\/atmintiesvietos.azuolynobiblioteka.lt\\\/en\\\/memory-office\\\/kestutis-z-safranavicius\\\/#breadcrumb\",\"itemListElement\":[{\"@type\":\"ListItem\",\"position\":1,\"name\":\"Prad\u017eia\",\"item\":\"https:\\\/\\\/atmintiesvietos.azuolynobiblioteka.lt\\\/en\\\/\"},{\"@type\":\"ListItem\",\"position\":2,\"name\":\"K\u0119stutis Z. \u0160afranavi\u010dius\"}]},{\"@type\":\"WebSite\",\"@id\":\"https:\\\/\\\/atmintiesvietos.azuolynobiblioteka.lt\\\/en\\\/#website\",\"url\":\"https:\\\/\\\/atmintiesvietos.azuolynobiblioteka.lt\\\/en\\\/\",\"name\":\"atmintiesvietos.azuolynobiblioteka\",\"description\":\"\",\"potentialAction\":[{\"@type\":\"SearchAction\",\"target\":{\"@type\":\"EntryPoint\",\"urlTemplate\":\"https:\\\/\\\/atmintiesvietos.azuolynobiblioteka.lt\\\/en\\\/?s={search_term_string}\"},\"query-input\":{\"@type\":\"PropertyValueSpecification\",\"valueRequired\":true,\"valueName\":\"search_term_string\"}}],\"inLanguage\":\"en-US\"}]}<\/script>\n<!-- \/ Yoast SEO plugin. -->","yoast_head_json":{"title":"K\u0119stutis Z. \u0160afranavi\u010dius - atmintiesvietos","robots":{"index":"noindex","follow":"follow","max-snippet":"max-snippet:-1","max-image-preview":"max-image-preview:large","max-video-preview":"max-video-preview:-1"},"og_locale":"en_US","og_type":"article","og_title":"K\u0119stutis Z. \u0160afranavi\u010dius - atmintiesvietos","og_description":"K\u0119stutis Zenonas \u0160afranavi\u010dius, chairman of the Lithuanian Tartar Community of Kaunas County, tells about his family, where two religions of Islam and Catholicism lived together. K\u0119stutis shares his childhood memories in Kaunas and presents his activity in the community and in the Tartar Military History Club. The interview presents today\u2019s world of history-sensitive Lithuanian Tartar. [&hellip;]","og_url":"https:\/\/atmintiesvietos.azuolynobiblioteka.lt\/en\/memory-office\/kestutis-z-safranavicius\/","og_site_name":"atmintiesvietos","twitter_card":"summary_large_image","twitter_misc":{"Est. reading time":"4 minutes"},"schema":{"@context":"https:\/\/schema.org","@graph":[{"@type":"WebPage","@id":"https:\/\/atmintiesvietos.azuolynobiblioteka.lt\/en\/memory-office\/kestutis-z-safranavicius\/","url":"https:\/\/atmintiesvietos.azuolynobiblioteka.lt\/en\/memory-office\/kestutis-z-safranavicius\/","name":"K\u0119stutis Z. \u0160afranavi\u010dius - atmintiesvietos","isPartOf":{"@id":"https:\/\/atmintiesvietos.azuolynobiblioteka.lt\/en\/#website"},"datePublished":"2026-08-21T08:04:36+00:00","breadcrumb":{"@id":"https:\/\/atmintiesvietos.azuolynobiblioteka.lt\/en\/memory-office\/kestutis-z-safranavicius\/#breadcrumb"},"inLanguage":"en-US","potentialAction":[{"@type":"ReadAction","target":["https:\/\/atmintiesvietos.azuolynobiblioteka.lt\/en\/memory-office\/kestutis-z-safranavicius\/"]}]},{"@type":"BreadcrumbList","@id":"https:\/\/atmintiesvietos.azuolynobiblioteka.lt\/en\/memory-office\/kestutis-z-safranavicius\/#breadcrumb","itemListElement":[{"@type":"ListItem","position":1,"name":"Prad\u017eia","item":"https:\/\/atmintiesvietos.azuolynobiblioteka.lt\/en\/"},{"@type":"ListItem","position":2,"name":"K\u0119stutis Z. \u0160afranavi\u010dius"}]},{"@type":"WebSite","@id":"https:\/\/atmintiesvietos.azuolynobiblioteka.lt\/en\/#website","url":"https:\/\/atmintiesvietos.azuolynobiblioteka.lt\/en\/","name":"atmintiesvietos.azuolynobiblioteka","description":"","potentialAction":[{"@type":"SearchAction","target":{"@type":"EntryPoint","urlTemplate":"https:\/\/atmintiesvietos.azuolynobiblioteka.lt\/en\/?s={search_term_string}"},"query-input":{"@type":"PropertyValueSpecification","valueRequired":true,"valueName":"search_term_string"}}],"inLanguage":"en-US"}]}},"_links":{"self":[{"href":"https:\/\/atmintiesvietos.azuolynobiblioteka.lt\/en\/wp-json\/wp\/v2\/memory-office\/4804","targetHints":{"allow":["GET"]}}],"collection":[{"href":"https:\/\/atmintiesvietos.azuolynobiblioteka.lt\/en\/wp-json\/wp\/v2\/memory-office"}],"about":[{"href":"https:\/\/atmintiesvietos.azuolynobiblioteka.lt\/en\/wp-json\/wp\/v2\/types\/memory-office"}],"version-history":[{"count":0,"href":"https:\/\/atmintiesvietos.azuolynobiblioteka.lt\/en\/wp-json\/wp\/v2\/memory-office\/4804\/revisions"}],"wp:attachment":[{"href":"https:\/\/atmintiesvietos.azuolynobiblioteka.lt\/en\/wp-json\/wp\/v2\/media?parent=4804"}],"wp:term":[{"taxonomy":"global_cat","embeddable":true,"href":"https:\/\/atmintiesvietos.azuolynobiblioteka.lt\/en\/wp-json\/wp\/v2\/global_cat?post=4804"},{"taxonomy":"memory_office_cat","embeddable":true,"href":"https:\/\/atmintiesvietos.azuolynobiblioteka.lt\/en\/wp-json\/wp\/v2\/memory_office_cat?post=4804"}],"curies":[{"name":"wp","href":"https:\/\/api.w.org\/{rel}","templated":true}]}}

Kęstutis Z. Šafranavičius

<p><em>Kęstutis Zenonas Šafranavičius, chairman of the Lithuanian Tartar Community of Kaunas County, tells about his family, where two religions of Islam and Catholicism lived together. Kęstutis shares his childhood memories in Kaunas and presents his activity in the community and in the Tartar Military History Club. The interview presents today’s world of history-sensitive Lithuanian Tartar.</em></p>
<p>&#8211; &#8211; &#8211;</p>
<p>&#8220;My father came to Kaunas after he returned from prison. He was a political prisoner and in 1942 was deported to Germany by the Nazis. Three times he tried to escape the imprisonment place. However, only on the third attempt was he successful. Father tried to return to Lithuania, but was arrested by the Soviet Union Border Troops and imprisoned for 10 years. This is how he ended up in Arkhangelsk Oblast. There he participated in uprisings and again was sentenced for 25 years in prison of Odessa, but another man went there instead of him. Later, Stalin died and all the people (or at least the majority of them) were released. This is how he came to Kaunas in 1954.&#8221;</p>
<p>&#8211; &#8211; &#8211;</p>
<p>&#8220;There were two religions in our family: Islam and Catholicism. We celebrated all religious holidays. Together with our mother we were driving to Raižiai in Alytus County, to a mosque, which was operating throughout the Soviet time. During all religious holidays at home there were traditional and Tatar dishes: festive cake and dumplings. They were specific – prepared without pork. Also, we celebrated Christmas and Easter. Nowadays, even though Tatars are Muslims, they celebrate Catholic holidays because of the respect for their neighbors.&#8221;</p>
<p>&#8211; &#8211; &#8211;</p>
<p>&#8220;We were living at Gričiupio Street, where the current KTU student campus is located. Previously, it was a village on the outskirts of the city, however now it is almost the city centre. It was an international neighbourhood. My best friends were German-born children. Also, there lived many Russians and some Poles. Of course, there were Lithuanians, too. There was a zoo nearby, around 300–400 meters away. It was very interesting to go there through the fence, of course, without a ticket. Once, together with my friends, among whom I was the youngest, we decided to hunt ducks with bows at the zoo. I was waiting on the hill while my friends were at the bottom. They returned very quickly because someone was chasing them. We came back home without our bows. Probably I was very scared because even today I remember that fear.&#8221;</p>
<p>&#8211; &#8211; &#8211;</p>
<p>&#8220;We have been organizing the Romualdas Makaveckas&#8217; chess tournament for 11 years now. This tournament became international, as chess players from Denmark, Israel and Poland are participating.&#8221;</p>
<p>&#8211; &#8211; &#8211;</p>
<p>&#8220;A very important yet forgotten fact is that a 20-year-old Tatar named Aleksandras Tuhan-Baranauskas participated in the June Uprising in 1941. He raised the Lithuanian flag at the Kaunas yacht club and was shot down by a Soviet soldier.&#8221;</p>
<p>&#8211; &#8211; &#8211;</p>
<p>&#8220;If we were to take a look at the statistical data about the Kaunas ethnic composition before the war, we would find very few Lithuanians there. Among those, who established the city of Kaunas, there are almost no Lithuanian names – all are German or Jewish. I managed to find one Armenian as well&#8230; The city should investigate its historical truth more thoroughly.&#8221;</p>
<p>&#8211; &#8211; &#8211;</p>
<p>&#8220;The Tatar descent is very dear to me. I respected my mother, father and relatives very much. Some of them have passed away already. We have loads of Tatar strength. I do not know how many nations can say that they still respect Vytautas the Great that much. Almost all Tatar families have paintings of Vytautas the Great hanging on the walls of their homes. He is an individual who gave the opportunity to our ancestors to come, to settle and to live here. I get a little bit angry when I hear someone saying that the Tatar nation is an ordinary, maybe an alien nation. The patriotism of Lithuanian Tatars is truly great.&#8221;</p>
<p>&#8211; &#8211; &#8211;</p>
<h2>KĘSTUTIS ZENONAS ŠAFRANAVIČIUS</h2>
<p><em>Kęstutis was born in Kaunas in 1960. His mother Felicija Bagdonavičiūtė moved from Bazorai village (Alytus county) to Kaunas in 1949. Maternal grandparents – Abrahamas Bagdonavičius and Felicija Makulavičiūtė Bagdonavičienė – are buried in the Muslim cemetery in Bazoras village. His mother is a professed Islam and read Arabic characters. Her brother Danas Makulavičius was an Imam of the Raižiai Mosque (Alytus county). Father Petras Šafranavičius, originating from Žasliai (Kaišiadoriai county), was a prisoner of the state. He came to Kaunas from Arkhangelsk Oblast in 1954. Paternal grandparents – Petras Šafranavičius and Kazimiera Sinkevičiūtė Šafranavičienė. Kęstutis&#8217; father considered himself Lithuanian. Family&#8217;s ancestors were warriors and representatives of clergies.</em><br /><em>Kęstutis is the head of General Juzefas Beliakas Lithuanian Tartar Military History Club, the virtual Lithuanian Tartar History and Culture Museum and GK gallery. He became the chairman of the Lithuanian Tartar Community of Kaunas County in 2007. This secular community collects information about their ancestors&#8217; contribution to the history of warfare. According to the lists, it is united by 150 individuals</em>.</p>
<p>Date of the interview: 06/12/2017</p>
<p>For more details: <a href="http://www.totoriai.lt/" target="_blank">Tatars of Kaunas. Lithuanian Tatar Community of Kaunas County</a><br /><a href="http://ltim.lt/" target="_blank">Lithuanian Tatar History and Culture Museum</a></p>
<p> </p>
<p> </p>
<p> </p>
<p> </p>

<p>Kęstutis Zenonas Šafranavičius, chairman of the Lithuanian Tartar Community of Kaunas County, tells about his family, where two religions of Islam and Catholicism lived together. Kęstutis shares his childhood memories in Kaunas and presents his activity in the community and in the Tartar Military History Club. The interview presents today’s world of history-sensitive Lithuanian Tartar. [&hellip;]</p>

<!-- This site is optimized with the Yoast SEO plugin v28.4 - https://yoast.com/product/yoast-seo-wordpress/ -->
<title>Kęstutis Z. Šafranavičius - atmintiesvietos</title>
<meta name="robots" content="noindex, follow, max-snippet:-1, max-image-preview:large, max-video-preview:-1" />
<meta property="og:locale" content="en_US" />
<meta property="og:type" content="article" />
<meta property="og:title" content="Kęstutis Z. Šafranavičius - atmintiesvietos" />
<meta property="og:description" content="Kęstutis Zenonas Šafranavičius, chairman of the Lithuanian Tartar Community of Kaunas County, tells about his family, where two religions of Islam and Catholicism lived together. Kęstutis shares his childhood memories in Kaunas and presents his activity in the community and in the Tartar Military History Club. The interview presents today’s world of history-sensitive Lithuanian Tartar. [&hellip;]" />
<meta property="og:url" content="https://atmintiesvietos.azuolynobiblioteka.lt/en/memory-office/kestutis-z-safranavicius/" />
<meta property="og:site_name" content="atmintiesvietos" />
<meta name="twitter:card" content="summary_large_image" />
<meta name="twitter:label1" content="Est. reading time" />
	<meta name="twitter:data1" content="4 minutes" />
<script type="application/ld+json" class="yoast-schema-graph">{"@context":"https:\/\/schema.org","@graph":[{"@type":"WebPage","@id":"https:\/\/atmintiesvietos.azuolynobiblioteka.lt\/en\/memory-office\/kestutis-z-safranavicius\/","url":"https:\/\/atmintiesvietos.azuolynobiblioteka.lt\/en\/memory-office\/kestutis-z-safranavicius\/","name":"Kęstutis Z. Šafranavičius - atmintiesvietos","isPartOf":{"@id":"https:\/\/atmintiesvietos.azuolynobiblioteka.lt\/en\/#website"},"datePublished":"2026-08-21T08:04:36+00:00","breadcrumb":{"@id":"https:\/\/atmintiesvietos.azuolynobiblioteka.lt\/en\/memory-office\/kestutis-z-safranavicius\/#breadcrumb"},"inLanguage":"en-US","potentialAction":[{"@type":"ReadAction","target":["https:\/\/atmintiesvietos.azuolynobiblioteka.lt\/en\/memory-office\/kestutis-z-safranavicius\/"]}]},{"@type":"BreadcrumbList","@id":"https:\/\/atmintiesvietos.azuolynobiblioteka.lt\/en\/memory-office\/kestutis-z-safranavicius\/#breadcrumb","itemListElement":[{"@type":"ListItem","position":1,"name":"Pradžia","item":"https:\/\/atmintiesvietos.azuolynobiblioteka.lt\/en\/"},{"@type":"ListItem","position":2,"name":"Kęstutis Z. Šafranavičius"}]},{"@type":"WebSite","@id":"https:\/\/atmintiesvietos.azuolynobiblioteka.lt\/en\/#website","url":"https:\/\/atmintiesvietos.azuolynobiblioteka.lt\/en\/","name":"atmintiesvietos.azuolynobiblioteka","description":"","potentialAction":[{"@type":"SearchAction","target":{"@type":"EntryPoint","urlTemplate":"https:\/\/atmintiesvietos.azuolynobiblioteka.lt\/en\/?s={search_term_string}"},"query-input":{"@type":"PropertyValueSpecification","valueRequired":true,"valueName":"search_term_string"}}],"inLanguage":"en-US"}]}</script>
<!-- / Yoast SEO plugin. -->

Kęstutis Z. Šafranavičius - atmintiesvietos

Kęstutis Zenonas Šafranavičius, chairman of the Lithuanian Tartar Community of Kaunas County, tells about his family, where two religions of Islam and Catholicism lived together. Kęstutis shares his childhood memories in Kaunas and presents his activity in the community and in the Tartar Military History Club. The interview presents today’s world of history-sensitive Lithuanian Tartar. [&hellip;]

Pradžia
