{"id":4803,"date":"2026-06-22T10:44:21","date_gmt":"2026-06-22T10:44:21","guid":{"rendered":"https:\/\/atmintiesvietos.azuolynobiblioteka.lt\/memory-office\/fruma-kucinskiene\/"},"modified":"2026-08-24T06:09:29","modified_gmt":"2026-08-24T06:09:29","slug":"fruma-kucinskiene","status":"publish","type":"memory-office","link":"https:\/\/atmintiesvietos.azuolynobiblioteka.lt\/en\/memory-office\/fruma-kucinskiene\/","title":{"rendered":"Fruma Ku\u010dinskien\u0117"},"content":{"rendered":"<p>&#8216;<\/p>\n<p><em>Kaunas Jewish community member, Fruma Ku\u010dinskien\u0117, tells about warm family gatherings at her grandparents&#8217; home in the Town Hall Square during traditional celebrations, the pre-war landscape of Kaunas seen from a small car window while sitting on a pile of socks her father was delivering to citizens, and a suddenly changed world with war planes flying in its sky. Furma shares her experiences of hiding in a small basement of a small house, being taken away from the Jewish ghetto against her will, becoming Danut\u0117 by name, and getting from an emptying Kaunas to Kulautuva on a raft during the last days of the war.<\/em><\/p>\n<p>&#8211; &#8211; &#8211;<\/p>\n<p>&#8220;My first childhood memories connected to Kaunas are very warm. My grandparents lived in the heart of Kaunas, near Town Hall Square. At the time, buses did not run during holidays, so we used to get from \u0160an\u010diai district to the Old Town on a carriage (at least we called it so) or on a bri\u010dkel\u0117* with a roof you could lift. I remember exactly where the bri\u010dkel\u0117 stood with harnessed horses. Many years after there was a taxi stop at the same place in the Old Town&#8221;.<br \/>* One-horse holiday cart<\/p>\n<p>&#8211; &#8211; &#8211;<\/p>\n<p>&#8220;At Easter we ate specific meals according to our religion. We had a big family, our grandparents had as many as seven children. My aunts and uncles used to take us away from the main table and let us eat in secret what was not traditionally allowed. I have a clear memory of those happy faces that later on vanished&#8221;.<\/p>\n<p>&#8211; &#8211; &#8211;<\/p>\n<p>&#8220;My mother always kept our home open to relatives who came to Kaunas to study. For this reason, our home had a fine long table covered with a white tablecloth, and on it \u2013 a bowl of soup.&#8221;<\/p>\n<p>&#8211; &#8211; &#8211;<\/p>\n<p>&#8220;I with my mother were in Drob\u0117s Street, going home, carrying self-sewn dresses. Then suddenly we saw planes in the sky \u2013 they were the first Soviet Union planes. Mother looked at the sky with fright.&#8221;<\/p>\n<p>&#8211; &#8211; &#8211;<\/p>\n<p>&#8220;We were hiding in Petra\u0161i\u016bnai, a place that was not considered to be part of the city. We once came up with an idea to go back home. We were going from Auk\u0161tieji \u0160an\u010diai down Si\u016bl\u0173 Street towards the city centre, my father and brother were recognized by three Hiwis, and therefore were arrested and taken to an unknown location. My mother insisted that I run as far as possible. At home she asked the neighbours to hurry and follow the Hiwis to see where my father and brother were taken to. I remember my neighbour handing mother her new-born daughter and then immediately running downstairs.&#8221;<\/p>\n<p>&#8211; &#8211; &#8211;<\/p>\n<p>&#8220;Living in the ghetto we helped each other to survive. During the action, we were hiding in our house, in a shelter that was installed by my father. The basement area was bricked up, there was a cut-out hole under the beds. We had limited space, usually we would hide there with a few neighbours. The shelter had to be covered by a lid, a bed would be pushed over it and the door would be sealed by pushing a cabinet over it. We could escape only because of the people that were unable to enter the shelter due to the lack of space. We were scared and cramped, with no room to move. We could constantly hear the voices of the Germans and the sound of their plodding steps.&#8221;<\/p>\n<p>&#8211; &#8211; &#8211;<\/p>\n<p>&#8220;One evening, a woman wearing a black hat and talking just in German visited my guardian Natalija. She had a stern face. I got scared of her and ran to hide. Later I realized: she was my saviour and stepmother Helena Holzman.&#8221;<\/p>\n<p>&#8211; &#8211; &#8211;<\/p>\n<p>&#8220;I got into an orphanage, where a priest issued me a false birth certificate. I was told to forget my real name, surname and never to tell it to anyone. I had to choose a Lithuanian name, such as Birut\u0117, Jadzyt\u0117, Danut\u0117\u2026 This is how I came to be Danut\u0117. My real surname Vitkinait\u0117 had to be changed to a new similar one, Vitkauskait\u0117.&#8221;<\/p>\n<p>&#8211; &#8211; &#8211;<\/p>\n<p>&#8220;Kaunas was awfully empty. There were no steamboats sailing but we still had to reach Kulautuva. We were going by the pier near J\u0117zuitai Church, but the Germans used to arrest Lithuanians there and take them away to work in Germany. We hid in the yard behind the church, which is how we got into someone\u2019s cellar. When the surrounding danger passed, we decided to take a look around \u2013 all we saw were just some remaining rafts. There were cheerful people running to the West. My guardian asked me to go away from her and to pretend not to know her.<br \/>When I was drifting on the river I saw Kaunas, on the left hand side there was Vytautas\u2019 the Great Church (Kaunas Church of the Assumption of The Holy Virgin Mary<\/p>\n","protected":false},"excerpt":{"rendered":"<p>&#8216; Kaunas Jewish community member, Fruma Ku\u010dinskien\u0117, tells about warm family gatherings at her grandparents&#8217; home in the Town Hall Square during traditional celebrations, the pre-war landscape of Kaunas seen from a small car window while sitting on a pile of socks her father was delivering to citizens, and a suddenly changed world with war [&hellip;]<\/p>\n","protected":false},"featured_media":0,"template":"","meta":{"_acf_changed":false,"footnotes":""},"global_cat":[],"memory_office_cat":[85,21],"class_list":["post-4803","memory-office","type-memory-office","status-publish","hentry","memory_office_cat-interview-with-ethnic-communities-of-kaunas","memory_office_cat-interviu-su-tautinemis-kauno-bendruomenemis"],"acf":[],"yoast_head":"<!-- This site is optimized with the Yoast SEO plugin v28.4 - https:\/\/yoast.com\/product\/yoast-seo-wordpress\/ -->\n<title>Fruma Ku\u010dinskien\u0117 - atmintiesvietos<\/title>\n<meta name=\"robots\" content=\"noindex, follow, max-snippet:-1, max-image-preview:large, max-video-preview:-1\" \/>\n<meta property=\"og:locale\" content=\"en_US\" \/>\n<meta property=\"og:type\" content=\"article\" \/>\n<meta property=\"og:title\" content=\"Fruma Ku\u010dinskien\u0117 - atmintiesvietos\" \/>\n<meta property=\"og:description\" content=\"&#8216; Kaunas Jewish community member, Fruma Ku\u010dinskien\u0117, tells about warm family gatherings at her grandparents&#8217; home in the Town Hall Square during traditional celebrations, the pre-war landscape of Kaunas seen from a small car window while sitting on a pile of socks her father was delivering to citizens, and a suddenly changed world with war [&hellip;]\" \/>\n<meta property=\"og:url\" content=\"https:\/\/atmintiesvietos.azuolynobiblioteka.lt\/en\/memory-office\/fruma-kucinskiene\/\" \/>\n<meta property=\"og:site_name\" content=\"atmintiesvietos\" \/>\n<meta property=\"article:modified_time\" content=\"2026-08-24T06:09:29+00:00\" \/>\n<meta name=\"twitter:card\" content=\"summary_large_image\" \/>\n<meta name=\"twitter:label1\" content=\"Est. reading time\" \/>\n\t<meta name=\"twitter:data1\" content=\"4 minutes\" \/>\n<script type=\"application\/ld+json\" class=\"yoast-schema-graph\">{\"@context\":\"https:\\\/\\\/schema.org\",\"@graph\":[{\"@type\":\"WebPage\",\"@id\":\"https:\\\/\\\/atmintiesvietos.azuolynobiblioteka.lt\\\/en\\\/memory-office\\\/fruma-kucinskiene\\\/\",\"url\":\"https:\\\/\\\/atmintiesvietos.azuolynobiblioteka.lt\\\/en\\\/memory-office\\\/fruma-kucinskiene\\\/\",\"name\":\"Fruma Ku\u010dinskien\u0117 - atmintiesvietos\",\"isPartOf\":{\"@id\":\"https:\\\/\\\/atmintiesvietos.azuolynobiblioteka.lt\\\/en\\\/#website\"},\"datePublished\":\"2026-06-22T10:44:21+00:00\",\"dateModified\":\"2026-08-24T06:09:29+00:00\",\"breadcrumb\":{\"@id\":\"https:\\\/\\\/atmintiesvietos.azuolynobiblioteka.lt\\\/en\\\/memory-office\\\/fruma-kucinskiene\\\/#breadcrumb\"},\"inLanguage\":\"en-US\",\"potentialAction\":[{\"@type\":\"ReadAction\",\"target\":[\"https:\\\/\\\/atmintiesvietos.azuolynobiblioteka.lt\\\/en\\\/memory-office\\\/fruma-kucinskiene\\\/\"]}]},{\"@type\":\"BreadcrumbList\",\"@id\":\"https:\\\/\\\/atmintiesvietos.azuolynobiblioteka.lt\\\/en\\\/memory-office\\\/fruma-kucinskiene\\\/#breadcrumb\",\"itemListElement\":[{\"@type\":\"ListItem\",\"position\":1,\"name\":\"Prad\u017eia\",\"item\":\"https:\\\/\\\/atmintiesvietos.azuolynobiblioteka.lt\\\/en\\\/\"},{\"@type\":\"ListItem\",\"position\":2,\"name\":\"Fruma Ku\u010dinskien\u0117\"}]},{\"@type\":\"WebSite\",\"@id\":\"https:\\\/\\\/atmintiesvietos.azuolynobiblioteka.lt\\\/en\\\/#website\",\"url\":\"https:\\\/\\\/atmintiesvietos.azuolynobiblioteka.lt\\\/en\\\/\",\"name\":\"atmintiesvietos.azuolynobiblioteka\",\"description\":\"\",\"potentialAction\":[{\"@type\":\"SearchAction\",\"target\":{\"@type\":\"EntryPoint\",\"urlTemplate\":\"https:\\\/\\\/atmintiesvietos.azuolynobiblioteka.lt\\\/en\\\/?s={search_term_string}\"},\"query-input\":{\"@type\":\"PropertyValueSpecification\",\"valueRequired\":true,\"valueName\":\"search_term_string\"}}],\"inLanguage\":\"en-US\"}]}<\/script>\n<!-- \/ Yoast SEO plugin. -->","yoast_head_json":{"title":"Fruma Ku\u010dinskien\u0117 - atmintiesvietos","robots":{"index":"noindex","follow":"follow","max-snippet":"max-snippet:-1","max-image-preview":"max-image-preview:large","max-video-preview":"max-video-preview:-1"},"og_locale":"en_US","og_type":"article","og_title":"Fruma Ku\u010dinskien\u0117 - atmintiesvietos","og_description":"&#8216; Kaunas Jewish community member, Fruma Ku\u010dinskien\u0117, tells about warm family gatherings at her grandparents&#8217; home in the Town Hall Square during traditional celebrations, the pre-war landscape of Kaunas seen from a small car window while sitting on a pile of socks her father was delivering to citizens, and a suddenly changed world with war [&hellip;]","og_url":"https:\/\/atmintiesvietos.azuolynobiblioteka.lt\/en\/memory-office\/fruma-kucinskiene\/","og_site_name":"atmintiesvietos","article_modified_time":"2026-08-24T06:09:29+00:00","twitter_card":"summary_large_image","twitter_misc":{"Est. reading time":"4 minutes"},"schema":{"@context":"https:\/\/schema.org","@graph":[{"@type":"WebPage","@id":"https:\/\/atmintiesvietos.azuolynobiblioteka.lt\/en\/memory-office\/fruma-kucinskiene\/","url":"https:\/\/atmintiesvietos.azuolynobiblioteka.lt\/en\/memory-office\/fruma-kucinskiene\/","name":"Fruma Ku\u010dinskien\u0117 - atmintiesvietos","isPartOf":{"@id":"https:\/\/atmintiesvietos.azuolynobiblioteka.lt\/en\/#website"},"datePublished":"2026-06-22T10:44:21+00:00","dateModified":"2026-08-24T06:09:29+00:00","breadcrumb":{"@id":"https:\/\/atmintiesvietos.azuolynobiblioteka.lt\/en\/memory-office\/fruma-kucinskiene\/#breadcrumb"},"inLanguage":"en-US","potentialAction":[{"@type":"ReadAction","target":["https:\/\/atmintiesvietos.azuolynobiblioteka.lt\/en\/memory-office\/fruma-kucinskiene\/"]}]},{"@type":"BreadcrumbList","@id":"https:\/\/atmintiesvietos.azuolynobiblioteka.lt\/en\/memory-office\/fruma-kucinskiene\/#breadcrumb","itemListElement":[{"@type":"ListItem","position":1,"name":"Prad\u017eia","item":"https:\/\/atmintiesvietos.azuolynobiblioteka.lt\/en\/"},{"@type":"ListItem","position":2,"name":"Fruma Ku\u010dinskien\u0117"}]},{"@type":"WebSite","@id":"https:\/\/atmintiesvietos.azuolynobiblioteka.lt\/en\/#website","url":"https:\/\/atmintiesvietos.azuolynobiblioteka.lt\/en\/","name":"atmintiesvietos.azuolynobiblioteka","description":"","potentialAction":[{"@type":"SearchAction","target":{"@type":"EntryPoint","urlTemplate":"https:\/\/atmintiesvietos.azuolynobiblioteka.lt\/en\/?s={search_term_string}"},"query-input":{"@type":"PropertyValueSpecification","valueRequired":true,"valueName":"search_term_string"}}],"inLanguage":"en-US"}]}},"_links":{"self":[{"href":"https:\/\/atmintiesvietos.azuolynobiblioteka.lt\/en\/wp-json\/wp\/v2\/memory-office\/4803","targetHints":{"allow":["GET"]}}],"collection":[{"href":"https:\/\/atmintiesvietos.azuolynobiblioteka.lt\/en\/wp-json\/wp\/v2\/memory-office"}],"about":[{"href":"https:\/\/atmintiesvietos.azuolynobiblioteka.lt\/en\/wp-json\/wp\/v2\/types\/memory-office"}],"version-history":[{"count":1,"href":"https:\/\/atmintiesvietos.azuolynobiblioteka.lt\/en\/wp-json\/wp\/v2\/memory-office\/4803\/revisions"}],"predecessor-version":[{"id":4893,"href":"https:\/\/atmintiesvietos.azuolynobiblioteka.lt\/en\/wp-json\/wp\/v2\/memory-office\/4803\/revisions\/4893"}],"wp:attachment":[{"href":"https:\/\/atmintiesvietos.azuolynobiblioteka.lt\/en\/wp-json\/wp\/v2\/media?parent=4803"}],"wp:term":[{"taxonomy":"global_cat","embeddable":true,"href":"https:\/\/atmintiesvietos.azuolynobiblioteka.lt\/en\/wp-json\/wp\/v2\/global_cat?post=4803"},{"taxonomy":"memory_office_cat","embeddable":true,"href":"https:\/\/atmintiesvietos.azuolynobiblioteka.lt\/en\/wp-json\/wp\/v2\/memory_office_cat?post=4803"}],"curies":[{"name":"wp","href":"https:\/\/api.w.org\/{rel}","templated":true}]}}

Fruma Kučinskienė

<p>&#8216;</p>
<p><em>Kaunas Jewish community member, Fruma Kučinskienė, tells about warm family gatherings at her grandparents&#8217; home in the Town Hall Square during traditional celebrations, the pre-war landscape of Kaunas seen from a small car window while sitting on a pile of socks her father was delivering to citizens, and a suddenly changed world with war planes flying in its sky. Furma shares her experiences of hiding in a small basement of a small house, being taken away from the Jewish ghetto against her will, becoming Danutė by name, and getting from an emptying Kaunas to Kulautuva on a raft during the last days of the war.</em></p>
<p>&#8211; &#8211; &#8211;</p>
<p>&#8220;My first childhood memories connected to Kaunas are very warm. My grandparents lived in the heart of Kaunas, near Town Hall Square. At the time, buses did not run during holidays, so we used to get from Šančiai district to the Old Town on a carriage (at least we called it so) or on a bričkelė* with a roof you could lift. I remember exactly where the bričkelė stood with harnessed horses. Many years after there was a taxi stop at the same place in the Old Town&#8221;.<br />* One-horse holiday cart</p>
<p>&#8211; &#8211; &#8211;</p>
<p>&#8220;At Easter we ate specific meals according to our religion. We had a big family, our grandparents had as many as seven children. My aunts and uncles used to take us away from the main table and let us eat in secret what was not traditionally allowed. I have a clear memory of those happy faces that later on vanished&#8221;.</p>
<p>&#8211; &#8211; &#8211;</p>
<p>&#8220;My mother always kept our home open to relatives who came to Kaunas to study. For this reason, our home had a fine long table covered with a white tablecloth, and on it – a bowl of soup.&#8221;</p>
<p>&#8211; &#8211; &#8211;</p>
<p>&#8220;I with my mother were in Drobės Street, going home, carrying self-sewn dresses. Then suddenly we saw planes in the sky – they were the first Soviet Union planes. Mother looked at the sky with fright.&#8221;</p>
<p>&#8211; &#8211; &#8211;</p>
<p>&#8220;We were hiding in Petrašiūnai, a place that was not considered to be part of the city. We once came up with an idea to go back home. We were going from Aukštieji Šančiai down Siūlų Street towards the city centre, my father and brother were recognized by three Hiwis, and therefore were arrested and taken to an unknown location. My mother insisted that I run as far as possible. At home she asked the neighbours to hurry and follow the Hiwis to see where my father and brother were taken to. I remember my neighbour handing mother her new-born daughter and then immediately running downstairs.&#8221;</p>
<p>&#8211; &#8211; &#8211;</p>
<p>&#8220;Living in the ghetto we helped each other to survive. During the action, we were hiding in our house, in a shelter that was installed by my father. The basement area was bricked up, there was a cut-out hole under the beds. We had limited space, usually we would hide there with a few neighbours. The shelter had to be covered by a lid, a bed would be pushed over it and the door would be sealed by pushing a cabinet over it. We could escape only because of the people that were unable to enter the shelter due to the lack of space. We were scared and cramped, with no room to move. We could constantly hear the voices of the Germans and the sound of their plodding steps.&#8221;</p>
<p>&#8211; &#8211; &#8211;</p>
<p>&#8220;One evening, a woman wearing a black hat and talking just in German visited my guardian Natalija. She had a stern face. I got scared of her and ran to hide. Later I realized: she was my saviour and stepmother Helena Holzman.&#8221;</p>
<p>&#8211; &#8211; &#8211;</p>
<p>&#8220;I got into an orphanage, where a priest issued me a false birth certificate. I was told to forget my real name, surname and never to tell it to anyone. I had to choose a Lithuanian name, such as Birutė, Jadzytė, Danutė… This is how I came to be Danutė. My real surname Vitkinaitė had to be changed to a new similar one, Vitkauskaitė.&#8221;</p>
<p>&#8211; &#8211; &#8211;</p>
<p>&#8220;Kaunas was awfully empty. There were no steamboats sailing but we still had to reach Kulautuva. We were going by the pier near Jėzuitai Church, but the Germans used to arrest Lithuanians there and take them away to work in Germany. We hid in the yard behind the church, which is how we got into someone’s cellar. When the surrounding danger passed, we decided to take a look around – all we saw were just some remaining rafts. There were cheerful people running to the West. My guardian asked me to go away from her and to pretend not to know her.<br />When I was drifting on the river I saw Kaunas, on the left hand side there was Vytautas’ the Great Church (Kaunas Church of the Assumption of The Holy Virgin Mary</p>

<p>&#8216; Kaunas Jewish community member, Fruma Kučinskienė, tells about warm family gatherings at her grandparents&#8217; home in the Town Hall Square during traditional celebrations, the pre-war landscape of Kaunas seen from a small car window while sitting on a pile of socks her father was delivering to citizens, and a suddenly changed world with war [&hellip;]</p>

<!-- This site is optimized with the Yoast SEO plugin v28.4 - https://yoast.com/product/yoast-seo-wordpress/ -->
<title>Fruma Kučinskienė - atmintiesvietos</title>
<meta name="robots" content="noindex, follow, max-snippet:-1, max-image-preview:large, max-video-preview:-1" />
<meta property="og:locale" content="en_US" />
<meta property="og:type" content="article" />
<meta property="og:title" content="Fruma Kučinskienė - atmintiesvietos" />
<meta property="og:description" content="&#8216; Kaunas Jewish community member, Fruma Kučinskienė, tells about warm family gatherings at her grandparents&#8217; home in the Town Hall Square during traditional celebrations, the pre-war landscape of Kaunas seen from a small car window while sitting on a pile of socks her father was delivering to citizens, and a suddenly changed world with war [&hellip;]" />
<meta property="og:url" content="https://atmintiesvietos.azuolynobiblioteka.lt/en/memory-office/fruma-kucinskiene/" />
<meta property="og:site_name" content="atmintiesvietos" />
<meta property="article:modified_time" content="2026-08-24T06:09:29+00:00" />
<meta name="twitter:card" content="summary_large_image" />
<meta name="twitter:label1" content="Est. reading time" />
	<meta name="twitter:data1" content="4 minutes" />
<script type="application/ld+json" class="yoast-schema-graph">{"@context":"https:\/\/schema.org","@graph":[{"@type":"WebPage","@id":"https:\/\/atmintiesvietos.azuolynobiblioteka.lt\/en\/memory-office\/fruma-kucinskiene\/","url":"https:\/\/atmintiesvietos.azuolynobiblioteka.lt\/en\/memory-office\/fruma-kucinskiene\/","name":"Fruma Kučinskienė - atmintiesvietos","isPartOf":{"@id":"https:\/\/atmintiesvietos.azuolynobiblioteka.lt\/en\/#website"},"datePublished":"2026-06-22T10:44:21+00:00","dateModified":"2026-08-24T06:09:29+00:00","breadcrumb":{"@id":"https:\/\/atmintiesvietos.azuolynobiblioteka.lt\/en\/memory-office\/fruma-kucinskiene\/#breadcrumb"},"inLanguage":"en-US","potentialAction":[{"@type":"ReadAction","target":["https:\/\/atmintiesvietos.azuolynobiblioteka.lt\/en\/memory-office\/fruma-kucinskiene\/"]}]},{"@type":"BreadcrumbList","@id":"https:\/\/atmintiesvietos.azuolynobiblioteka.lt\/en\/memory-office\/fruma-kucinskiene\/#breadcrumb","itemListElement":[{"@type":"ListItem","position":1,"name":"Pradžia","item":"https:\/\/atmintiesvietos.azuolynobiblioteka.lt\/en\/"},{"@type":"ListItem","position":2,"name":"Fruma Kučinskienė"}]},{"@type":"WebSite","@id":"https:\/\/atmintiesvietos.azuolynobiblioteka.lt\/en\/#website","url":"https:\/\/atmintiesvietos.azuolynobiblioteka.lt\/en\/","name":"atmintiesvietos.azuolynobiblioteka","description":"","potentialAction":[{"@type":"SearchAction","target":{"@type":"EntryPoint","urlTemplate":"https:\/\/atmintiesvietos.azuolynobiblioteka.lt\/en\/?s={search_term_string}"},"query-input":{"@type":"PropertyValueSpecification","valueRequired":true,"valueName":"search_term_string"}}],"inLanguage":"en-US"}]}</script>
<!-- / Yoast SEO plugin. -->

Fruma Kučinskienė - atmintiesvietos

&#8216; Kaunas Jewish community member, Fruma Kučinskienė, tells about warm family gatherings at her grandparents&#8217; home in the Town Hall Square during traditional celebrations, the pre-war landscape of Kaunas seen from a small car window while sitting on a pile of socks her father was delivering to citizens, and a suddenly changed world with war [&hellip;]

Pradžia
