{"id":4801,"date":"2026-06-22T10:43:20","date_gmt":"2026-06-22T10:43:20","guid":{"rendered":"https:\/\/atmintiesvietos.azuolynobiblioteka.lt\/memory-office\/izaokas-glikas\/"},"modified":"2026-08-24T06:23:24","modified_gmt":"2026-08-24T06:23:24","slug":"izaokas-glikas","status":"publish","type":"memory-office","link":"https:\/\/atmintiesvietos.azuolynobiblioteka.lt\/en\/memory-office\/izaokas-glikas\/","title":{"rendered":"Izaokas Glikas"},"content":{"rendered":"<p><em>Izaokas Glikas, member of Kaunas Jewish Community, remembers how he has spent a winter\u2019s night with his mother in a pile of hay trying to get warm, while wearing summer shoes, and how we slept in a barn and woke up in a block of ice. He also recalls his life under the care of a priest in Salesian monastery in Gelgaudi\u0161kis, were he was baptised as Antanas \u017demaitis.<\/em><\/p>\n<p>&#8211; &#8211; &#8211;<\/p>\n<p>\u201cMy papa and his cousin, together with some other people, dammed \u0160e\u0161up\u0117 and built a power plant in Kudirkos Naumiestis. That dam of \u0160e\u0161up\u0117 was very opportune for us, when we had to run away from the city. Especially in summer and drier weather, when water below the dam would dry out and it was possible to cross it.\u201d<\/p>\n<p>&#8211; &#8211; &#8211;<\/p>\n<p>\u201cOn June 22, early in the morning, around 4.00 AM, there was a great noise in the town. We heard vehicles and motorcycles. Later we heard a loud explosion, because the Germans blew up the checkpoint of the Soviet Union Army. Father opened the shutters and wanted to open the window and see what was happening. There was a German with a firearm who told that it was forbidden, otherwise he would have to shoot us. Then my papa closed the window and told us that the end had come for us. Two Jews were shot that night. This was the beginning of war.\u201d<\/p>\n<p>&#8211; &#8211; &#8211;<\/p>\n<p>\u201cOn July 1, an unknown policeman came to our home. He greeted us like friends and announced that Germans had ordered to collect men who would be taken to work in Germany. He advised to put on more layers of clothes, bring warmer ones for the trip and food for three days. My father and the eldest brother decided to go. They went outside, there was also an old man, his three sons and several acquaintances. They were lined up, brought to the town market square. Their passports and documents were collected. In late afternoon, they were counted and brought to the Jewish cemetery. When it got dark, shots were heard. We started to panic. We were explained that these are manoeuvres and exercise.\u201d<\/p>\n<p>&#8211; &#8211; &#8211;<\/p>\n<p>\u201cIn winter, January, we had to look for a place. It was minus twenty degrees of Celsius outside. Around the midnight, we knocked at the door of some pleasant people. We told them why we were there, and they sympathised with us. The hosts heated some water and soaked my feet in it. Later they put two bricks into fire. They brought us to the barn. They gave us feather-fill blankets to cover ourselves. Then they placed warm bricks wrapped in some scarves or cloths. It helped to keep the feet warm. This is how we slept. When we woke up in the morning, we saw that the steam we breathed out froze, so our blankets were covered in ice.\u201d<\/p>\n<p>&#8211; &#8211; &#8211;<\/p>\n<p>\u201cFor some time, I found refuge in a monastery, where I learned several prayers and the Ten Commandments. Later my older sister came to work to the kitchen of this monastery. She did not raise any suspicion, because she had light hair, European complexion and knew the language well. We used to see each other when praying in church. We knelt not far away from one another, but there was no contact between us. It was impossible. No one suspected we were brother and sister.\u201d<\/p>\n<p>&#8211; &#8211; &#8211;<\/p>\n<p>\u201cAfter the war, we visited our home in Kudirkos Naumiestis. You could not find a stone on a stone. Everything was levelled, and the city destroyed. Undamaged buildings were scarce: municipality, police station and some other buildings on the same street. There was also church, the tower of which was pierced by bullets. We had nothing to do there. There was no one who could build a house and nothing that could be used to do it, even though a lot of bricks were lying around. Once again we had to find a temporary place to stay with people who hid us during the war.\u201d<\/p>\n<p>&#8211; &#8211; &#8211;<\/p>\n<h3>Izaokas Glikas<\/h3>\n<p><em>Izaokas (Izraelis Iseris) was born in \u0160akiai, 1934. He lived in Kudirkos Naumiestis together with his parents, Jenkelis Glikas and Malka Fri\u0161mantait\u0117 Glikien\u0117, brothers Leibas and Kopelis, sisters Chana Mina and P\u0117s\u0117 Dveira. The family of Glikas was religious and educated. When he was only 7 years-old, Izaokas had to suffer the war and the loss of family members: together with hundreds of other men, the boy\u2019s father and brother Leibas were shot on 1 July 1941 in town&#8217;s Jewish cemetery. Izaokas, his mother, brother and sisters survived the war hiding in nearby villages. 20 farmer families and individuals helped the family of Glikas.<\/em><br \/><em>His sister P\u0117s\u0117 Dveira married and found refuge in Kaunas somewhere around 1949, and the entire surviving family moved to the city as well.<\/em><\/p>\n<p>Data of the interview\u00a02017-10-25<\/p>\n","protected":false},"excerpt":{"rendered":"<p>Izaokas Glikas, member of Kaunas Jewish Community, remembers how he has spent a winter\u2019s night with his mother in a pile of hay trying to get warm, while wearing summer shoes, and how we slept in a barn and woke up in a block of ice. He also recalls his life under the care of [&hellip;]<\/p>\n","protected":false},"featured_media":0,"template":"","meta":{"_acf_changed":false,"footnotes":""},"global_cat":[],"memory_office_cat":[85,21],"class_list":["post-4801","memory-office","type-memory-office","status-publish","hentry","memory_office_cat-interview-with-ethnic-communities-of-kaunas","memory_office_cat-interviu-su-tautinemis-kauno-bendruomenemis"],"acf":[],"yoast_head":"<!-- This site is optimized with the Yoast SEO plugin v28.4 - https:\/\/yoast.com\/product\/yoast-seo-wordpress\/ -->\n<title>Izaokas Glikas - atmintiesvietos<\/title>\n<meta name=\"robots\" content=\"noindex, follow, max-snippet:-1, max-image-preview:large, max-video-preview:-1\" \/>\n<meta property=\"og:locale\" content=\"en_US\" \/>\n<meta property=\"og:type\" content=\"article\" \/>\n<meta property=\"og:title\" content=\"Izaokas Glikas - atmintiesvietos\" \/>\n<meta property=\"og:description\" content=\"Izaokas Glikas, member of Kaunas Jewish Community, remembers how he has spent a winter\u2019s night with his mother in a pile of hay trying to get warm, while wearing summer shoes, and how we slept in a barn and woke up in a block of ice. He also recalls his life under the care of [&hellip;]\" \/>\n<meta property=\"og:url\" content=\"https:\/\/atmintiesvietos.azuolynobiblioteka.lt\/en\/memory-office\/izaokas-glikas\/\" \/>\n<meta property=\"og:site_name\" content=\"atmintiesvietos\" \/>\n<meta property=\"article:modified_time\" content=\"2026-08-24T06:23:24+00:00\" \/>\n<meta name=\"twitter:card\" content=\"summary_large_image\" \/>\n<meta name=\"twitter:label1\" content=\"Est. reading time\" \/>\n\t<meta name=\"twitter:data1\" content=\"4 minutes\" \/>\n<script type=\"application\/ld+json\" class=\"yoast-schema-graph\">{\"@context\":\"https:\\\/\\\/schema.org\",\"@graph\":[{\"@type\":\"WebPage\",\"@id\":\"https:\\\/\\\/atmintiesvietos.azuolynobiblioteka.lt\\\/en\\\/memory-office\\\/izaokas-glikas\\\/\",\"url\":\"https:\\\/\\\/atmintiesvietos.azuolynobiblioteka.lt\\\/en\\\/memory-office\\\/izaokas-glikas\\\/\",\"name\":\"Izaokas Glikas - atmintiesvietos\",\"isPartOf\":{\"@id\":\"https:\\\/\\\/atmintiesvietos.azuolynobiblioteka.lt\\\/en\\\/#website\"},\"datePublished\":\"2026-06-22T10:43:20+00:00\",\"dateModified\":\"2026-08-24T06:23:24+00:00\",\"breadcrumb\":{\"@id\":\"https:\\\/\\\/atmintiesvietos.azuolynobiblioteka.lt\\\/en\\\/memory-office\\\/izaokas-glikas\\\/#breadcrumb\"},\"inLanguage\":\"en-US\",\"potentialAction\":[{\"@type\":\"ReadAction\",\"target\":[\"https:\\\/\\\/atmintiesvietos.azuolynobiblioteka.lt\\\/en\\\/memory-office\\\/izaokas-glikas\\\/\"]}]},{\"@type\":\"BreadcrumbList\",\"@id\":\"https:\\\/\\\/atmintiesvietos.azuolynobiblioteka.lt\\\/en\\\/memory-office\\\/izaokas-glikas\\\/#breadcrumb\",\"itemListElement\":[{\"@type\":\"ListItem\",\"position\":1,\"name\":\"Prad\u017eia\",\"item\":\"https:\\\/\\\/atmintiesvietos.azuolynobiblioteka.lt\\\/en\\\/\"},{\"@type\":\"ListItem\",\"position\":2,\"name\":\"Izaokas Glikas\"}]},{\"@type\":\"WebSite\",\"@id\":\"https:\\\/\\\/atmintiesvietos.azuolynobiblioteka.lt\\\/en\\\/#website\",\"url\":\"https:\\\/\\\/atmintiesvietos.azuolynobiblioteka.lt\\\/en\\\/\",\"name\":\"atmintiesvietos.azuolynobiblioteka\",\"description\":\"\",\"potentialAction\":[{\"@type\":\"SearchAction\",\"target\":{\"@type\":\"EntryPoint\",\"urlTemplate\":\"https:\\\/\\\/atmintiesvietos.azuolynobiblioteka.lt\\\/en\\\/?s={search_term_string}\"},\"query-input\":{\"@type\":\"PropertyValueSpecification\",\"valueRequired\":true,\"valueName\":\"search_term_string\"}}],\"inLanguage\":\"en-US\"}]}<\/script>\n<!-- \/ Yoast SEO plugin. -->","yoast_head_json":{"title":"Izaokas Glikas - atmintiesvietos","robots":{"index":"noindex","follow":"follow","max-snippet":"max-snippet:-1","max-image-preview":"max-image-preview:large","max-video-preview":"max-video-preview:-1"},"og_locale":"en_US","og_type":"article","og_title":"Izaokas Glikas - atmintiesvietos","og_description":"Izaokas Glikas, member of Kaunas Jewish Community, remembers how he has spent a winter\u2019s night with his mother in a pile of hay trying to get warm, while wearing summer shoes, and how we slept in a barn and woke up in a block of ice. He also recalls his life under the care of [&hellip;]","og_url":"https:\/\/atmintiesvietos.azuolynobiblioteka.lt\/en\/memory-office\/izaokas-glikas\/","og_site_name":"atmintiesvietos","article_modified_time":"2026-08-24T06:23:24+00:00","twitter_card":"summary_large_image","twitter_misc":{"Est. reading time":"4 minutes"},"schema":{"@context":"https:\/\/schema.org","@graph":[{"@type":"WebPage","@id":"https:\/\/atmintiesvietos.azuolynobiblioteka.lt\/en\/memory-office\/izaokas-glikas\/","url":"https:\/\/atmintiesvietos.azuolynobiblioteka.lt\/en\/memory-office\/izaokas-glikas\/","name":"Izaokas Glikas - atmintiesvietos","isPartOf":{"@id":"https:\/\/atmintiesvietos.azuolynobiblioteka.lt\/en\/#website"},"datePublished":"2026-06-22T10:43:20+00:00","dateModified":"2026-08-24T06:23:24+00:00","breadcrumb":{"@id":"https:\/\/atmintiesvietos.azuolynobiblioteka.lt\/en\/memory-office\/izaokas-glikas\/#breadcrumb"},"inLanguage":"en-US","potentialAction":[{"@type":"ReadAction","target":["https:\/\/atmintiesvietos.azuolynobiblioteka.lt\/en\/memory-office\/izaokas-glikas\/"]}]},{"@type":"BreadcrumbList","@id":"https:\/\/atmintiesvietos.azuolynobiblioteka.lt\/en\/memory-office\/izaokas-glikas\/#breadcrumb","itemListElement":[{"@type":"ListItem","position":1,"name":"Prad\u017eia","item":"https:\/\/atmintiesvietos.azuolynobiblioteka.lt\/en\/"},{"@type":"ListItem","position":2,"name":"Izaokas Glikas"}]},{"@type":"WebSite","@id":"https:\/\/atmintiesvietos.azuolynobiblioteka.lt\/en\/#website","url":"https:\/\/atmintiesvietos.azuolynobiblioteka.lt\/en\/","name":"atmintiesvietos.azuolynobiblioteka","description":"","potentialAction":[{"@type":"SearchAction","target":{"@type":"EntryPoint","urlTemplate":"https:\/\/atmintiesvietos.azuolynobiblioteka.lt\/en\/?s={search_term_string}"},"query-input":{"@type":"PropertyValueSpecification","valueRequired":true,"valueName":"search_term_string"}}],"inLanguage":"en-US"}]}},"_links":{"self":[{"href":"https:\/\/atmintiesvietos.azuolynobiblioteka.lt\/en\/wp-json\/wp\/v2\/memory-office\/4801","targetHints":{"allow":["GET"]}}],"collection":[{"href":"https:\/\/atmintiesvietos.azuolynobiblioteka.lt\/en\/wp-json\/wp\/v2\/memory-office"}],"about":[{"href":"https:\/\/atmintiesvietos.azuolynobiblioteka.lt\/en\/wp-json\/wp\/v2\/types\/memory-office"}],"version-history":[{"count":1,"href":"https:\/\/atmintiesvietos.azuolynobiblioteka.lt\/en\/wp-json\/wp\/v2\/memory-office\/4801\/revisions"}],"predecessor-version":[{"id":4900,"href":"https:\/\/atmintiesvietos.azuolynobiblioteka.lt\/en\/wp-json\/wp\/v2\/memory-office\/4801\/revisions\/4900"}],"wp:attachment":[{"href":"https:\/\/atmintiesvietos.azuolynobiblioteka.lt\/en\/wp-json\/wp\/v2\/media?parent=4801"}],"wp:term":[{"taxonomy":"global_cat","embeddable":true,"href":"https:\/\/atmintiesvietos.azuolynobiblioteka.lt\/en\/wp-json\/wp\/v2\/global_cat?post=4801"},{"taxonomy":"memory_office_cat","embeddable":true,"href":"https:\/\/atmintiesvietos.azuolynobiblioteka.lt\/en\/wp-json\/wp\/v2\/memory_office_cat?post=4801"}],"curies":[{"name":"wp","href":"https:\/\/api.w.org\/{rel}","templated":true}]}}

<p><em>Izaokas Glikas, member of Kaunas Jewish Community, remembers how he has spent a winter’s night with his mother in a pile of hay trying to get warm, while wearing summer shoes, and how we slept in a barn and woke up in a block of ice. He also recalls his life under the care of a priest in Salesian monastery in Gelgaudiškis, were he was baptised as Antanas Žemaitis.</em></p>
<p>&#8211; &#8211; &#8211;</p>
<p>“My papa and his cousin, together with some other people, dammed Šešupė and built a power plant in Kudirkos Naumiestis. That dam of Šešupė was very opportune for us, when we had to run away from the city. Especially in summer and drier weather, when water below the dam would dry out and it was possible to cross it.”</p>
<p>&#8211; &#8211; &#8211;</p>
<p>“On June 22, early in the morning, around 4.00 AM, there was a great noise in the town. We heard vehicles and motorcycles. Later we heard a loud explosion, because the Germans blew up the checkpoint of the Soviet Union Army. Father opened the shutters and wanted to open the window and see what was happening. There was a German with a firearm who told that it was forbidden, otherwise he would have to shoot us. Then my papa closed the window and told us that the end had come for us. Two Jews were shot that night. This was the beginning of war.”</p>
<p>&#8211; &#8211; &#8211;</p>
<p>“On July 1, an unknown policeman came to our home. He greeted us like friends and announced that Germans had ordered to collect men who would be taken to work in Germany. He advised to put on more layers of clothes, bring warmer ones for the trip and food for three days. My father and the eldest brother decided to go. They went outside, there was also an old man, his three sons and several acquaintances. They were lined up, brought to the town market square. Their passports and documents were collected. In late afternoon, they were counted and brought to the Jewish cemetery. When it got dark, shots were heard. We started to panic. We were explained that these are manoeuvres and exercise.”</p>
<p>&#8211; &#8211; &#8211;</p>
<p>“In winter, January, we had to look for a place. It was minus twenty degrees of Celsius outside. Around the midnight, we knocked at the door of some pleasant people. We told them why we were there, and they sympathised with us. The hosts heated some water and soaked my feet in it. Later they put two bricks into fire. They brought us to the barn. They gave us feather-fill blankets to cover ourselves. Then they placed warm bricks wrapped in some scarves or cloths. It helped to keep the feet warm. This is how we slept. When we woke up in the morning, we saw that the steam we breathed out froze, so our blankets were covered in ice.”</p>
<p>&#8211; &#8211; &#8211;</p>
<p>“For some time, I found refuge in a monastery, where I learned several prayers and the Ten Commandments. Later my older sister came to work to the kitchen of this monastery. She did not raise any suspicion, because she had light hair, European complexion and knew the language well. We used to see each other when praying in church. We knelt not far away from one another, but there was no contact between us. It was impossible. No one suspected we were brother and sister.”</p>
<p>&#8211; &#8211; &#8211;</p>
<p>“After the war, we visited our home in Kudirkos Naumiestis. You could not find a stone on a stone. Everything was levelled, and the city destroyed. Undamaged buildings were scarce: municipality, police station and some other buildings on the same street. There was also church, the tower of which was pierced by bullets. We had nothing to do there. There was no one who could build a house and nothing that could be used to do it, even though a lot of bricks were lying around. Once again we had to find a temporary place to stay with people who hid us during the war.”</p>
<p>&#8211; &#8211; &#8211;</p>
<h3>Izaokas Glikas</h3>
<p><em>Izaokas (Izraelis Iseris) was born in Šakiai, 1934. He lived in Kudirkos Naumiestis together with his parents, Jenkelis Glikas and Malka Frišmantaitė Glikienė, brothers Leibas and Kopelis, sisters Chana Mina and Pėsė Dveira. The family of Glikas was religious and educated. When he was only 7 years-old, Izaokas had to suffer the war and the loss of family members: together with hundreds of other men, the boy’s father and brother Leibas were shot on 1 July 1941 in town&#8217;s Jewish cemetery. Izaokas, his mother, brother and sisters survived the war hiding in nearby villages. 20 farmer families and individuals helped the family of Glikas.</em><br /><em>His sister Pėsė Dveira married and found refuge in Kaunas somewhere around 1949, and the entire surviving family moved to the city as well.</em></p>
<p>Data of the interview 2017-10-25</p>

<!-- This site is optimized with the Yoast SEO plugin v28.4 - https://yoast.com/product/yoast-seo-wordpress/ -->
<title>Izaokas Glikas - atmintiesvietos</title>
<meta name="robots" content="noindex, follow, max-snippet:-1, max-image-preview:large, max-video-preview:-1" />
<meta property="og:locale" content="en_US" />
<meta property="og:type" content="article" />
<meta property="og:title" content="Izaokas Glikas - atmintiesvietos" />
<meta property="og:description" content="Izaokas Glikas, member of Kaunas Jewish Community, remembers how he has spent a winter’s night with his mother in a pile of hay trying to get warm, while wearing summer shoes, and how we slept in a barn and woke up in a block of ice. He also recalls his life under the care of [&hellip;]" />
<meta property="og:url" content="https://atmintiesvietos.azuolynobiblioteka.lt/en/memory-office/izaokas-glikas/" />
<meta property="og:site_name" content="atmintiesvietos" />
<meta property="article:modified_time" content="2026-08-24T06:23:24+00:00" />
<meta name="twitter:card" content="summary_large_image" />
<meta name="twitter:label1" content="Est. reading time" />
	<meta name="twitter:data1" content="4 minutes" />
<script type="application/ld+json" class="yoast-schema-graph">{"@context":"https:\/\/schema.org","@graph":[{"@type":"WebPage","@id":"https:\/\/atmintiesvietos.azuolynobiblioteka.lt\/en\/memory-office\/izaokas-glikas\/","url":"https:\/\/atmintiesvietos.azuolynobiblioteka.lt\/en\/memory-office\/izaokas-glikas\/","name":"Izaokas Glikas - atmintiesvietos","isPartOf":{"@id":"https:\/\/atmintiesvietos.azuolynobiblioteka.lt\/en\/#website"},"datePublished":"2026-06-22T10:43:20+00:00","dateModified":"2026-08-24T06:23:24+00:00","breadcrumb":{"@id":"https:\/\/atmintiesvietos.azuolynobiblioteka.lt\/en\/memory-office\/izaokas-glikas\/#breadcrumb"},"inLanguage":"en-US","potentialAction":[{"@type":"ReadAction","target":["https:\/\/atmintiesvietos.azuolynobiblioteka.lt\/en\/memory-office\/izaokas-glikas\/"]}]},{"@type":"BreadcrumbList","@id":"https:\/\/atmintiesvietos.azuolynobiblioteka.lt\/en\/memory-office\/izaokas-glikas\/#breadcrumb","itemListElement":[{"@type":"ListItem","position":1,"name":"Pradžia","item":"https:\/\/atmintiesvietos.azuolynobiblioteka.lt\/en\/"},{"@type":"ListItem","position":2,"name":"Izaokas Glikas"}]},{"@type":"WebSite","@id":"https:\/\/atmintiesvietos.azuolynobiblioteka.lt\/en\/#website","url":"https:\/\/atmintiesvietos.azuolynobiblioteka.lt\/en\/","name":"atmintiesvietos.azuolynobiblioteka","description":"","potentialAction":[{"@type":"SearchAction","target":{"@type":"EntryPoint","urlTemplate":"https:\/\/atmintiesvietos.azuolynobiblioteka.lt\/en\/?s={search_term_string}"},"query-input":{"@type":"PropertyValueSpecification","valueRequired":true,"valueName":"search_term_string"}}],"inLanguage":"en-US"}]}</script>
<!-- / Yoast SEO plugin. -->

Pradžia
