{"id":4800,"date":"2026-08-21T08:04:36","date_gmt":"2026-08-21T08:04:36","guid":{"rendered":"https:\/\/atmintiesvietos.azuolynobiblioteka.lt\/memory-office\/basia-sragiene\/"},"modified":"2026-08-21T08:04:36","modified_gmt":"2026-08-21T08:04:36","slug":"basia-sragiene","status":"publish","type":"memory-office","link":"https:\/\/atmintiesvietos.azuolynobiblioteka.lt\/en\/memory-office\/basia-sragiene\/","title":{"rendered":"Basia \u0160ragien\u0117"},"content":{"rendered":"<p><em>Basia \u0160ragien\u0117, a member of Kaunas Jewish community, recalls seeing bombed cities that she saw through train windows when fleeing away from the war, and railway stations that offered refuge to those running away. She tells what Kaunas was like in the middle of the previous century, when she arrived to live here<\/em>.<\/p>\n<p>&#8211; &#8211; &#8211;<\/p>\n<p>\u201cWhen the war broke out, we could not stay in our native town of Vitebsk. Half of the city was already on fire. My father was the first to realise that we needed to get out of there, otherwise we were all going to die. There was no chance to evacuate. We took a couple of suitcases, father locked the door, nailed them and put the hammer in the pocket expecting to come back. When we left, we felt like fugitives. When we were behind the city, we heard explosions. We were glad we managed to run away in time. We walked for many kilometres until we reached a large railway station in Orsha city. There was nothing left in Orsha itself: windows open, wind blowing, documents and papers flying away, phones ringing. Everyone gone.\u201d<\/p>\n<p>&#8211; &#8211; &#8211;<\/p>\n<p>\u201cWe travelled by oxen to the collective farm located 60 kilometres away from Orenburg; there were no machinery, or horses: the ground was ploughed by cows. Can you image how much milk can such a poor cow produce, when it must replace a horse? There were sheep and chicken in the collective farm. All chores were carried out by women, because men were conscripted. They survived, because they had a farm, used felt to make valenki , scarves, socks, and other things. They had nothing else from the city, even matches. They would set up fire using a tiny piece of coal.\u201d<\/p>\n<p>&#8211; &#8211; &#8211;<\/p>\n<p>\u201cIf some teacher got sick, I had to work as a substitute. Even though I completed five grades only, I had read a lot of books. Therefore, the difference between me, a girl from the city, and those who lived there, was a considerable one.\u201d<\/p>\n<p>&#8211; &#8211; &#8211;<\/p>\n<p>\u201cAt home in Vitebsk, there was a huge map hanging on the wall. Instead of playing cards, we came up with the game, when someone would say some letter, and others had to say the name of the city starting with that letter.\u201d<br \/>\u201cMy family was completely Jewish, they fallowed all traditions. We did not eat pork. Before cooking chicken or beef, my mother would soak and salt it. We had separate dishes for meat. Before every meal, my mother would always say her prayers.\u201d<\/p>\n<p>&#8211; &#8211; &#8211;<\/p>\n<p>\u201cIn summer, Laisv\u0117s Al\u0117ja used to be full of people. There was not even an empty bench to sit down. People used to laugh, young people used to walk here and talk from morning till the evening. It seemed that no one worked in summer. People were entertaining themselves. They would sing, even though there was no music playing.\u201d<\/p>\n<p>&#8211; &#8211; &#8211;<\/p>\n<p>\u201cThe department store suited the exterior of Laisv\u0117s Al\u0117ja very much. This was the place where people would organise rendezvous. There was also a commission store, also \u201cTulp\u0117\u201d cafe, there was also a caf\u00e9 for children called \u201cPasaka\u201d (a favourite of my children as well) located next to Soboras. I liked the fairy-tale motifs on the stained-glass very much. There were so many cinemas: \u201cKankl\u0117s\u201d, \u201cLaisv\u0117\u201d, \u201cRomuva\u201d. We used to go to the movies often. We also used to go to the drama and musical theatres quite often as well.\u201d<\/p>\n<p>&#8211; &#8211; &#8211;<\/p>\n<h2>Basia Zai\u010dik \u0160ragien\u0117<\/h2>\n<p><em>Basia was born in 1928, Vitebsk, Belarus. Together with her father Zelik Zaychik and mother Brocha Zaychik as well as brother Abram and two sisters Rachil and Sulamif, she lived together in Vitebsk before the WW2 broke. The family had a house with a yard, followed Jewish traditions, cooked kosher food. When the war started, the family of Basia flew away from Vitebsk on foot and by trains towards Russia. They settled next to Ural Mountains, not far from Orenburg (former Chkalov) lived in stables and worked in the collective farm for food. Even during the most difficult times, Basia was studying a lot. After the war, the family returned to Vitebsk, but they did not find their home: the city predominantly built from, wood was destroyed completely during the war. Basia studied medicine in Minsk, later she got an appointment to work in Vilnius. In 1956, she moved to work in Kaunas. Basia\u2019s husband, \u0160muilis \u0160rag\u0117, survived through \u0160iauliai Ghetto and was a WW2 veteran.<\/em><\/p>\n<p>Date of the interview: 20\/10\/2017.<\/p>\n<p>\u00a0<\/p>\n","protected":false},"excerpt":{"rendered":"<p>Basia \u0160ragien\u0117, a member of Kaunas Jewish community, recalls seeing bombed cities that she saw through train windows when fleeing away from the war, and railway stations that offered refuge to those running away. She tells what Kaunas was like in the middle of the previous century, when she arrived to live here. &#8211; &#8211; [&hellip;]<\/p>\n","protected":false},"featured_media":0,"template":"","meta":{"_acf_changed":false,"footnotes":""},"global_cat":[],"memory_office_cat":[21],"class_list":["post-4800","memory-office","type-memory-office","status-publish","hentry","memory_office_cat-interviu-su-tautinemis-kauno-bendruomenemis"],"acf":[],"yoast_head":"<!-- This site is optimized with the Yoast SEO plugin v28.4 - https:\/\/yoast.com\/product\/yoast-seo-wordpress\/ -->\n<title>Basia \u0160ragien\u0117 - atmintiesvietos<\/title>\n<meta name=\"robots\" content=\"noindex, follow, max-snippet:-1, max-image-preview:large, max-video-preview:-1\" \/>\n<meta property=\"og:locale\" content=\"en_US\" \/>\n<meta property=\"og:type\" content=\"article\" \/>\n<meta property=\"og:title\" content=\"Basia \u0160ragien\u0117 - atmintiesvietos\" \/>\n<meta property=\"og:description\" content=\"Basia \u0160ragien\u0117, a member of Kaunas Jewish community, recalls seeing bombed cities that she saw through train windows when fleeing away from the war, and railway stations that offered refuge to those running away. She tells what Kaunas was like in the middle of the previous century, when she arrived to live here. &#8211; &#8211; [&hellip;]\" \/>\n<meta property=\"og:url\" content=\"https:\/\/atmintiesvietos.azuolynobiblioteka.lt\/en\/memory-office\/basia-sragiene\/\" \/>\n<meta property=\"og:site_name\" content=\"atmintiesvietos\" \/>\n<meta name=\"twitter:card\" content=\"summary_large_image\" \/>\n<meta name=\"twitter:label1\" content=\"Est. reading time\" \/>\n\t<meta name=\"twitter:data1\" content=\"4 minutes\" \/>\n<script type=\"application\/ld+json\" class=\"yoast-schema-graph\">{\"@context\":\"https:\\\/\\\/schema.org\",\"@graph\":[{\"@type\":\"WebPage\",\"@id\":\"https:\\\/\\\/atmintiesvietos.azuolynobiblioteka.lt\\\/en\\\/memory-office\\\/basia-sragiene\\\/\",\"url\":\"https:\\\/\\\/atmintiesvietos.azuolynobiblioteka.lt\\\/en\\\/memory-office\\\/basia-sragiene\\\/\",\"name\":\"Basia \u0160ragien\u0117 - atmintiesvietos\",\"isPartOf\":{\"@id\":\"https:\\\/\\\/atmintiesvietos.azuolynobiblioteka.lt\\\/en\\\/#website\"},\"datePublished\":\"2026-08-21T08:04:36+00:00\",\"breadcrumb\":{\"@id\":\"https:\\\/\\\/atmintiesvietos.azuolynobiblioteka.lt\\\/en\\\/memory-office\\\/basia-sragiene\\\/#breadcrumb\"},\"inLanguage\":\"en-US\",\"potentialAction\":[{\"@type\":\"ReadAction\",\"target\":[\"https:\\\/\\\/atmintiesvietos.azuolynobiblioteka.lt\\\/en\\\/memory-office\\\/basia-sragiene\\\/\"]}]},{\"@type\":\"BreadcrumbList\",\"@id\":\"https:\\\/\\\/atmintiesvietos.azuolynobiblioteka.lt\\\/en\\\/memory-office\\\/basia-sragiene\\\/#breadcrumb\",\"itemListElement\":[{\"@type\":\"ListItem\",\"position\":1,\"name\":\"Prad\u017eia\",\"item\":\"https:\\\/\\\/atmintiesvietos.azuolynobiblioteka.lt\\\/en\\\/\"},{\"@type\":\"ListItem\",\"position\":2,\"name\":\"Basia \u0160ragien\u0117\"}]},{\"@type\":\"WebSite\",\"@id\":\"https:\\\/\\\/atmintiesvietos.azuolynobiblioteka.lt\\\/en\\\/#website\",\"url\":\"https:\\\/\\\/atmintiesvietos.azuolynobiblioteka.lt\\\/en\\\/\",\"name\":\"atmintiesvietos.azuolynobiblioteka\",\"description\":\"\",\"potentialAction\":[{\"@type\":\"SearchAction\",\"target\":{\"@type\":\"EntryPoint\",\"urlTemplate\":\"https:\\\/\\\/atmintiesvietos.azuolynobiblioteka.lt\\\/en\\\/?s={search_term_string}\"},\"query-input\":{\"@type\":\"PropertyValueSpecification\",\"valueRequired\":true,\"valueName\":\"search_term_string\"}}],\"inLanguage\":\"en-US\"}]}<\/script>\n<!-- \/ Yoast SEO plugin. -->","yoast_head_json":{"title":"Basia \u0160ragien\u0117 - atmintiesvietos","robots":{"index":"noindex","follow":"follow","max-snippet":"max-snippet:-1","max-image-preview":"max-image-preview:large","max-video-preview":"max-video-preview:-1"},"og_locale":"en_US","og_type":"article","og_title":"Basia \u0160ragien\u0117 - atmintiesvietos","og_description":"Basia \u0160ragien\u0117, a member of Kaunas Jewish community, recalls seeing bombed cities that she saw through train windows when fleeing away from the war, and railway stations that offered refuge to those running away. She tells what Kaunas was like in the middle of the previous century, when she arrived to live here. &#8211; &#8211; [&hellip;]","og_url":"https:\/\/atmintiesvietos.azuolynobiblioteka.lt\/en\/memory-office\/basia-sragiene\/","og_site_name":"atmintiesvietos","twitter_card":"summary_large_image","twitter_misc":{"Est. reading time":"4 minutes"},"schema":{"@context":"https:\/\/schema.org","@graph":[{"@type":"WebPage","@id":"https:\/\/atmintiesvietos.azuolynobiblioteka.lt\/en\/memory-office\/basia-sragiene\/","url":"https:\/\/atmintiesvietos.azuolynobiblioteka.lt\/en\/memory-office\/basia-sragiene\/","name":"Basia \u0160ragien\u0117 - atmintiesvietos","isPartOf":{"@id":"https:\/\/atmintiesvietos.azuolynobiblioteka.lt\/en\/#website"},"datePublished":"2026-08-21T08:04:36+00:00","breadcrumb":{"@id":"https:\/\/atmintiesvietos.azuolynobiblioteka.lt\/en\/memory-office\/basia-sragiene\/#breadcrumb"},"inLanguage":"en-US","potentialAction":[{"@type":"ReadAction","target":["https:\/\/atmintiesvietos.azuolynobiblioteka.lt\/en\/memory-office\/basia-sragiene\/"]}]},{"@type":"BreadcrumbList","@id":"https:\/\/atmintiesvietos.azuolynobiblioteka.lt\/en\/memory-office\/basia-sragiene\/#breadcrumb","itemListElement":[{"@type":"ListItem","position":1,"name":"Prad\u017eia","item":"https:\/\/atmintiesvietos.azuolynobiblioteka.lt\/en\/"},{"@type":"ListItem","position":2,"name":"Basia \u0160ragien\u0117"}]},{"@type":"WebSite","@id":"https:\/\/atmintiesvietos.azuolynobiblioteka.lt\/en\/#website","url":"https:\/\/atmintiesvietos.azuolynobiblioteka.lt\/en\/","name":"atmintiesvietos.azuolynobiblioteka","description":"","potentialAction":[{"@type":"SearchAction","target":{"@type":"EntryPoint","urlTemplate":"https:\/\/atmintiesvietos.azuolynobiblioteka.lt\/en\/?s={search_term_string}"},"query-input":{"@type":"PropertyValueSpecification","valueRequired":true,"valueName":"search_term_string"}}],"inLanguage":"en-US"}]}},"_links":{"self":[{"href":"https:\/\/atmintiesvietos.azuolynobiblioteka.lt\/en\/wp-json\/wp\/v2\/memory-office\/4800","targetHints":{"allow":["GET"]}}],"collection":[{"href":"https:\/\/atmintiesvietos.azuolynobiblioteka.lt\/en\/wp-json\/wp\/v2\/memory-office"}],"about":[{"href":"https:\/\/atmintiesvietos.azuolynobiblioteka.lt\/en\/wp-json\/wp\/v2\/types\/memory-office"}],"version-history":[{"count":0,"href":"https:\/\/atmintiesvietos.azuolynobiblioteka.lt\/en\/wp-json\/wp\/v2\/memory-office\/4800\/revisions"}],"wp:attachment":[{"href":"https:\/\/atmintiesvietos.azuolynobiblioteka.lt\/en\/wp-json\/wp\/v2\/media?parent=4800"}],"wp:term":[{"taxonomy":"global_cat","embeddable":true,"href":"https:\/\/atmintiesvietos.azuolynobiblioteka.lt\/en\/wp-json\/wp\/v2\/global_cat?post=4800"},{"taxonomy":"memory_office_cat","embeddable":true,"href":"https:\/\/atmintiesvietos.azuolynobiblioteka.lt\/en\/wp-json\/wp\/v2\/memory_office_cat?post=4800"}],"curies":[{"name":"wp","href":"https:\/\/api.w.org\/{rel}","templated":true}]}}

Basia Šragienė

<p><em>Basia Šragienė, a member of Kaunas Jewish community, recalls seeing bombed cities that she saw through train windows when fleeing away from the war, and railway stations that offered refuge to those running away. She tells what Kaunas was like in the middle of the previous century, when she arrived to live here</em>.</p>
<p>&#8211; &#8211; &#8211;</p>
<p>“When the war broke out, we could not stay in our native town of Vitebsk. Half of the city was already on fire. My father was the first to realise that we needed to get out of there, otherwise we were all going to die. There was no chance to evacuate. We took a couple of suitcases, father locked the door, nailed them and put the hammer in the pocket expecting to come back. When we left, we felt like fugitives. When we were behind the city, we heard explosions. We were glad we managed to run away in time. We walked for many kilometres until we reached a large railway station in Orsha city. There was nothing left in Orsha itself: windows open, wind blowing, documents and papers flying away, phones ringing. Everyone gone.”</p>
<p>&#8211; &#8211; &#8211;</p>
<p>“We travelled by oxen to the collective farm located 60 kilometres away from Orenburg; there were no machinery, or horses: the ground was ploughed by cows. Can you image how much milk can such a poor cow produce, when it must replace a horse? There were sheep and chicken in the collective farm. All chores were carried out by women, because men were conscripted. They survived, because they had a farm, used felt to make valenki , scarves, socks, and other things. They had nothing else from the city, even matches. They would set up fire using a tiny piece of coal.”</p>
<p>&#8211; &#8211; &#8211;</p>
<p>“If some teacher got sick, I had to work as a substitute. Even though I completed five grades only, I had read a lot of books. Therefore, the difference between me, a girl from the city, and those who lived there, was a considerable one.”</p>
<p>&#8211; &#8211; &#8211;</p>
<p>“At home in Vitebsk, there was a huge map hanging on the wall. Instead of playing cards, we came up with the game, when someone would say some letter, and others had to say the name of the city starting with that letter.”<br />“My family was completely Jewish, they fallowed all traditions. We did not eat pork. Before cooking chicken or beef, my mother would soak and salt it. We had separate dishes for meat. Before every meal, my mother would always say her prayers.”</p>
<p>&#8211; &#8211; &#8211;</p>
<p>“In summer, Laisvės Alėja used to be full of people. There was not even an empty bench to sit down. People used to laugh, young people used to walk here and talk from morning till the evening. It seemed that no one worked in summer. People were entertaining themselves. They would sing, even though there was no music playing.”</p>
<p>&#8211; &#8211; &#8211;</p>
<p>“The department store suited the exterior of Laisvės Alėja very much. This was the place where people would organise rendezvous. There was also a commission store, also “Tulpė” cafe, there was also a café for children called “Pasaka” (a favourite of my children as well) located next to Soboras. I liked the fairy-tale motifs on the stained-glass very much. There were so many cinemas: “Kanklės”, “Laisvė”, “Romuva”. We used to go to the movies often. We also used to go to the drama and musical theatres quite often as well.”</p>
<p>&#8211; &#8211; &#8211;</p>
<h2>Basia Zaičik Šragienė</h2>
<p><em>Basia was born in 1928, Vitebsk, Belarus. Together with her father Zelik Zaychik and mother Brocha Zaychik as well as brother Abram and two sisters Rachil and Sulamif, she lived together in Vitebsk before the WW2 broke. The family had a house with a yard, followed Jewish traditions, cooked kosher food. When the war started, the family of Basia flew away from Vitebsk on foot and by trains towards Russia. They settled next to Ural Mountains, not far from Orenburg (former Chkalov) lived in stables and worked in the collective farm for food. Even during the most difficult times, Basia was studying a lot. After the war, the family returned to Vitebsk, but they did not find their home: the city predominantly built from, wood was destroyed completely during the war. Basia studied medicine in Minsk, later she got an appointment to work in Vilnius. In 1956, she moved to work in Kaunas. Basia’s husband, Šmuilis Šragė, survived through Šiauliai Ghetto and was a WW2 veteran.</em></p>
<p>Date of the interview: 20/10/2017.</p>
<p> </p>

<p>Basia Šragienė, a member of Kaunas Jewish community, recalls seeing bombed cities that she saw through train windows when fleeing away from the war, and railway stations that offered refuge to those running away. She tells what Kaunas was like in the middle of the previous century, when she arrived to live here. &#8211; &#8211; [&hellip;]</p>

<!-- This site is optimized with the Yoast SEO plugin v28.4 - https://yoast.com/product/yoast-seo-wordpress/ -->
<title>Basia Šragienė - atmintiesvietos</title>
<meta name="robots" content="noindex, follow, max-snippet:-1, max-image-preview:large, max-video-preview:-1" />
<meta property="og:locale" content="en_US" />
<meta property="og:type" content="article" />
<meta property="og:title" content="Basia Šragienė - atmintiesvietos" />
<meta property="og:description" content="Basia Šragienė, a member of Kaunas Jewish community, recalls seeing bombed cities that she saw through train windows when fleeing away from the war, and railway stations that offered refuge to those running away. She tells what Kaunas was like in the middle of the previous century, when she arrived to live here. &#8211; &#8211; [&hellip;]" />
<meta property="og:url" content="https://atmintiesvietos.azuolynobiblioteka.lt/en/memory-office/basia-sragiene/" />
<meta property="og:site_name" content="atmintiesvietos" />
<meta name="twitter:card" content="summary_large_image" />
<meta name="twitter:label1" content="Est. reading time" />
	<meta name="twitter:data1" content="4 minutes" />
<script type="application/ld+json" class="yoast-schema-graph">{"@context":"https:\/\/schema.org","@graph":[{"@type":"WebPage","@id":"https:\/\/atmintiesvietos.azuolynobiblioteka.lt\/en\/memory-office\/basia-sragiene\/","url":"https:\/\/atmintiesvietos.azuolynobiblioteka.lt\/en\/memory-office\/basia-sragiene\/","name":"Basia Šragienė - atmintiesvietos","isPartOf":{"@id":"https:\/\/atmintiesvietos.azuolynobiblioteka.lt\/en\/#website"},"datePublished":"2026-08-21T08:04:36+00:00","breadcrumb":{"@id":"https:\/\/atmintiesvietos.azuolynobiblioteka.lt\/en\/memory-office\/basia-sragiene\/#breadcrumb"},"inLanguage":"en-US","potentialAction":[{"@type":"ReadAction","target":["https:\/\/atmintiesvietos.azuolynobiblioteka.lt\/en\/memory-office\/basia-sragiene\/"]}]},{"@type":"BreadcrumbList","@id":"https:\/\/atmintiesvietos.azuolynobiblioteka.lt\/en\/memory-office\/basia-sragiene\/#breadcrumb","itemListElement":[{"@type":"ListItem","position":1,"name":"Pradžia","item":"https:\/\/atmintiesvietos.azuolynobiblioteka.lt\/en\/"},{"@type":"ListItem","position":2,"name":"Basia Šragienė"}]},{"@type":"WebSite","@id":"https:\/\/atmintiesvietos.azuolynobiblioteka.lt\/en\/#website","url":"https:\/\/atmintiesvietos.azuolynobiblioteka.lt\/en\/","name":"atmintiesvietos.azuolynobiblioteka","description":"","potentialAction":[{"@type":"SearchAction","target":{"@type":"EntryPoint","urlTemplate":"https:\/\/atmintiesvietos.azuolynobiblioteka.lt\/en\/?s={search_term_string}"},"query-input":{"@type":"PropertyValueSpecification","valueRequired":true,"valueName":"search_term_string"}}],"inLanguage":"en-US"}]}</script>
<!-- / Yoast SEO plugin. -->

Basia Šragienė - atmintiesvietos

Basia Šragienė, a member of Kaunas Jewish community, recalls seeing bombed cities that she saw through train windows when fleeing away from the war, and railway stations that offered refuge to those running away. She tells what Kaunas was like in the middle of the previous century, when she arrived to live here. &#8211; &#8211; [&hellip;]

Pradžia
